54.174.58.254 - - [16/Apr/2026:10:03:08 +0000] "GET /sitemap-881.xml HTTP/1.1" 200 146255 "-" "Mozilla/5.0 AppleWebKit/537.36 (KHTML, like Gecko; compatible; HubSpot Crawler; +https://www.hubspot.com) Chrome/131.0.0.0 Safari/537.36"
54.174.58.227 - - [16/Apr/2026:10:03:08 +0000] "GET /sitemap-921.xml HTTP/1.1" 200 181059 "-" "Mozilla/5.0 AppleWebKit/537.36 (KHTML, like Gecko; compatible; HubSpot Crawler; +https://www.hubspot.com) Chrome/131.0.0.0 Safari/537.36"
54.174.58.238 - - [16/Apr/2026:10:03:08 +0000] "GET /sitemap-62.xml HTTP/1.1" 200 171973 "-" "Mozilla/5.0 AppleWebKit/537.36 (KHTML, like Gecko; compatible; HubSpot Crawler; +https://www.hubspot.com) Chrome/131.0.0.0 Safari/537.36"
54.174.58.241 - - [16/Apr/2026:10:03:08 +0000] "GET /sitemap-440.xml HTTP/1.1" 200 163349 "-" "Mozilla/5.0 AppleWebKit/537.36 (KHTML, like Gecko; compatible; HubSpot Crawler; +https://www.hubspot.com) Chrome/131.0.0.0 Safari/537.36"
54.174.58.254 - - [16/Apr/2026:10:03:08 +0000] "GET /sitemap-739.xml HTTP/1.1" 200 176747 "-" "Mozilla/5.0 AppleWebKit/537.36 (KHTML, like Gecko; compatible; HubSpot Crawler; +https://www.hubspot.com) Chrome/131.0.0.0 Safari/537.36"
185.244.36.210 - - [16/Apr/2026:10:10:24 +0000] "POST /wp-cron.php?doing_wp_cron=1776334224.5172579288482666015625 HTTP/1.1" 200 0 "-" "WordPress/6.9.4; https://y9999.pk"
66.249.91.97 - - [16/Apr/2026:10:10:23 +0000] "GET /item/3184555 HTTP/1.1" 404 18080 "-" "Mozilla/5.0 (X11; Linux x86_64) AppleWebKit/537.36 (KHTML, like Gecko) Chrome/146.0.7680.177 Safari/537.36"
66.249.69.194 - - [16/Apr/2026:10:16:33 +0000] "GET /item/4364479 HTTP/1.1" 200 23140 "-" "Mozilla/5.0 (compatible; Googlebot/2.1; +http://www.google.com/bot.html)"
66.249.69.194 - - [16/Apr/2026:10:17:55 +0000] "GET /item/3983867 HTTP/1.1" 200 26036 "-" "Mozilla/5.0 (Linux; Android 6.0.1; Nexus 5X Build/MMB29P) AppleWebKit/537.36 (KHTML, like Gecko) Chrome/146.0.7680.177 Mobile Safari/537.36 (compatible; Googlebot/2.1; +http://www.google.com/bot.html)"
54.174.58.241 - - [16/Apr/2026:10:03:08 +0000] "GET /sitemap-780.xml HTTP/1.1" 200 153493 "-" "Mozilla/5.0 AppleWebKit/537.36 (KHTML, like Gecko; compatible; HubSpot Crawler; +https://www.hubspot.com) Chrome/131.0.0.0 Safari/537.36"
66.249.69.194 - - [16/Apr/2026:10:08:07 +0000] "GET /item/2533843 HTTP/1.1" 200 25211 "-" "Mozilla/5.0 (Linux; Android 6.0.1; Nexus 5X Build/MMB29P) AppleWebKit/537.36 (KHTML, like Gecko) Chrome/146.0.7680.177 Mobile Safari/537.36 (compatible; Googlebot/2.1; +http://www.google.com/bot.html)"
66.249.69.192 - - [16/Apr/2026:10:13:53 +0000] "GET /item/1717007 HTTP/1.1" 200 22966 "-" "Mozilla/5.0 (compatible; Googlebot/2.1; +http://www.google.com/bot.html)"
66.249.69.193 - - [16/Apr/2026:10:14:18 +0000] "GET /item/2157801 HTTP/1.1" 200 24075 "-" "Mozilla/5.0 (compatible; Googlebot/2.1; +http://www.google.com/bot.html)"
66.249.69.193 - - [16/Apr/2026:10:19:35 +0000] "GET /item/3545292 HTTP/1.1" 200 23709 "-" "Mozilla/5.0 (Linux; Android 6.0.1; Nexus 5X Build/MMB29P) AppleWebKit/537.36 (KHTML, like Gecko) Chrome/146.0.7680.177 Mobile Safari/537.36 (compatible; Googlebot/2.1; +http://www.google.com/bot.html)"
185.244.36.210 - - [16/Apr/2026:10:22:55 +0000] "POST /wp-cron.php?doing_wp_cron=1776334975.1651780605316162109375 HTTP/1.1" 200 0 "-" "WordPress/6.9.4; https://y9999.pk"
66.249.69.194 - - [16/Apr/2026:10:27:22 +0000] "GET /item/4577191 HTTP/1.1" 200 24159 "-" "Mozilla/5.0 (compatible; Googlebot/2.1; +http://www.google.com/bot.html)"
66.249.69.193 - - [16/Apr/2026:10:19:06 +0000] "GET /item/3094478 HTTP/1.1" 200 23103 "-" "Mozilla/5.0 (Linux; Android 6.0.1; Nexus 5X Build/MMB29P) AppleWebKit/537.36 (KHTML, like Gecko) Chrome/146.0.7680.177 Mobile Safari/537.36 (compatible; Googlebot/2.1; +http://www.google.com/bot.html)"
170.106.192.3 - - [16/Apr/2026:10:22:54 +0000] "GET / HTTP/1.1" 301 0 "-" "Mozilla/5.0 (iPhone; CPU iPhone OS 13_2_3 like Mac OS X) AppleWebKit/605.1.15 (KHTML, like Gecko) Version/13.0.3 Mobile/15E148 Safari/604.1"
66.249.69.193 - - [16/Apr/2026:10:26:41 +0000] "GET /item/2620180 HTTP/1.1" 200 23721 "-" "Mozilla/5.0 (Linux; Android 6.0.1; Nexus 5X Build/MMB29P) AppleWebKit/537.36 (KHTML, like Gecko) Chrome/146.0.7680.177 Mobile Safari/537.36 (compatible; Googlebot/2.1; +http://www.google.com/bot.html)"
66.249.69.193 - - [16/Apr/2026:10:45:25 +0000] "GET /item/2575966 HTTP/1.1" 200 23356 "-" "Mozilla/5.0 (compatible; Googlebot/2.1; +http://www.google.com/bot.html)"
66.249.69.192 - - [16/Apr/2026:10:56:44 +0000] "GET /item/3190023 HTTP/1.1" 200 23867 "-" "Mozilla/5.0 (Linux; Android 6.0.1; Nexus 5X Build/MMB29P) AppleWebKit/537.36 (KHTML, like Gecko) Chrome/146.0.7680.177 Mobile Safari/537.36 (compatible; Googlebot/2.1; +http://www.google.com/bot.html)"
66.249.69.193 - - [16/Apr/2026:11:15:38 +0000] "GET /item/2533494 HTTP/1.1" 200 23569 "-" "Mozilla/5.0 (Linux; Android 6.0.1; Nexus 5X Build/MMB29P) AppleWebKit/537.36 (KHTML, like Gecko) Chrome/146.0.7680.177 Mobile Safari/537.36 (compatible; Googlebot/2.1; +http://www.google.com/bot.html)"
66.249.69.194 - - [16/Apr/2026:10:42:55 +0000] "GET /item/2026982 HTTP/1.1" 200 26236 "-" "Mozilla/5.0 (Linux; Android 6.0.1; Nexus 5X Build/MMB29P) AppleWebKit/537.36 (KHTML, like Gecko) Chrome/146.0.7680.177 Mobile Safari/537.36 (compatible; Googlebot/2.1; +http://www.google.com/bot.html)"
66.249.69.193 - - [16/Apr/2026:10:55:36 +0000] "GET /item/3190023 HTTP/1.1" 200 23867 "-" "Mozilla/5.0 (Linux; Android 6.0.1; Nexus 5X Build/MMB29P) AppleWebKit/537.36 (KHTML, like Gecko) Chrome/146.0.7680.177 Mobile Safari/537.36 (compatible; GoogleOther)"
66.249.69.194 - - [16/Apr/2026:11:11:17 +0000] "GET /item/3147767 HTTP/1.1" 200 22968 "-" "Mozilla/5.0 (Linux; Android 6.0.1; Nexus 5X Build/MMB29P) AppleWebKit/537.36 (KHTML, like Gecko) Chrome/146.0.7680.177 Mobile Safari/537.36 (compatible; Googlebot/2.1; +http://www.google.com/bot.html)"
66.249.69.194 - - [16/Apr/2026:11:17:48 +0000] "GET /item/3659198 HTTP/1.1" 200 23999 "-" "Mozilla/5.0 (compatible; Googlebot/2.1; +http://www.google.com/bot.html)"
66.249.69.194 - - [16/Apr/2026:11:39:39 +0000] "GET /item/1669749 HTTP/1.1" 200 23264 "-" "Mozilla/5.0 (Linux; Android 6.0.1; Nexus 5X Build/MMB29P) AppleWebKit/537.36 (KHTML, like Gecko) Chrome/146.0.7680.177 Mobile Safari/537.36 (compatible; Googlebot/2.1; +http://www.google.com/bot.html)"
66.249.69.192 - - [16/Apr/2026:11:52:01 +0000] "GET /item/2252596 HTTP/1.1" 200 24775 "-" "Mozilla/5.0 (Linux; Android 6.0.1; Nexus 5X Build/MMB29P) AppleWebKit/537.36 (KHTML, like Gecko) Chrome/146.0.7680.177 Mobile Safari/537.36 (compatible; Googlebot/2.1; +http://www.google.com/bot.html)"
66.249.69.193 - - [16/Apr/2026:11:55:09 +0000] "GET /item/2224736 HTTP/1.1" 200 23875 "-" "Mozilla/5.0 (Linux; Android 6.0.1; Nexus 5X Build/MMB29P) AppleWebKit/537.36 (KHTML, like Gecko) Chrome/146.0.7680.177 Mobile Safari/537.36 (compatible; Googlebot/2.1; +http://www.google.com/bot.html)"
66.249.69.193 - - [16/Apr/2026:11:58:20 +0000] "GET /item/1872100 HTTP/1.1" 200 24033 "-" "Mozilla/5.0 (Linux; Android 6.0.1; Nexus 5X Build/MMB29P) AppleWebKit/537.36 (KHTML, like Gecko) Chrome/146.0.7680.177 Mobile Safari/537.36 (compatible; Googlebot/2.1; +http://www.google.com/bot.html)"
66.249.69.192 - - [16/Apr/2026:12:04:56 +0000] "GET /item/3818175 HTTP/1.1" 200 24891 "-" "Mozilla/5.0 (compatible; Googlebot/2.1; +http://www.google.com/bot.html)"
66.249.69.192 - - [16/Apr/2026:12:16:30 +0000] "GET /item/2085190 HTTP/1.1" 200 24328 "-" "Mozilla/5.0 (Linux; Android 6.0.1; Nexus 5X Build/MMB29P) AppleWebKit/537.36 (KHTML, like Gecko) Chrome/146.0.7680.177 Mobile Safari/537.36 (compatible; Googlebot/2.1; +http://www.google.com/bot.html)"
66.249.69.194 - - [16/Apr/2026:12:22:01 +0000] "GET /item/4144859 HTTP/1.1" 200 22671 "-" "Mozilla/5.0 (Linux; Android 6.0.1; Nexus 5X Build/MMB29P) AppleWebKit/537.36 (KHTML, like Gecko) Chrome/146.0.7680.177 Mobile Safari/537.36 (compatible; Googlebot/2.1; +http://www.google.com/bot.html)"
66.249.69.192 - - [16/Apr/2026:12:23:53 +0000] "GET /item/1948549 HTTP/1.1" 200 24960 "-" "Mozilla/5.0 (Linux; Android 6.0.1; Nexus 5X Build/MMB29P) AppleWebKit/537.36 (KHTML, like Gecko) Chrome/146.0.7680.177 Mobile Safari/537.36 (compatible; Googlebot/2.1; +http://www.google.com/bot.html)"
66.249.69.193 - - [16/Apr/2026:12:25:18 +0000] "GET /item/3826989 HTTP/1.1" 200 23347 "-" "Mozilla/5.0 (compatible; Googlebot/2.1; +http://www.google.com/bot.html)"
66.249.69.192 - - [16/Apr/2026:12:25:45 +0000] "GET /item/4275276 HTTP/1.1" 200 23342 "-" "Mozilla/5.0 (Linux; Android 6.0.1; Nexus 5X Build/MMB29P) AppleWebKit/537.36 (KHTML, like Gecko) Chrome/146.0.7680.177 Mobile Safari/537.36 (compatible; Googlebot/2.1; +http://www.google.com/bot.html)"
66.249.69.193 - - [16/Apr/2026:12:29:28 +0000] "GET /item/3828877 HTTP/1.1" 200 23644 "-" "Mozilla/5.0 (Linux; Android 6.0.1; Nexus 5X Build/MMB29P) AppleWebKit/537.36 (KHTML, like Gecko) Chrome/146.0.7680.177 Mobile Safari/537.36 (compatible; Googlebot/2.1; +http://www.google.com/bot.html)"
185.244.36.210 - - [16/Apr/2026:13:09:20 +0000] "POST /wp-cron.php?doing_wp_cron=1776344960.7065899372100830078125 HTTP/1.1" 200 0 "-" "WordPress/6.9.4; https://y9999.pk"
43.135.133.241 - - [16/Apr/2026:13:09:19 +0000] "GET / HTTP/1.1" 301 0 "-" "Mozilla/5.0 (iPhone; CPU iPhone OS 13_2_3 like Mac OS X) AppleWebKit/605.1.15 (KHTML, like Gecko) Version/13.0.3 Mobile/15E148 Safari/604.1"
34.134.117.96 - - [16/Apr/2026:13:22:05 +0000] "GET / HTTP/1.1" 301 0 "-" "Mozilla/5.0 (Windows NT 6.2; Win64; x64) AppleWebKit/537.36 (KHTML, like Gecko) Chrome/32.0.1667.0 Safari/537.36"
66.249.69.194 - - [16/Apr/2026:13:22:40 +0000] "GET /item/2401959 HTTP/1.1" 200 23891 "-" "Mozilla/5.0 (compatible; Googlebot/2.1; +http://www.google.com/bot.html)"
66.249.69.194 - - [16/Apr/2026:13:24:30 +0000] "GET /item/2781110 HTTP/1.1" 200 25832 "-" "Mozilla/5.0 (compatible; Googlebot/2.1; +http://www.google.com/bot.html)"
185.244.36.210 - - [16/Apr/2026:11:40:06 +0000] "POST /wp-cron.php?doing_wp_cron=1776339606.6152429580688476562500 HTTP/1.1" 200 0 "-" "WordPress/6.9.4; https://y9999.pk"
43.165.69.68 - - [16/Apr/2026:11:40:05 +0000] "GET / HTTP/1.1" 301 0 "-" "Mozilla/5.0 (iPhone; CPU iPhone OS 13_2_3 like Mac OS X) AppleWebKit/605.1.15 (KHTML, like Gecko) Version/13.0.3 Mobile/15E148 Safari/604.1"
66.249.69.192 - - [16/Apr/2026:11:51:12 +0000] "GET /item/3117055 HTTP/1.1" 200 22417 "-" "Mozilla/5.0 (Linux; Android 6.0.1; Nexus 5X Build/MMB29P) AppleWebKit/537.36 (KHTML, like Gecko) Chrome/146.0.7680.177 Mobile Safari/537.36 (compatible; Googlebot/2.1; +http://www.google.com/bot.html)"
66.249.69.194 - - [16/Apr/2026:11:54:56 +0000] "GET /item/4299509 HTTP/1.1" 200 23175 "-" "Mozilla/5.0 (Linux; Android 6.0.1; Nexus 5X Build/MMB29P) AppleWebKit/537.36 (KHTML, like Gecko) Chrome/146.0.7680.177 Mobile Safari/537.36 (compatible; Googlebot/2.1; +http://www.google.com/bot.html)"
66.249.69.194 - - [16/Apr/2026:12:10:32 +0000] "GET /item/2575966 HTTP/1.1" 200 23356 "-" "Mozilla/5.0 (Linux; Android 6.0.1; Nexus 5X Build/MMB29P) AppleWebKit/537.36 (KHTML, like Gecko) Chrome/146.0.7680.177 Mobile Safari/537.36 (compatible; Googlebot/2.1; +http://www.google.com/bot.html)"
185.244.36.210 - - [16/Apr/2026:12:10:55 +0000] "POST /wp-cron.php?doing_wp_cron=1776341455.9906170368194580078125 HTTP/1.1" 200 0 "-" "WordPress/6.9.4; https://y9999.pk"
156.67.27.119 - - [16/Apr/2026:12:10:54 +0000] "GET / HTTP/1.1" 301 0 "-" "Go-http-client/1.1"
156.67.27.119 - - [16/Apr/2026:12:10:57 +0000] "GET /wp-includes/css/buttons.css HTTP/1.1" 200 2489 "-" "Go-http-client/1.1"
66.249.69.193 - - [16/Apr/2026:12:12:49 +0000] "GET /item/1815233 HTTP/1.1" 200 26309 "-" "Mozilla/5.0 (Linux; Android 6.0.1; Nexus 5X Build/MMB29P) AppleWebKit/537.36 (KHTML, like Gecko) Chrome/146.0.7680.177 Mobile Safari/537.36 (compatible; Googlebot/2.1; +http://www.google.com/bot.html)"
66.249.69.192 - - [16/Apr/2026:12:13:58 +0000] "GET /item/4067793 HTTP/1.1" 200 24120 "-" "Mozilla/5.0 (Linux; Android 6.0.1; Nexus 5X Build/MMB29P) AppleWebKit/537.36 (KHTML, like Gecko) Chrome/146.0.7680.177 Mobile Safari/537.36 (compatible; Googlebot/2.1; +http://www.google.com/bot.html)"
66.249.69.193 - - [16/Apr/2026:12:20:10 +0000] "GET /item/2334977 HTTP/1.1" 200 23365 "-" "Mozilla/5.0 (Linux; Android 6.0.1; Nexus 5X Build/MMB29P) AppleWebKit/537.36 (KHTML, like Gecko) Chrome/146.0.7680.177 Mobile Safari/537.36 (compatible; Googlebot/2.1; +http://www.google.com/bot.html)"
66.249.69.192 - - [16/Apr/2026:12:21:02 +0000] "GET /item/2585027 HTTP/1.1" 200 23245 "-" "Mozilla/5.0 (compatible; Googlebot/2.1; +http://www.google.com/bot.html)"
66.249.69.192 - - [16/Apr/2026:12:31:18 +0000] "GET /item/3271476 HTTP/1.1" 200 23235 "-" "Mozilla/5.0 (Linux; Android 6.0.1; Nexus 5X Build/MMB29P) AppleWebKit/537.36 (KHTML, like Gecko) Chrome/146.0.7680.177 Mobile Safari/537.36 (compatible; Googlebot/2.1; +http://www.google.com/bot.html)"
66.249.69.193 - - [16/Apr/2026:12:45:30 +0000] "GET /item/3084598 HTTP/1.1" 200 22561 "-" "Mozilla/5.0 (compatible; Googlebot/2.1; +http://www.google.com/bot.html)"
66.249.69.193 - - [16/Apr/2026:12:50:14 +0000] "GET /item/2792693 HTTP/1.1" 200 23907 "-" "Mozilla/5.0 (Linux; Android 6.0.1; Nexus 5X Build/MMB29P) AppleWebKit/537.36 (KHTML, like Gecko) Chrome/146.0.7680.177 Mobile Safari/537.36 (compatible; Googlebot/2.1; +http://www.google.com/bot.html)"
185.244.36.210 - - [16/Apr/2026:13:22:06 +0000] "POST /wp-cron.php?doing_wp_cron=1776345726.2339100837707519531250 HTTP/1.1" 200 0 "-" "WordPress/6.9.4; https://y9999.pk"
66.249.69.194 - - [16/Apr/2026:13:27:37 +0000] "GET /favicon.ico HTTP/1.1" 404 796 "-" "Googlebot-Image/1.0"
66.249.69.194 - - [16/Apr/2026:13:35:01 +0000] "GET /item/2291216 HTTP/1.1" 200 22659 "-" "Mozilla/5.0 (Linux; Android 6.0.1; Nexus 5X Build/MMB29P) AppleWebKit/537.36 (KHTML, like Gecko) Chrome/146.0.7680.177 Mobile Safari/537.36 (compatible; Googlebot/2.1; +http://www.google.com/bot.html)"
66.249.69.193 - - [16/Apr/2026:13:41:48 +0000] "GET /item/2569541 HTTP/1.1" 200 24167 "-" "Mozilla/5.0 (Linux; Android 6.0.1; Nexus 5X Build/MMB29P) AppleWebKit/537.36 (KHTML, like Gecko) Chrome/146.0.7680.177 Mobile Safari/537.36 (compatible; Googlebot/2.1; +http://www.google.com/bot.html)"
66.249.69.192 - - [16/Apr/2026:13:45:30 +0000] "GET /item/3354859 HTTP/1.1" 200 22687 "-" "Mozilla/5.0 (Linux; Android 6.0.1; Nexus 5X Build/MMB29P) AppleWebKit/537.36 (KHTML, like Gecko) Chrome/146.0.7680.177 Mobile Safari/537.36 (compatible; Googlebot/2.1; +http://www.google.com/bot.html)"
66.249.69.193 - - [16/Apr/2026:13:47:22 +0000] "GET /item/2581972 HTTP/1.1" 200 24483 "-" "Mozilla/5.0 (Linux; Android 6.0.1; Nexus 5X Build/MMB29P) AppleWebKit/537.36 (KHTML, like Gecko) Chrome/146.0.7680.177 Mobile Safari/537.36 (compatible; Googlebot/2.1; +http://www.google.com/bot.html)"
66.249.69.194 - - [16/Apr/2026:13:49:18 +0000] "GET /item/3826371 HTTP/1.1" 200 23449 "-" "Mozilla/5.0 (Linux; Android 6.0.1; Nexus 5X Build/MMB29P) AppleWebKit/537.36 (KHTML, like Gecko) Chrome/146.0.7680.177 Mobile Safari/537.36 (compatible; Googlebot/2.1; +http://www.google.com/bot.html)"
66.249.69.193 - - [16/Apr/2026:13:52:56 +0000] "GET /item/2307074 HTTP/1.1" 200 23358 "-" "Mozilla/5.0 (Linux; Android 6.0.1; Nexus 5X Build/MMB29P) AppleWebKit/537.36 (KHTML, like Gecko) Chrome/146.0.7680.177 Mobile Safari/537.36 (compatible; Googlebot/2.1; +http://www.google.com/bot.html)"
66.249.69.192 - - [16/Apr/2026:13:53:01 +0000] "GET /user/50163470/plus/frame/template/css/frame.css HTTP/1.1" 404 18080 "http://y9999.pk/item/2307074" "Mozilla/5.0 (Linux; Android 6.0.1; Nexus 5X Build/MMB29P) AppleWebKit/537.36 (KHTML, like Gecko) Chrome/146.0.7680.177 Mobile Safari/537.36 (compatible; Googlebot/2.1; +http://www.google.com/bot.html)"
66.249.69.193 - - [16/Apr/2026:14:00:22 +0000] "GET /item/3621316 HTTP/1.1" 200 22787 "-" "Mozilla/5.0 (Linux; Android 6.0.1; Nexus 5X Build/MMB29P) AppleWebKit/537.36 (KHTML, like Gecko) Chrome/146.0.7680.177 Mobile Safari/537.36 (compatible; Googlebot/2.1; +http://www.google.com/bot.html)"
66.249.69.194 - - [16/Apr/2026:14:04:27 +0000] "GET /item/4200544 HTTP/1.1" 200 23117 "-" "Mozilla/5.0 (Linux; Android 6.0.1; Nexus 5X Build/MMB29P) AppleWebKit/537.36 (KHTML, like Gecko) Chrome/146.0.7680.177 Mobile Safari/537.36 (compatible; Googlebot/2.1; +http://www.google.com/bot.html)"
66.249.69.192 - - [16/Apr/2026:13:26:57 +0000] "GET /item/2878995 HTTP/1.1" 200 24054 "-" "Mozilla/5.0 (Linux; Android 6.0.1; Nexus 5X Build/MMB29P) AppleWebKit/537.36 (KHTML, like Gecko) Chrome/146.0.7680.177 Mobile Safari/537.36 (compatible; Googlebot/2.1; +http://www.google.com/bot.html)"
66.249.69.193 - - [16/Apr/2026:13:36:14 +0000] "GET /item/4100462 HTTP/1.1" 200 26486 "-" "Mozilla/5.0 (Linux; Android 6.0.1; Nexus 5X Build/MMB29P) AppleWebKit/537.36 (KHTML, like Gecko) Chrome/146.0.7680.177 Mobile Safari/537.36 (compatible; Googlebot/2.1; +http://www.google.com/bot.html)"
66.249.69.192 - - [16/Apr/2026:13:51:04 +0000] "GET /item/2732919 HTTP/1.1" 200 22924 "-" "Mozilla/5.0 (Linux; Android 6.0.1; Nexus 5X Build/MMB29P) AppleWebKit/537.36 (KHTML, like Gecko) Chrome/146.0.7680.177 Mobile Safari/537.36 (compatible; Googlebot/2.1; +http://www.google.com/bot.html)"
185.244.36.210 - - [16/Apr/2026:13:53:03 +0000] "POST /wp-cron.php?doing_wp_cron=1776347582.9914441108703613281250 HTTP/1.1" 200 0 "-" "WordPress/6.9.4; https://y9999.pk"
66.249.69.194 - - [16/Apr/2026:13:54:47 +0000] "GET /item/4071747 HTTP/1.1" 200 22614 "-" "Mozilla/5.0 (Linux; Android 6.0.1; Nexus 5X Build/MMB29P) AppleWebKit/537.36 (KHTML, like Gecko) Chrome/146.0.7680.177 Mobile Safari/537.36 (compatible; Googlebot/2.1; +http://www.google.com/bot.html)"
66.249.69.194 - - [16/Apr/2026:13:55:45 +0000] "GET /item/4373555 HTTP/1.1" 200 23054 "-" "Mozilla/5.0 (compatible; Googlebot/2.1; +http://www.google.com/bot.html)"
66.249.69.192 - - [16/Apr/2026:13:56:38 +0000] "GET /item/3302634 HTTP/1.1" 200 23987 "-" "Mozilla/5.0 (Linux; Android 6.0.1; Nexus 5X Build/MMB29P) AppleWebKit/537.36 (KHTML, like Gecko) Chrome/146.0.7680.177 Mobile Safari/537.36 (compatible; Googlebot/2.1; +http://www.google.com/bot.html)"
66.249.69.193 - - [16/Apr/2026:13:58:30 +0000] "GET /item/4495979 HTTP/1.1" 200 22583 "-" "Mozilla/5.0 (Linux; Android 6.0.1; Nexus 5X Build/MMB29P) AppleWebKit/537.36 (KHTML, like Gecko) Chrome/146.0.7680.177 Mobile Safari/537.36 (compatible; Googlebot/2.1; +http://www.google.com/bot.html)"
66.249.69.192 - - [16/Apr/2026:14:01:42 +0000] "GET /item/3296074 HTTP/1.1" 200 23973 "-" "Mozilla/5.0 (compatible; Googlebot/2.1; +http://www.google.com/bot.html)"
66.249.69.194 - - [16/Apr/2026:14:02:09 +0000] "GET /item/3115057 HTTP/1.1" 200 24005 "-" "Mozilla/5.0 (Linux; Android 6.0.1; Nexus 5X Build/MMB29P) AppleWebKit/537.36 (KHTML, like Gecko) Chrome/146.0.7680.177 Mobile Safari/537.36 (compatible; Googlebot/2.1; +http://www.google.com/bot.html)"
66.249.69.193 - - [16/Apr/2026:14:16:24 +0000] "GET /item/2839448 HTTP/1.1" 200 25582 "-" "Mozilla/5.0 (Linux; Android 6.0.1; Nexus 5X Build/MMB29P) AppleWebKit/537.36 (KHTML, like Gecko) Chrome/146.0.7680.177 Mobile Safari/537.36 (compatible; Googlebot/2.1; +http://www.google.com/bot.html)"
66.249.91.96 - - [16/Apr/2026:14:17:04 +0000] "GET /wp-content/plugins/ultimate-blocks/src/extensions/style.css?ver=6.9.4 HTTP/1.1" 200 93 "http://y9999.pk/item/3184555" "Mozilla/5.0 (X11; Linux x86_64) AppleWebKit/537.36 (KHTML, like Gecko) Chrome/146.0.7680.177 Safari/537.36"
66.249.91.97 - - [16/Apr/2026:14:17:04 +0000] "GET /wp-content/themes/generatepress/assets/js/menu.min.js?ver=3.6.1 HTTP/1.1" 200 1678 "http://y9999.pk/item/3184555" "Mozilla/5.0 (X11; Linux x86_64) AppleWebKit/537.36 (KHTML, like Gecko) Chrome/146.0.7680.177 Safari/537.36"
66.249.91.96 - - [16/Apr/2026:14:17:04 +0000] "GET /wp-content/themes/generatepress/assets/css/main.min.css?ver=3.6.1 HTTP/1.1" 200 4410 "http://y9999.pk/item/3184555" "Mozilla/5.0 (X11; Linux x86_64) AppleWebKit/537.36 (KHTML, like Gecko) Chrome/146.0.7680.177 Safari/537.36"
66.249.69.192 - - [16/Apr/2026:14:08:44 +0000] "GET /item/2802605 HTTP/1.1" 200 25245 "-" "Mozilla/5.0 (Linux; Android 6.0.1; Nexus 5X Build/MMB29P) AppleWebKit/537.36 (KHTML, like Gecko) Chrome/146.0.7680.177 Mobile Safari/537.36 (compatible; Googlebot/2.1; +http://www.google.com/bot.html)"
66.249.69.192 - - [16/Apr/2026:14:10:47 +0000] "GET /item/3772072 HTTP/1.1" 200 23407 "-" "Mozilla/5.0 (Linux; Android 6.0.1; Nexus 5X Build/MMB29P) AppleWebKit/537.36 (KHTML, like Gecko) Chrome/146.0.7680.177 Mobile Safari/537.36 (compatible; Googlebot/2.1; +http://www.google.com/bot.html)"
66.249.91.98 - - [16/Apr/2026:14:17:03 +0000] "GET /item/3184555 HTTP/1.1" 404 18080 "-" "Mozilla/5.0 (X11; Linux x86_64) AppleWebKit/537.36 (KHTML, like Gecko) Chrome/146.0.7680.177 Safari/537.36"
66.249.69.193 - - [16/Apr/2026:14:18:01 +0000] "GET /item/3818496 HTTP/1.1" 200 22826 "-" "Mozilla/5.0 (Linux; Android 6.0.1; Nexus 5X Build/MMB29P) AppleWebKit/537.36 (KHTML, like Gecko) Chrome/146.0.7680.177 Mobile Safari/537.36 (compatible; Googlebot/2.1; +http://www.google.com/bot.html)"
66.249.69.193 - - [16/Apr/2026:14:27:38 +0000] "GET /item/1960502 HTTP/1.1" 200 27643 "-" "Mozilla/5.0 (Linux; Android 6.0.1; Nexus 5X Build/MMB29P) AppleWebKit/537.36 (KHTML, like Gecko) Chrome/146.0.7680.177 Mobile Safari/537.36 (compatible; Googlebot/2.1; +http://www.google.com/bot.html)"
66.249.69.192 - - [16/Apr/2026:14:28:50 +0000] "GET /item/2722091 HTTP/1.1" 200 23603 "-" "Mozilla/5.0 (Linux; Android 6.0.1; Nexus 5X Build/MMB29P) AppleWebKit/537.36 (KHTML, like Gecko) Chrome/146.0.7680.177 Mobile Safari/537.36 (compatible; Googlebot/2.1; +http://www.google.com/bot.html)"
66.249.69.192 - - [16/Apr/2026:14:38:51 +0000] "GET /item/1733396 HTTP/1.1" 200 23399 "-" "Mozilla/5.0 (Linux; Android 6.0.1; Nexus 5X Build/MMB29P) AppleWebKit/537.36 (KHTML, like Gecko) Chrome/146.0.7680.177 Mobile Safari/537.36 (compatible; Googlebot/2.1; +http://www.google.com/bot.html)"
185.244.36.210 - - [16/Apr/2026:14:46:25 +0000] "POST /wp-cron.php?doing_wp_cron=1776350785.6249289512634277343750 HTTP/1.1" 200 0 "-" "WordPress/6.9.4; https://y9999.pk"
49.51.253.83 - - [16/Apr/2026:14:46:24 +0000] "GET / HTTP/1.1" 301 0 "-" "Mozilla/5.0 (iPhone; CPU iPhone OS 13_2_3 like Mac OS X) AppleWebKit/605.1.15 (KHTML, like Gecko) Version/13.0.3 Mobile/15E148 Safari/604.1"
66.249.69.193 - - [16/Apr/2026:14:46:46 +0000] "GET /item/2062370 HTTP/1.1" 200 23369 "-" "Mozilla/5.0 (Linux; Android 6.0.1; Nexus 5X Build/MMB29P) AppleWebKit/537.36 (KHTML, like Gecko) Chrome/146.0.7680.177 Mobile Safari/537.36 (compatible; Googlebot/2.1; +http://www.google.com/bot.html)"
185.244.36.210 - - [16/Apr/2026:14:57:17 +0000] "POST /wp-cron.php?doing_wp_cron=1776351437.2670669555664062500000 HTTP/1.1" 200 0 "-" "WordPress/6.9.4; https://y9999.pk"
159.54.153.72 - - [16/Apr/2026:15:03:36 +0000] "GET /wp-login.php HTTP/1.1" 302 0 "-" "Mozilla/5.0 (Macintosh; Intel Mac OS X 13_6_1) AppleWebKit/605.1.15 (KHTML, like Gecko) Version/16.6 Safari/605.1.15"
66.249.69.192 - - [16/Apr/2026:15:06:15 +0000] "GET /item/2291216 HTTP/1.1" 200 22659 "-" "Mozilla/5.0 (Linux; Android 6.0.1; Nexus 5X Build/MMB29P) AppleWebKit/537.36 (KHTML, like Gecko) Chrome/146.0.7680.177 Mobile Safari/537.36 (compatible; Googlebot/2.1; +http://www.google.com/bot.html)"
66.249.69.192 - - [16/Apr/2026:15:07:10 +0000] "GET /item/2401959 HTTP/1.1" 200 23891 "-" "Mozilla/5.0 (Linux; Android 6.0.1; Nexus 5X Build/MMB29P) AppleWebKit/537.36 (KHTML, like Gecko) Chrome/146.0.7680.177 Mobile Safari/537.36 (compatible; Googlebot/2.1; +http://www.google.com/bot.html)"
66.249.69.193 - - [16/Apr/2026:15:09:01 +0000] "GET /item/3296074 HTTP/1.1" 200 23973 "-" "Mozilla/5.0 (Linux; Android 6.0.1; Nexus 5X Build/MMB29P) AppleWebKit/537.36 (KHTML, like Gecko) Chrome/146.0.7680.177 Mobile Safari/537.36 (compatible; Googlebot/2.1; +http://www.google.com/bot.html)"
66.249.69.192 - - [16/Apr/2026:15:09:17 +0000] "GET /item/4283424 HTTP/1.1" 200 24784 "-" "Mozilla/5.0 (compatible; Googlebot/2.1; +http://www.google.com/bot.html)"
66.249.69.192 - - [16/Apr/2026:15:12:05 +0000] "GET /item/2557052 HTTP/1.1" 200 23796 "-" "Mozilla/5.0 (compatible; Googlebot/2.1; +http://www.google.com/bot.html)"
66.249.69.194 - - [16/Apr/2026:15:15:10 +0000] "GET /item/1960502 HTTP/1.1" 200 27643 "-" "Mozilla/5.0 (Linux; Android 6.0.1; Nexus 5X Build/MMB29P) AppleWebKit/537.36 (KHTML, like Gecko) Chrome/146.0.7680.177 Mobile Safari/537.36 (compatible; Googlebot/2.1; +http://www.google.com/bot.html)"
66.249.69.193 - - [16/Apr/2026:15:15:16 +0000] "GET /item/2036538 HTTP/1.1" 200 23446 "-" "Mozilla/5.0 (compatible; Googlebot/2.1; +http://www.google.com/bot.html)"
66.249.69.193 - - [16/Apr/2026:15:16:35 +0000] "GET /item/2781110 HTTP/1.1" 200 25831 "-" "Mozilla/5.0 (Linux; Android 6.0.1; Nexus 5X Build/MMB29P) AppleWebKit/537.36 (KHTML, like Gecko) Chrome/146.0.7680.177 Mobile Safari/537.36 (compatible; Googlebot/2.1; +http://www.google.com/bot.html)"
66.249.69.192 - - [16/Apr/2026:14:21:48 +0000] "GET /item/2863722 HTTP/1.1" 200 25239 "-" "Mozilla/5.0 (Linux; Android 6.0.1; Nexus 5X Build/MMB29P) AppleWebKit/537.36 (KHTML, like Gecko) Chrome/146.0.7680.177 Mobile Safari/537.36 (compatible; Googlebot/2.1; +http://www.google.com/bot.html)"
66.249.69.192 - - [16/Apr/2026:14:25:21 +0000] "GET /item/4123686 HTTP/1.1" 200 22834 "-" "Mozilla/5.0 (Linux; Android 6.0.1; Nexus 5X Build/MMB29P) AppleWebKit/537.36 (KHTML, like Gecko) Chrome/146.0.7680.177 Mobile Safari/537.36 (compatible; Googlebot/2.1; +http://www.google.com/bot.html)"
66.249.69.194 - - [16/Apr/2026:14:26:51 +0000] "GET /item/4347071 HTTP/1.1" 200 23238 "-" "Mozilla/5.0 (Linux; Android 6.0.1; Nexus 5X Build/MMB29P) AppleWebKit/537.36 (KHTML, like Gecko) Chrome/146.0.7680.177 Mobile Safari/537.36 (compatible; Googlebot/2.1; +http://www.google.com/bot.html)"
66.249.69.192 - - [16/Apr/2026:14:30:32 +0000] "GET /item/4229044 HTTP/1.1" 200 23745 "-" "Mozilla/5.0 (Linux; Android 6.0.1; Nexus 5X Build/MMB29P) AppleWebKit/537.36 (KHTML, like Gecko) Chrome/146.0.7680.177 Mobile Safari/537.36 (compatible; Googlebot/2.1; +http://www.google.com/bot.html)"
66.249.69.193 - - [16/Apr/2026:14:32:46 +0000] "GET /item/3368556 HTTP/1.1" 200 22937 "-" "Mozilla/5.0 (Linux; Android 6.0.1; Nexus 5X Build/MMB29P) AppleWebKit/537.36 (KHTML, like Gecko) Chrome/146.0.7680.177 Mobile Safari/537.36 (compatible; Googlebot/2.1; +http://www.google.com/bot.html)"
66.249.69.192 - - [16/Apr/2026:14:47:13 +0000] "GET /item/2529279 HTTP/1.1" 200 22951 "-" "Mozilla/5.0 (compatible; Googlebot/2.1; +http://www.google.com/bot.html)"
66.249.69.192 - - [16/Apr/2026:14:47:23 +0000] "GET /item/2871372 HTTP/1.1" 200 23182 "-" "Mozilla/5.0 (Linux; Android 6.0.1; Nexus 5X Build/MMB29P) AppleWebKit/537.36 (KHTML, like Gecko) Chrome/146.0.7680.177 Mobile Safari/537.36 (compatible; Googlebot/2.1; +http://www.google.com/bot.html)"
66.249.69.192 - - [16/Apr/2026:14:48:12 +0000] "GET /item/3959304 HTTP/1.1" 200 23481 "-" "Mozilla/5.0 (Linux; Android 6.0.1; Nexus 5X Build/MMB29P) AppleWebKit/537.36 (KHTML, like Gecko) Chrome/146.0.7680.177 Mobile Safari/537.36 (compatible; Googlebot/2.1; +http://www.google.com/bot.html)"
66.249.91.96 - - [16/Apr/2026:14:57:16 +0000] "GET /item/1998264 HTTP/1.1" 404 18080 "-" "Mozilla/5.0 (X11; Linux x86_64) AppleWebKit/537.36 (KHTML, like Gecko) Chrome/146.0.7680.177 Safari/537.36"
66.249.69.192 - - [16/Apr/2026:15:07:40 +0000] "GET /item/4373555 HTTP/1.1" 200 23054 "-" "Mozilla/5.0 (Linux; Android 6.0.1; Nexus 5X Build/MMB29P) AppleWebKit/537.36 (KHTML, like Gecko) Chrome/146.0.7680.177 Mobile Safari/537.36 (compatible; Googlebot/2.1; +http://www.google.com/bot.html)"
66.249.69.194 - - [16/Apr/2026:15:08:22 +0000] "GET /item/1762149 HTTP/1.1" 200 23098 "-" "Mozilla/5.0 (Linux; Android 6.0.1; Nexus 5X Build/MMB29P) AppleWebKit/537.36 (KHTML, like Gecko) Chrome/146.0.7680.177 Mobile Safari/537.36 (compatible; Googlebot/2.1; +http://www.google.com/bot.html)"
66.249.69.192 - - [16/Apr/2026:15:15:22 +0000] "GET /item/3084598 HTTP/1.1" 200 22561 "-" "Mozilla/5.0 (Linux; Android 6.0.1; Nexus 5X Build/MMB29P) AppleWebKit/537.36 (KHTML, like Gecko) Chrome/146.0.7680.177 Mobile Safari/537.36 (compatible; Googlebot/2.1; +http://www.google.com/bot.html)"
66.249.69.194 - - [16/Apr/2026:15:24:31 +0000] "GET /item/3715653 HTTP/1.1" 200 24497 "-" "Mozilla/5.0 (Linux; Android 6.0.1; Nexus 5X Build/MMB29P) AppleWebKit/537.36 (KHTML, like Gecko) Chrome/146.0.7680.177 Mobile Safari/537.36 (compatible; Googlebot/2.1; +http://www.google.com/bot.html)"
66.249.69.192 - - [16/Apr/2026:15:32:11 +0000] "GET /item/1772385 HTTP/1.1" 200 23945 "-" "Mozilla/5.0 (Linux; Android 6.0.1; Nexus 5X Build/MMB29P) AppleWebKit/537.36 (KHTML, like Gecko) Chrome/146.0.7680.177 Mobile Safari/537.36 (compatible; Googlebot/2.1; +http://www.google.com/bot.html)"
66.249.69.194 - - [16/Apr/2026:15:50:09 +0000] "GET /item/3959304 HTTP/1.1" 200 23481 "-" "Mozilla/5.0 (Linux; Android 6.0.1; Nexus 5X Build/MMB29P) AppleWebKit/537.36 (KHTML, like Gecko) Chrome/146.0.7680.177 Mobile Safari/537.36 (compatible; Googlebot/2.1; +http://www.google.com/bot.html)"
66.249.69.192 - - [16/Apr/2026:15:50:51 +0000] "GET /item/4342689 HTTP/1.1" 200 22545 "-" "Mozilla/5.0 (compatible; Googlebot/2.1; +http://www.google.com/bot.html)"
66.249.69.192 - - [16/Apr/2026:15:42:25 +0000] "GET /item/2768695 HTTP/1.1" 200 24636 "-" "Mozilla/5.0 (Linux; Android 6.0.1; Nexus 5X Build/MMB29P) AppleWebKit/537.36 (KHTML, like Gecko) Chrome/146.0.7680.177 Mobile Safari/537.36 (compatible; Googlebot/2.1; +http://www.google.com/bot.html)"
66.249.69.192 - - [16/Apr/2026:15:54:35 +0000] "GET /item/2064096 HTTP/1.1" 200 22898 "-" "Mozilla/5.0 (compatible; Googlebot/2.1; +http://www.google.com/bot.html)"
66.249.69.192 - - [16/Apr/2026:15:56:04 +0000] "GET /item/4218248 HTTP/1.1" 200 26063 "-" "Mozilla/5.0 (Linux; Android 6.0.1; Nexus 5X Build/MMB29P) AppleWebKit/537.36 (KHTML, like Gecko) Chrome/146.0.7680.177 Mobile Safari/537.36 (compatible; Googlebot/2.1; +http://www.google.com/bot.html)"
66.249.69.193 - - [16/Apr/2026:16:10:02 +0000] "GET /item/4453953 HTTP/1.1" 200 23173 "-" "Mozilla/5.0 (Linux; Android 6.0.1; Nexus 5X Build/MMB29P) AppleWebKit/537.36 (KHTML, like Gecko) Chrome/146.0.7680.177 Mobile Safari/537.36 (compatible; Googlebot/2.1; +http://www.google.com/bot.html)"
66.249.69.194 - - [16/Apr/2026:16:13:04 +0000] "GET /item/3797299 HTTP/1.1" 200 23945 "-" "Mozilla/5.0 (Linux; Android 6.0.1; Nexus 5X Build/MMB29P) AppleWebKit/537.36 (KHTML, like Gecko) Chrome/146.0.7680.177 Mobile Safari/537.36 (compatible; Googlebot/2.1; +http://www.google.com/bot.html)"
161.97.174.100 - - [16/Apr/2026:16:13:31 +0000] "GET / HTTP/1.1" 301 0 "-" "Mozilla/5.0 (Windows NT 10.0; Win64; x64) AppleWebKit/537.36 (KHTML, like Gecko) Chrome/80.0.3987.149 Safari/537.36"
185.244.36.210 - - [16/Apr/2026:16:13:32 +0000] "POST /wp-cron.php?doing_wp_cron=1776356012.5739009380340576171875 HTTP/1.1" 200 0 "-" "WordPress/6.9.4; https://y9999.pk"
66.249.69.194 - - [16/Apr/2026:16:16:27 +0000] "GET /item/3457473 HTTP/1.1" 200 22911 "-" "Mozilla/5.0 (Linux; Android 6.0.1; Nexus 5X Build/MMB29P) AppleWebKit/537.36 (KHTML, like Gecko) Chrome/146.0.7680.177 Mobile Safari/537.36 (compatible; Googlebot/2.1; +http://www.google.com/bot.html)"
154.81.37.243 - - [16/Apr/2026:16:20:18 +0000] "GET /include/ckeditor/plugins/smiley/images/angel_smile.gif HTTP/1.1" 301 0 "http://www.y9999.pk/include/ckeditor/plugins/smiley/images/angel_smile.gif" "Mozilla/5.0 (Windows NT 10.0; Win64; x64) AppleWebKit/537.36 (KHTML, like Gecko) Chrome/83.0.4103.61 Safari/537.36"
154.81.37.243 - - [16/Apr/2026:16:20:19 +0000] "GET /include/ckeditor/plugins/smiley/images/angel_smile.gif HTTP/1.1" 404 20012 "http://www.y9999.pk/include/ckeditor/plugins/smiley/images/angel_smile.gif" "Mozilla/5.0 (Windows NT 10.0; Win64; x64) AppleWebKit/537.36 (KHTML, like Gecko) Chrome/83.0.4103.61 Safari/537.36"
154.81.37.243 - - [16/Apr/2026:16:20:22 +0000] "GET /include/ckeditor/images/addon.gif HTTP/1.1" 404 20018 "http://www.y9999.pk/include/ckeditor/images/addon.gif" "Mozilla/5.0 (Windows NT 10.0; Win64; x64) AppleWebKit/537.36 (KHTML, like Gecko) Chrome/83.0.4103.61 Safari/537.36"
154.81.37.243 - - [16/Apr/2026:16:20:23 +0000] "GET /member/templets/images/icon1.gif HTTP/1.1" 301 0 "http://www.y9999.pk/member/templets/images/icon1.gif" "Mozilla/5.0 (Windows NT 10.0; Win64; x64) AppleWebKit/537.36 (KHTML, like Gecko) Chrome/83.0.4103.61 Safari/537.36"
66.249.69.192 - - [16/Apr/2026:16:22:35 +0000] "GET /item/2533843 HTTP/1.1" 200 25211 "-" "Mozilla/5.0 (compatible; Googlebot/2.1; +http://www.google.com/bot.html)"
66.249.69.194 - - [16/Apr/2026:16:25:46 +0000] "GET /item/4364479 HTTP/1.1" 200 23142 "-" "Mozilla/5.0 (compatible; Googlebot/2.1; +http://www.google.com/bot.html)"
66.249.69.194 - - [16/Apr/2026:17:00:52 +0000] "GET /item/3008755 HTTP/1.1" 200 23695 "-" "Mozilla/5.0 (Linux; Android 6.0.1; Nexus 5X Build/MMB29P) AppleWebKit/537.36 (KHTML, like Gecko) Chrome/146.0.7680.177 Mobile Safari/537.36 (compatible; Googlebot/2.1; +http://www.google.com/bot.html)"
66.249.69.194 - - [16/Apr/2026:17:09:24 +0000] "GET /item/3054206 HTTP/1.1" 200 22931 "-" "Mozilla/5.0 (Linux; Android 6.0.1; Nexus 5X Build/MMB29P) AppleWebKit/537.36 (KHTML, like Gecko) Chrome/146.0.7680.177 Mobile Safari/537.36 (compatible; Googlebot/2.1; +http://www.google.com/bot.html)"
66.249.69.193 - - [16/Apr/2026:16:06:07 +0000] "GET /item/2391812 HTTP/1.1" 200 24153 "-" "Mozilla/5.0 (Linux; Android 6.0.1; Nexus 5X Build/MMB29P) AppleWebKit/537.36 (KHTML, like Gecko) Chrome/146.0.7680.177 Mobile Safari/537.36 (compatible; Googlebot/2.1; +http://www.google.com/bot.html)"
66.249.69.194 - - [16/Apr/2026:16:19:57 +0000] "GET /item/2816583 HTTP/1.1" 200 22267 "-" "Mozilla/5.0 (Linux; Android 6.0.1; Nexus 5X Build/MMB29P) AppleWebKit/537.36 (KHTML, like Gecko) Chrome/146.0.7680.177 Mobile Safari/537.36 (compatible; Googlebot/2.1; +http://www.google.com/bot.html)"
154.81.37.243 - - [16/Apr/2026:16:20:20 +0000] "GET /include/ckeditor/images/addon.gif HTTP/1.1" 301 0 "http://www.y9999.pk/include/ckeditor/images/addon.gif" "Mozilla/5.0 (Windows NT 10.0; Win64; x64) AppleWebKit/537.36 (KHTML, like Gecko) Chrome/83.0.4103.61 Safari/537.36"
154.81.37.243 - - [16/Apr/2026:16:20:24 +0000] "GET /member/templets/images/icon1.gif HTTP/1.1" 404 19682 "http://www.y9999.pk/member/templets/images/icon1.gif" "Mozilla/5.0 (Windows NT 10.0; Win64; x64) AppleWebKit/537.36 (KHTML, like Gecko) Chrome/83.0.4103.61 Safari/537.36"
66.249.69.193 - - [16/Apr/2026:16:23:50 +0000] "GET /item/2855464 HTTP/1.1" 200 23387 "-" "Mozilla/5.0 (Linux; Android 6.0.1; Nexus 5X Build/MMB29P) AppleWebKit/537.36 (KHTML, like Gecko) Chrome/146.0.7680.177 Mobile Safari/537.36 (compatible; Googlebot/2.1; +http://www.google.com/bot.html)"
66.249.69.192 - - [16/Apr/2026:16:29:48 +0000] "GET /item/4630134 HTTP/1.1" 200 25141 "-" "Mozilla/5.0 (Linux; Android 6.0.1; Nexus 5X Build/MMB29P) AppleWebKit/537.36 (KHTML, like Gecko) Chrome/146.0.7680.177 Mobile Safari/537.36 (compatible; Googlebot/2.1; +http://www.google.com/bot.html)"
66.249.69.192 - - [16/Apr/2026:17:09:52 +0000] "GET /item/3477415 HTTP/1.1" 200 24088 "-" "Mozilla/5.0 (Linux; Android 6.0.1; Nexus 5X Build/MMB29P) AppleWebKit/537.36 (KHTML, like Gecko) Chrome/146.0.7680.177 Mobile Safari/537.36 (compatible; Googlebot/2.1; +http://www.google.com/bot.html)"
66.249.69.194 - - [16/Apr/2026:17:15:41 +0000] "GET /item/2173995 HTTP/1.1" 200 24354 "-" "Mozilla/5.0 (Linux; Android 6.0.1; Nexus 5X Build/MMB29P) AppleWebKit/537.36 (KHTML, like Gecko) Chrome/146.0.7680.177 Mobile Safari/537.36 (compatible; Googlebot/2.1; +http://www.google.com/bot.html)"
66.249.69.194 - - [16/Apr/2026:17:18:15 +0000] "GET /item/2715061 HTTP/1.1" 200 22936 "-" "Mozilla/5.0 (Linux; Android 6.0.1; Nexus 5X Build/MMB29P) AppleWebKit/537.36 (KHTML, like Gecko) Chrome/146.0.7680.177 Mobile Safari/537.36 (compatible; Googlebot/2.1; +http://www.google.com/bot.html)"
66.249.69.194 - - [16/Apr/2026:17:11:50 +0000] "GET /item/2069349 HTTP/1.1" 200 24445 "-" "Mozilla/5.0 (Linux; Android 6.0.1; Nexus 5X Build/MMB29P) AppleWebKit/537.36 (KHTML, like Gecko) Chrome/146.0.7680.177 Mobile Safari/537.36 (compatible; Googlebot/2.1; +http://www.google.com/bot.html)"
66.249.69.193 - - [16/Apr/2026:17:18:24 +0000] "GET /item/2064096 HTTP/1.1" 200 22898 "-" "Mozilla/5.0 (Linux; Android 6.0.1; Nexus 5X Build/MMB29P) AppleWebKit/537.36 (KHTML, like Gecko) Chrome/146.0.7680.177 Mobile Safari/537.36 (compatible; Googlebot/2.1; +http://www.google.com/bot.html)"
66.249.69.194 - - [16/Apr/2026:17:20:22 +0000] "GET /item/2652820 HTTP/1.1" 200 24325 "-" "Mozilla/5.0 (Linux; Android 6.0.1; Nexus 5X Build/MMB29P) AppleWebKit/537.36 (KHTML, like Gecko) Chrome/146.0.7680.177 Mobile Safari/537.36 (compatible; Googlebot/2.1; +http://www.google.com/bot.html)"
66.249.69.194 - - [16/Apr/2026:17:29:07 +0000] "GET /item/3130181 HTTP/1.1" 200 23050 "-" "Mozilla/5.0 (Linux; Android 6.0.1; Nexus 5X Build/MMB29P) AppleWebKit/537.36 (KHTML, like Gecko) Chrome/146.0.7680.177 Mobile Safari/537.36 (compatible; Googlebot/2.1; +http://www.google.com/bot.html)"
185.244.36.210 - - [16/Apr/2026:17:31:25 +0000] "POST /wp-cron.php?doing_wp_cron=1776360685.1203470230102539062500 HTTP/1.1" 200 0 "-" "WordPress/6.9.4; https://y9999.pk"
66.249.91.96 - - [16/Apr/2026:17:31:29 +0000] "GET /wp-content/themes/generatepress/assets/js/menu.min.js?ver=3.6.1 HTTP/1.1" 200 1678 "http://y9999.pk/item/3094478" "Mozilla/5.0 (X11; Linux x86_64) AppleWebKit/537.36 (KHTML, like Gecko) Chrome/146.0.7680.177 Safari/537.36"
66.249.91.96 - - [16/Apr/2026:17:31:29 +0000] "GET /wp-content/themes/generatepress/assets/css/main.min.css?ver=3.6.1 HTTP/1.1" 200 4410 "http://y9999.pk/item/3094478" "Mozilla/5.0 (X11; Linux x86_64) AppleWebKit/537.36 (KHTML, like Gecko) Chrome/146.0.7680.177 Safari/537.36"
66.249.69.192 - - [16/Apr/2026:17:41:38 +0000] "GET /item/3237778 HTTP/1.1" 200 25116 "-" "Mozilla/5.0 (Linux; Android 6.0.1; Nexus 5X Build/MMB29P) AppleWebKit/537.36 (KHTML, like Gecko) Chrome/146.0.7680.177 Mobile Safari/537.36 (compatible; Googlebot/2.1; +http://www.google.com/bot.html)"
185.244.36.210 - - [16/Apr/2026:17:51:09 +0000] "POST /wp-cron.php?doing_wp_cron=1776361869.6343350410461425781250 HTTP/1.1" 200 0 "-" "WordPress/6.9.4; https://y9999.pk"
170.106.179.68 - - [16/Apr/2026:17:51:09 +0000] "GET / HTTP/1.1" 301 0 "-" "Mozilla/5.0 (iPhone; CPU iPhone OS 13_2_3 like Mac OS X) AppleWebKit/605.1.15 (KHTML, like Gecko) Version/13.0.3 Mobile/15E148 Safari/604.1"
66.249.69.194 - - [16/Apr/2026:17:53:12 +0000] "GET /item/2756437 HTTP/1.1" 200 22740 "-" "Mozilla/5.0 (Linux; Android 6.0.1; Nexus 5X Build/MMB29P) AppleWebKit/537.36 (KHTML, like Gecko) Chrome/146.0.7680.177 Mobile Safari/537.36 (compatible; Googlebot/2.1; +http://www.google.com/bot.html)"
66.249.69.193 - - [16/Apr/2026:17:54:06 +0000] "GET /item/3392959 HTTP/1.1" 200 25317 "-" "Mozilla/5.0 (Linux; Android 6.0.1; Nexus 5X Build/MMB29P) AppleWebKit/537.36 (KHTML, like Gecko) Chrome/146.0.7680.177 Mobile Safari/537.36 (compatible; Googlebot/2.1; +http://www.google.com/bot.html)"
66.249.69.193 - - [16/Apr/2026:17:57:41 +0000] "GET /item/3737353 HTTP/1.1" 200 22983 "-" "Mozilla/5.0 (compatible; Googlebot/2.1; +http://www.google.com/bot.html)"
66.249.69.193 - - [16/Apr/2026:17:58:17 +0000] "GET /item/2385193 HTTP/1.1" 200 23296 "-" "Mozilla/5.0 (Linux; Android 6.0.1; Nexus 5X Build/MMB29P) AppleWebKit/537.36 (KHTML, like Gecko) Chrome/146.0.7680.177 Mobile Safari/537.36 (compatible; Googlebot/2.1; +http://www.google.com/bot.html)"
66.249.69.192 - - [16/Apr/2026:18:05:03 +0000] "GET /item/2581116 HTTP/1.1" 200 24159 "-" "Mozilla/5.0 (Linux; Android 6.0.1; Nexus 5X Build/MMB29P) AppleWebKit/537.36 (KHTML, like Gecko) Chrome/146.0.7680.177 Mobile Safari/537.36 (compatible; Googlebot/2.1; +http://www.google.com/bot.html)"
66.249.69.192 - - [16/Apr/2026:18:05:21 +0000] "GET /item/4033815 HTTP/1.1" 200 23878 "-" "Mozilla/5.0 (Linux; Android 6.0.1; Nexus 5X Build/MMB29P) AppleWebKit/537.36 (KHTML, like Gecko) Chrome/146.0.7680.177 Mobile Safari/537.36 (compatible; Googlebot/2.1; +http://www.google.com/bot.html)"
66.249.69.193 - - [16/Apr/2026:18:07:44 +0000] "GET /item/4640035 HTTP/1.1" 200 23461 "-" "Mozilla/5.0 (Linux; Android 6.0.1; Nexus 5X Build/MMB29P) AppleWebKit/537.36 (KHTML, like Gecko) Chrome/146.0.7680.177 Mobile Safari/537.36 (compatible; Googlebot/2.1; +http://www.google.com/bot.html)"
66.249.69.194 - - [16/Apr/2026:18:09:55 +0000] "GET /item/3545292 HTTP/1.1" 200 23681 "-" "Mozilla/5.0 (compatible; Googlebot/2.1; +http://www.google.com/bot.html)"
185.244.36.210 - - [16/Apr/2026:17:29:27 +0000] "POST /wp-cron.php?doing_wp_cron=1776360567.0479559898376464843750 HTTP/1.1" 200 0 "-" "WordPress/6.9.4; https://y9999.pk"
157.15.40.89 - - [16/Apr/2026:17:29:25 +0000] "GET /txets.php HTTP/1.1" 404 20018 "-" "Go-http-client/1.1"
157.15.40.89 - - [16/Apr/2026:17:29:38 +0000] "GET /wp-content/txets.php HTTP/1.1" 404 20012 "-" "Go-http-client/1.1"
157.15.40.89 - - [16/Apr/2026:17:29:56 +0000] "GET /wp-admin/txets.php HTTP/1.1" 404 20018 "-" "Go-http-client/1.1"
66.249.91.96 - - [16/Apr/2026:17:31:24 +0000] "GET /item/3094478 HTTP/1.1" 404 18101 "-" "Mozilla/5.0 (X11; Linux x86_64) AppleWebKit/537.36 (KHTML, like Gecko) Chrome/146.0.7680.177 Safari/537.36"
66.249.91.98 - - [16/Apr/2026:17:31:27 +0000] "GET /wp-content/plugins/ultimate-blocks/src/extensions/style.css?ver=6.9.4 HTTP/1.1" 200 93 "http://y9999.pk/item/3094478" "Mozilla/5.0 (X11; Linux x86_64) AppleWebKit/537.36 (KHTML, like Gecko) Chrome/146.0.7680.177 Safari/537.36"
66.249.69.192 - - [16/Apr/2026:17:36:30 +0000] "GET /item/3588812 HTTP/1.1" 200 24688 "-" "Mozilla/5.0 (Linux; Android 6.0.1; Nexus 5X Build/MMB29P) AppleWebKit/537.36 (KHTML, like Gecko) Chrome/146.0.7680.177 Mobile Safari/537.36 (compatible; Googlebot/2.1; +http://www.google.com/bot.html)"
66.249.69.193 - - [16/Apr/2026:17:54:00 +0000] "GET /item/2542515 HTTP/1.1" 200 24601 "-" "Mozilla/5.0 (Linux; Android 6.0.1; Nexus 5X Build/MMB29P) AppleWebKit/537.36 (KHTML, like Gecko) Chrome/146.0.7680.177 Mobile Safari/537.36 (compatible; Googlebot/2.1; +http://www.google.com/bot.html)"
66.249.69.192 - - [16/Apr/2026:17:54:52 +0000] "GET /item/3801597 HTTP/1.1" 200 24902 "-" "Mozilla/5.0 (Linux; Android 6.0.1; Nexus 5X Build/MMB29P) AppleWebKit/537.36 (KHTML, like Gecko) Chrome/146.0.7680.177 Mobile Safari/537.36 (compatible; Googlebot/2.1; +http://www.google.com/bot.html)"
66.249.69.192 - - [16/Apr/2026:17:58:47 +0000] "GET /item/4511150 HTTP/1.1" 200 23544 "-" "Mozilla/5.0 (Linux; Android 6.0.1; Nexus 5X Build/MMB29P) AppleWebKit/537.36 (KHTML, like Gecko) Chrome/146.0.7680.177 Mobile Safari/537.36 (compatible; Googlebot/2.1; +http://www.google.com/bot.html)"
66.249.69.192 - - [16/Apr/2026:18:01:09 +0000] "GET /item/2028508 HTTP/1.1" 200 22808 "-" "Mozilla/5.0 (Linux; Android 6.0.1; Nexus 5X Build/MMB29P) AppleWebKit/537.36 (KHTML, like Gecko) Chrome/146.0.7680.177 Mobile Safari/537.36 (compatible; Googlebot/2.1; +http://www.google.com/bot.html)"
66.249.69.192 - - [16/Apr/2026:18:04:45 +0000] "GET /item/2916654 HTTP/1.1" 200 25111 "-" "Mozilla/5.0 (Linux; Android 6.0.1; Nexus 5X Build/MMB29P) AppleWebKit/537.36 (KHTML, like Gecko) Chrome/146.0.7680.177 Mobile Safari/537.36 (compatible; Googlebot/2.1; +http://www.google.com/bot.html)"
66.249.69.193 - - [16/Apr/2026:18:04:50 +0000] "GET /item/3629321 HTTP/1.1" 200 22748 "-" "Mozilla/5.0 (Linux; Android 6.0.1; Nexus 5X Build/MMB29P) AppleWebKit/537.36 (KHTML, like Gecko) Chrome/146.0.7680.177 Mobile Safari/537.36 (compatible; Googlebot/2.1; +http://www.google.com/bot.html)"
66.249.69.192 - - [16/Apr/2026:18:05:42 +0000] "GET /item/4122015 HTTP/1.1" 200 25007 "-" "Mozilla/5.0 (Linux; Android 6.0.1; Nexus 5X Build/MMB29P) AppleWebKit/537.36 (KHTML, like Gecko) Chrome/146.0.7680.177 Mobile Safari/537.36 (compatible; Googlebot/2.1; +http://www.google.com/bot.html)"
66.249.69.194 - - [16/Apr/2026:18:11:59 +0000] "GET /item/2767900 HTTP/1.1" 200 23033 "-" "Mozilla/5.0 (compatible; Googlebot/2.1; +http://www.google.com/bot.html)"
66.249.69.194 - - [16/Apr/2026:18:12:28 +0000] "GET /item/2638712 HTTP/1.1" 200 23100 "-" "Mozilla/5.0 (Linux; Android 6.0.1; Nexus 5X Build/MMB29P) AppleWebKit/537.36 (KHTML, like Gecko) Chrome/146.0.7680.177 Mobile Safari/537.36 (compatible; Googlebot/2.1; +http://www.google.com/bot.html)"
66.249.69.194 - - [16/Apr/2026:18:50:38 +0000] "GET /item/4040796 HTTP/1.1" 200 22820 "-" "Mozilla/5.0 (Linux; Android 6.0.1; Nexus 5X Build/MMB29P) AppleWebKit/537.36 (KHTML, like Gecko) Chrome/146.0.7680.177 Mobile Safari/537.36 (compatible; Googlebot/2.1; +http://www.google.com/bot.html)"
💾 Save
❌ Cancel