Sid Gifari From Gifari Industries - BD Cyber Security Team
Home
/
usr
/
local
/
apache
/
domlogs
/
millwino
/
✏️
Editing: y9999.pk.millwin.org
66.249.69.192 - - [15/Apr/2026:17:23:03 +0000] "GET /item/2036319 HTTP/1.1" 200 25013 "-" "Mozilla/5.0 (Linux; Android 6.0.1; Nexus 5X Build/MMB29P) AppleWebKit/537.36 (KHTML, like Gecko) Chrome/146.0.7680.177 Mobile Safari/537.36 (compatible; Googlebot/2.1; +http://www.google.com/bot.html)"
185.244.36.210 - - [15/Apr/2026:17:42:38 +0000] "POST /wp-cron.php?doing_wp_cron=1776274958.9314720630645751953125 HTTP/1.1" 200 0 "-" "WordPress/6.9.4; https://y9999.pk"
43.130.174.37 - - [15/Apr/2026:18:10:54 +0000] "GET / HTTP/1.1" 301 0 "-" "Mozilla/5.0 (iPhone; CPU iPhone OS 13_2_3 like Mac OS X) AppleWebKit/605.1.15 (KHTML, like Gecko) Version/13.0.3 Mobile/15E148 Safari/604.1"
66.249.69.194 - - [15/Apr/2026:18:14:40 +0000] "GET /item/3826989 HTTP/1.1" 200 23347 "-" "Mozilla/5.0 (compatible; Googlebot/2.1; +http://www.google.com/bot.html)"
66.249.69.192 - - [15/Apr/2026:18:19:47 +0000] "GET /item/3671882 HTTP/1.1" 200 23404 "-" "Mozilla/5.0 (Linux; Android 6.0.1; Nexus 5X Build/MMB29P) AppleWebKit/537.36 (KHTML, like Gecko) Chrome/146.0.7680.177 Mobile Safari/537.36 (compatible; Googlebot/2.1; +http://www.google.com/bot.html)"
66.249.69.192 - - [15/Apr/2026:18:23:26 +0000] "GET /item/3549339 HTTP/1.1" 200 25529 "-" "Mozilla/5.0 (Linux; Android 6.0.1; Nexus 5X Build/MMB29P) AppleWebKit/537.36 (KHTML, like Gecko) Chrome/146.0.7680.177 Mobile Safari/537.36 (compatible; Googlebot/2.1; +http://www.google.com/bot.html)"
66.249.69.193 - - [15/Apr/2026:18:30:05 +0000] "GET /item/4342689 HTTP/1.1" 200 22547 "-" "Mozilla/5.0 (Linux; Android 6.0.1; Nexus 5X Build/MMB29P) AppleWebKit/537.36 (KHTML, like Gecko) Chrome/146.0.7680.177 Mobile Safari/537.36 (compatible; Googlebot/2.1; +http://www.google.com/bot.html)"
66.249.69.193 - - [15/Apr/2026:18:33:14 +0000] "GET /item/2995390 HTTP/1.1" 200 23279 "-" "Mozilla/5.0 (Linux; Android 6.0.1; Nexus 5X Build/MMB29P) AppleWebKit/537.36 (KHTML, like Gecko) Chrome/146.0.7680.177 Mobile Safari/537.36 (compatible; GoogleOther)"
185.244.36.210 - - [15/Apr/2026:18:41:36 +0000] "POST /wp-cron.php?doing_wp_cron=1776278496.7667210102081298828125 HTTP/1.1" 200 0 "-" "WordPress/6.9.4; https://y9999.pk"
74.7.244.34 - - [15/Apr/2026:18:55:04 +0000] "GET /robots.txt HTTP/1.1" 200 160 "-" "Mozilla/5.0 (Macintosh; Intel Mac OS X 10_15_7) AppleWebKit/537.36 (KHTML, like Gecko) Chrome/131.0.0.0 Safari/537.36; compatible; OAI-SearchBot/1.3; robots.txt; +https://openai.com/searchbot"
185.244.36.210 - - [15/Apr/2026:18:55:09 +0000] "POST /wp-cron.php?doing_wp_cron=1776279309.5036900043487548828125 HTTP/1.1" 200 0 "-" "WordPress/6.9.4; https://y9999.pk"
66.249.69.194 - - [15/Apr/2026:18:57:29 +0000] "GET /item/2995390 HTTP/1.1" 200 23280 "-" "Mozilla/5.0 (Linux; Android 6.0.1; Nexus 5X Build/MMB29P) AppleWebKit/537.36 (KHTML, like Gecko) Chrome/146.0.7680.177 Mobile Safari/537.36 (compatible; Googlebot/2.1; +http://www.google.com/bot.html)"
66.249.69.193 - - [15/Apr/2026:19:00:14 +0000] "GET /item/2166714 HTTP/1.1" 200 22662 "-" "Mozilla/5.0 (compatible; Googlebot/2.1; +http://www.google.com/bot.html)"
66.249.69.195 - - [15/Apr/2026:19:13:32 +0000] "GET /item/4219498 HTTP/1.1" 200 25176 "-" "Mozilla/5.0 (Linux; Android 6.0.1; Nexus 5X Build/MMB29P) AppleWebKit/537.36 (KHTML, like Gecko) Chrome/146.0.7680.177 Mobile Safari/537.36 (compatible; Googlebot/2.1; +http://www.google.com/bot.html)"
66.249.69.194 - - [15/Apr/2026:19:29:53 +0000] "GET /item/3184555 HTTP/1.1" 200 23399 "-" "Mozilla/5.0 (Linux; Android 6.0.1; Nexus 5X Build/MMB29P) AppleWebKit/537.36 (KHTML, like Gecko) Chrome/146.0.7680.177 Mobile Safari/537.36 (compatible; Googlebot/2.1; +http://www.google.com/bot.html)"
66.249.69.193 - - [15/Apr/2026:20:12:11 +0000] "GET /item/4064950 HTTP/1.1" 200 25315 "-" "Mozilla/5.0 (Linux; Android 6.0.1; Nexus 5X Build/MMB29P) AppleWebKit/537.36 (KHTML, like Gecko) Chrome/146.0.7680.177 Mobile Safari/537.36 (compatible; Googlebot/2.1; +http://www.google.com/bot.html)"
66.249.69.192 - - [15/Apr/2026:17:35:31 +0000] "GET /item/2701983 HTTP/1.1" 200 24426 "-" "Mozilla/5.0 (compatible; Googlebot/2.1; +http://www.google.com/bot.html)"
43.130.53.252 - - [15/Apr/2026:17:42:38 +0000] "GET / HTTP/1.1" 301 0 "-" "Mozilla/5.0 (iPhone; CPU iPhone OS 13_2_3 like Mac OS X) AppleWebKit/605.1.15 (KHTML, like Gecko) Version/13.0.3 Mobile/15E148 Safari/604.1"
66.249.69.193 - - [15/Apr/2026:17:44:12 +0000] "GET /item/1815233 HTTP/1.1" 200 26309 "-" "Mozilla/5.0 (Linux; Android 6.0.1; Nexus 5X Build/MMB29P) AppleWebKit/537.36 (KHTML, like Gecko) Chrome/146.0.7680.177 Mobile Safari/537.36 (compatible; Googlebot/2.1; +http://www.google.com/bot.html)"
66.249.69.192 - - [15/Apr/2026:17:47:30 +0000] "GET /item/2995397 HTTP/1.1" 200 22908 "-" "Mozilla/5.0 (compatible; Googlebot/2.1; +http://www.google.com/bot.html)"
185.244.36.210 - - [15/Apr/2026:18:10:56 +0000] "POST /wp-cron.php?doing_wp_cron=1776276656.6677439212799072265625 HTTP/1.1" 200 0 "-" "WordPress/6.9.4; https://y9999.pk"
34.182.151.184 - - [15/Apr/2026:18:21:40 +0000] "GET /media/system/js/core.js HTTP/1.1" 404 0 "-" "Mozilla/5.0 (Macintosh; Intel Mac OS X 10_10_1) AppleWebKit/537.36 (KHTML, like Gecko) Chrome/39.0.2171.95 Safari/537.36"
34.182.151.184 - - [15/Apr/2026:18:21:42 +0000] "GET /wp-includes/js/jquery/jquery.js HTTP/1.1" 200 83899 "-" "Mozilla/5.0 (Macintosh; Intel Mac OS X 10_10_1) AppleWebKit/537.36 (KHTML, like Gecko) Chrome/39.0.2171.95 Safari/537.36"
66.249.69.193 - - [15/Apr/2026:18:24:43 +0000] "GET /item/3804963 HTTP/1.1" 200 23617 "-" "Mozilla/5.0 (Linux; Android 6.0.1; Nexus 5X Build/MMB29P) AppleWebKit/537.36 (KHTML, like Gecko) Chrome/146.0.7680.177 Mobile Safari/537.36 (compatible; Googlebot/2.1; +http://www.google.com/bot.html)"
66.249.69.192 - - [15/Apr/2026:18:32:56 +0000] "GET /item/4088471 HTTP/1.1" 200 23650 "-" "Mozilla/5.0 (Linux; Android 6.0.1; Nexus 5X Build/MMB29P) AppleWebKit/537.36 (KHTML, like Gecko) Chrome/146.0.7680.177 Mobile Safari/537.36 (compatible; Googlebot/2.1; +http://www.google.com/bot.html)"
66.249.69.193 - - [15/Apr/2026:18:36:55 +0000] "GET /item/3856830 HTTP/1.1" 200 25223 "-" "Mozilla/5.0 (compatible; Googlebot/2.1; +http://www.google.com/bot.html)"
34.182.151.184 - - [15/Apr/2026:18:41:35 +0000] "GET / HTTP/1.1" 301 0 "-" "Mozilla/5.0 (Windows NT 10.0; Win64; x64) AppleWebKit/537.36 (KHTML, like Gecko) Chrome/78.0.3904.108 Safari/537.36"
66.249.69.194 - - [15/Apr/2026:18:54:24 +0000] "GET /item/3813575 HTTP/1.1" 200 23434 "-" "Mozilla/5.0 (Linux; Android 6.0.1; Nexus 5X Build/MMB29P) AppleWebKit/537.36 (KHTML, like Gecko) Chrome/146.0.7680.177 Mobile Safari/537.36 (compatible; Googlebot/2.1; +http://www.google.com/bot.html)"
74.7.227.25 - - [15/Apr/2026:18:55:07 +0000] "GET / HTTP/1.1" 301 0 "https://dk9999.pk" "Mozilla/5.0 AppleWebKit/537.36 (KHTML, like Gecko; compatible; GPTBot/1.3; +https://openai.com/gptbot)"
66.249.69.193 - - [15/Apr/2026:19:11:36 +0000] "GET /item/2654309 HTTP/1.1" 200 23571 "-" "Mozilla/5.0 (compatible; Googlebot/2.1; +http://www.google.com/bot.html)"
66.249.69.192 - - [15/Apr/2026:19:20:03 +0000] "GET /item/3594644 HTTP/1.1" 200 23034 "-" "Mozilla/5.0 (Linux; Android 6.0.1; Nexus 5X Build/MMB29P) AppleWebKit/537.36 (KHTML, like Gecko) Chrome/146.0.7680.177 Mobile Safari/537.36 (compatible; Googlebot/2.1; +http://www.google.com/bot.html)"
66.249.69.192 - - [15/Apr/2026:19:22:31 +0000] "GET /item/4025452 HTTP/1.1" 200 24386 "-" "Mozilla/5.0 (compatible; Googlebot/2.1; +http://www.google.com/bot.html)"
66.249.69.194 - - [15/Apr/2026:19:44:28 +0000] "GET /item/2574015 HTTP/1.1" 200 23570 "-" "Mozilla/5.0 (compatible; Googlebot/2.1; +http://www.google.com/bot.html)"
66.249.69.194 - - [15/Apr/2026:20:12:13 +0000] "GET /item/4064950 HTTP/1.1" 200 25317 "-" "Mozilla/5.0 (Linux; Android 6.0.1; Nexus 5X Build/MMB29P) AppleWebKit/537.36 (KHTML, like Gecko) Chrome/146.0.7680.177 Mobile Safari/537.36 (compatible; Googlebot/2.1; +http://www.google.com/bot.html)"
66.249.69.194 - - [15/Apr/2026:20:15:56 +0000] "GET /item/4392503 HTTP/1.1" 200 23994 "-" "Mozilla/5.0 (Linux; Android 6.0.1; Nexus 5X Build/MMB29P) AppleWebKit/537.36 (KHTML, like Gecko) Chrome/146.0.7680.177 Mobile Safari/537.36 (compatible; Googlebot/2.1; +http://www.google.com/bot.html)"
66.249.69.192 - - [15/Apr/2026:20:13:49 +0000] "GET /item/4392503 HTTP/1.1" 200 23996 "-" "Mozilla/5.0 (Linux; Android 6.0.1; Nexus 5X Build/MMB29P) AppleWebKit/537.36 (KHTML, like Gecko) Chrome/146.0.7680.177 Mobile Safari/537.36 (compatible; GoogleOther)"
66.249.69.193 - - [15/Apr/2026:20:51:27 +0000] "GET /item/3451097 HTTP/1.1" 200 24126 "-" "Mozilla/5.0 (compatible; Googlebot/2.1; +http://www.google.com/bot.html)"
66.249.69.193 - - [15/Apr/2026:21:20:52 +0000] "GET /item/2334340 HTTP/1.1" 200 24472 "-" "Mozilla/5.0 (Linux; Android 6.0.1; Nexus 5X Build/MMB29P) AppleWebKit/537.36 (KHTML, like Gecko) Chrome/146.0.7680.177 Mobile Safari/537.36 (compatible; GoogleOther)"
66.249.69.194 - - [15/Apr/2026:21:47:56 +0000] "GET /item/1771761 HTTP/1.1" 200 25394 "-" "Mozilla/5.0 (compatible; Googlebot/2.1; +http://www.google.com/bot.html)"
185.82.72.8 - - [15/Apr/2026:21:52:48 +0000] "GET /wp-includes/fonts/index.php HTTP/1.1" 301 0 "-" "Mozilla/5.0 (Windows NT 10.0; Win64; x64) AppleWebKit/537.36 (KHTML, like Gecko) Chrome/74.0.3729.157 Safari/537.36"
185.82.72.8 - - [15/Apr/2026:21:52:57 +0000] "GET /wp-admin/chosen.php HTTP/1.1" 404 61192 "-" "Mozilla/5.0 (Windows NT 6.1; Win64; x64) AppleWebKit/537.36 (KHTML, like Gecko) Chrome/79.0.3945.130 Safari/537.36"
185.82.72.8 - - [15/Apr/2026:21:53:04 +0000] "GET /dropdown.php HTTP/1.1" 404 61192 "-" "Mozilla/5.0 (Macintosh; Intel Mac OS X 10_12_6) AppleWebKit/537.36 (KHTML, like Gecko) Chrome/58.0.3029.110 Safari/537.3"
185.244.36.210 - - [15/Apr/2026:21:53:38 +0000] "POST /wp-cron.php?doing_wp_cron=1776290018.3868680000305175781250 HTTP/1.1" 200 0 "-" "WordPress/6.9.4; https://y9999.pk"
66.249.69.192 - - [15/Apr/2026:21:55:16 +0000] "GET /item/2636526 HTTP/1.1" 200 25282 "-" "Mozilla/5.0 (Linux; Android 6.0.1; Nexus 5X Build/MMB29P) AppleWebKit/537.36 (KHTML, like Gecko) Chrome/146.0.7680.177 Mobile Safari/537.36 (compatible; Googlebot/2.1; +http://www.google.com/bot.html)"
66.249.69.192 - - [15/Apr/2026:20:29:10 +0000] "GET /item/3165839 HTTP/1.1" 200 24537 "-" "Mozilla/5.0 (Linux; Android 6.0.1; Nexus 5X Build/MMB29P) AppleWebKit/537.36 (KHTML, like Gecko) Chrome/146.0.7680.177 Mobile Safari/537.36 (compatible; Googlebot/2.1; +http://www.google.com/bot.html)"
66.249.69.194 - - [15/Apr/2026:20:40:52 +0000] "GET /item/2212085 HTTP/1.1" 200 23567 "-" "Mozilla/5.0 (Linux; Android 6.0.1; Nexus 5X Build/MMB29P) AppleWebKit/537.36 (KHTML, like Gecko) Chrome/146.0.7680.177 Mobile Safari/537.36 (compatible; GoogleOther)"
66.249.69.193 - - [15/Apr/2026:20:51:16 +0000] "GET /item/2784191 HTTP/1.1" 200 23575 "-" "Mozilla/5.0 (compatible; Googlebot/2.1; +http://www.google.com/bot.html)"
66.249.69.192 - - [15/Apr/2026:20:54:38 +0000] "GET /item/2291216 HTTP/1.1" 200 22659 "-" "Mozilla/5.0 (compatible; Googlebot/2.1; +http://www.google.com/bot.html)"
66.249.69.193 - - [15/Apr/2026:21:00:07 +0000] "GET /item/3633444 HTTP/1.1" 200 25104 "-" "Mozilla/5.0 (compatible; Googlebot/2.1; +http://www.google.com/bot.html)"
66.249.69.194 - - [15/Apr/2026:21:21:33 +0000] "GET /item/2334340 HTTP/1.1" 200 24471 "-" "Mozilla/5.0 (Linux; Android 6.0.1; Nexus 5X Build/MMB29P) AppleWebKit/537.36 (KHTML, like Gecko) Chrome/146.0.7680.177 Mobile Safari/537.36 (compatible; Googlebot/2.1; +http://www.google.com/bot.html)"
185.244.36.210 - - [15/Apr/2026:21:52:57 +0000] "POST /wp-cron.php?doing_wp_cron=1776289976.9222888946533203125000 HTTP/1.1" 200 0 "-" "WordPress/6.9.4; https://y9999.pk"
185.82.72.8 - - [15/Apr/2026:21:53:01 +0000] "GET /autoload_classmap/bypass.php HTTP/1.1" 404 61192 "-" "Mozilla/5.0 (Windows NT 10.0; WOW64; x64) AppleWebKit/537.36 (KHTML, like Gecko) Chrome/84.0.4147.105 Safari/537.36 OPR/70.0.3728.95"
185.82.72.8 - - [15/Apr/2026:21:53:07 +0000] "GET /images/admin.php HTTP/1.1" 404 61192 "-" "Mozilla/5.0 (Windows NT 10.0; Win64; x64) AppleWebKit/537.36 (KHTML, like Gecko) Chrome/83.0.4103.61 Safari/537.36"
185.82.72.8 - - [15/Apr/2026:21:53:12 +0000] "GET /db.php HTTP/1.1" 404 61192 "-" "Mozilla/5.0 (Windows NT 6.1; Win64; x64) AppleWebKit/537.36 (KHTML, like Gecko) Chrome/74.0.3729.169 Safari/537.36"
185.82.72.8 - - [15/Apr/2026:21:53:19 +0000] "GET /.well-known/pki-validation/mariju.php HTTP/1.1" 404 796 "-" "Mozilla/5.0 (Macintosh; Intel Mac OS X 10_15_6) AppleWebKit/537.36 (KHTML, like Gecko) Chrome/84.0.4147.105 Safari/537.36 OPR/70.0.3728.95"
185.82.72.8 - - [15/Apr/2026:21:53:19 +0000] "GET /mah/function.php HTTP/1.1" 404 61192 "-" "Mozilla/5.0 (Windows NT 6.1; Win64; x64) AppleWebKit/537.36 (KHTML, like Gecko) Chrome/58.0.3029.110 Safari/537.3"
185.82.72.8 - - [15/Apr/2026:21:53:24 +0000] "GET /wp-content/plugins/bypass.php HTTP/1.1" 200 0 "-" "Mozilla/5.0 (Windows NT 10.0; Win64; x64) AppleWebKit/537.36 (KHTML, like Gecko) Chrome/77.0.3865.90 Safari/537.36"
66.249.69.194 - - [15/Apr/2026:22:45:02 +0000] "GET /item/1848342 HTTP/1.1" 200 22823 "-" "Mozilla/5.0 (compatible; Googlebot/2.1; +http://www.google.com/bot.html)"
49.7.227.204 - - [15/Apr/2026:23:04:44 +0000] "GET / HTTP/1.1" 301 0 "-" "Mozilla/5.0 (iPhone; CPU iPhone OS 13_2_3 like Mac OS X) AppleWebKit/605.1.15 (KHTML, like Gecko) Version/13.0.3 Mobile/15E148 Safari/604.1"
66.249.69.194 - - [15/Apr/2026:21:59:21 +0000] "GET /item/3008755 HTTP/1.1" 200 23695 "-" "Mozilla/5.0 (Linux; Android 6.0.1; Nexus 5X Build/MMB29P) AppleWebKit/537.36 (KHTML, like Gecko) Chrome/146.0.7680.177 Mobile Safari/537.36 (compatible; Googlebot/2.1; +http://www.google.com/bot.html)"
43.130.16.140 - - [15/Apr/2026:22:16:07 +0000] "GET / HTTP/1.1" 301 0 "-" "Mozilla/5.0 (iPhone; CPU iPhone OS 13_2_3 like Mac OS X) AppleWebKit/605.1.15 (KHTML, like Gecko) Version/13.0.3 Mobile/15E148 Safari/604.1"
66.249.69.193 - - [15/Apr/2026:22:38:31 +0000] "GET /item/3343351 HTTP/1.1" 200 23154 "-" "Mozilla/5.0 (Linux; Android 6.0.1; Nexus 5X Build/MMB29P) AppleWebKit/537.36 (KHTML, like Gecko) Chrome/146.0.7680.177 Mobile Safari/537.36 (compatible; Googlebot/2.1; +http://www.google.com/bot.html)"
66.249.69.192 - - [15/Apr/2026:22:51:52 +0000] "GET /item/4272393 HTTP/1.1" 200 24467 "-" "Mozilla/5.0 (compatible; Googlebot/2.1; +http://www.google.com/bot.html)"
66.249.69.194 - - [15/Apr/2026:23:15:03 +0000] "GET /item/1771761 HTTP/1.1" 200 25394 "-" "Mozilla/5.0 (Linux; Android 6.0.1; Nexus 5X Build/MMB29P) AppleWebKit/537.36 (KHTML, like Gecko) Chrome/146.0.7680.177 Mobile Safari/537.36 (compatible; Googlebot/2.1; +http://www.google.com/bot.html)"
192.36.109.96 - - [15/Apr/2026:23:56:12 +0000] "GET /robots.txt HTTP/1.1" 200 185 "-" "Mozilla/5.0 (Android 14; Mobile; rv:123.0) Gecko/123.0 Firefox/123"
66.249.69.193 - - [15/Apr/2026:23:58:48 +0000] "GET /item/2506997 HTTP/1.1" 200 23449 "-" "Mozilla/5.0 (Linux; Android 6.0.1; Nexus 5X Build/MMB29P) AppleWebKit/537.36 (KHTML, like Gecko) Chrome/146.0.7680.177 Mobile Safari/537.36 (compatible; Googlebot/2.1; +http://www.google.com/bot.html)"
66.249.69.194 - - [15/Apr/2026:23:24:17 +0000] "GET /item/3822375 HTTP/1.1" 200 22955 "-" "Mozilla/5.0 (compatible; Googlebot/2.1; +http://www.google.com/bot.html)"
66.249.69.193 - - [15/Apr/2026:23:48:28 +0000] "GET /item/1793828 HTTP/1.1" 200 22742 "-" "Mozilla/5.0 (Linux; Android 6.0.1; Nexus 5X Build/MMB29P) AppleWebKit/537.36 (KHTML, like Gecko) Chrome/146.0.7680.177 Mobile Safari/537.36 (compatible; Googlebot/2.1; +http://www.google.com/bot.html)"
192.36.109.131 - - [15/Apr/2026:23:56:13 +0000] "GET / HTTP/1.1" 301 0 "-" "Mozilla/5.0 (Android 14; Mobile; rv:123.0) Gecko/123.0 Firefox/123"
66.249.69.193 - - [15/Apr/2026:23:59:10 +0000] "GET /item/2557052 HTTP/1.1" 200 23796 "-" "Mozilla/5.0 (compatible; Googlebot/2.1; +http://www.google.com/bot.html)"
66.249.69.194 - - [16/Apr/2026:00:23:02 +0000] "GET /item/3214386 HTTP/1.1" 200 23097 "-" "Mozilla/5.0 (compatible; Googlebot/2.1; +http://www.google.com/bot.html)"
43.166.134.114 - - [16/Apr/2026:00:33:14 +0000] "GET / HTTP/1.1" 301 0 "-" "Mozilla/5.0 (iPhone; CPU iPhone OS 13_2_3 like Mac OS X) AppleWebKit/605.1.15 (KHTML, like Gecko) Version/13.0.3 Mobile/15E148 Safari/604.1"
66.249.69.194 - - [16/Apr/2026:00:46:36 +0000] "GET /item/3296074 HTTP/1.1" 200 23975 "-" "Mozilla/5.0 (Linux; Android 6.0.1; Nexus 5X Build/MMB29P) AppleWebKit/537.36 (KHTML, like Gecko) Chrome/146.0.7680.177 Mobile Safari/537.36 (compatible; Googlebot/2.1; +http://www.google.com/bot.html)"
66.249.69.193 - - [16/Apr/2026:00:50:27 +0000] "GET /item/4390704 HTTP/1.1" 200 22703 "-" "Mozilla/5.0 (compatible; Googlebot/2.1; +http://www.google.com/bot.html)"
66.249.69.192 - - [16/Apr/2026:00:56:08 +0000] "GET /item/4232134 HTTP/1.1" 200 23058 "-" "Mozilla/5.0 (compatible; Googlebot/2.1; +http://www.google.com/bot.html)"
66.249.69.192 - - [16/Apr/2026:01:07:00 +0000] "GET /item/4184097 HTTP/1.1" 200 24448 "-" "Mozilla/5.0 (compatible; Googlebot/2.1; +http://www.google.com/bot.html)"
66.249.69.192 - - [16/Apr/2026:01:34:19 +0000] "GET /item/2931934 HTTP/1.1" 200 23515 "-" "Mozilla/5.0 (Linux; Android 6.0.1; Nexus 5X Build/MMB29P) AppleWebKit/537.36 (KHTML, like Gecko) Chrome/146.0.7680.177 Mobile Safari/537.36 (compatible; Googlebot/2.1; +http://www.google.com/bot.html)"
66.249.69.193 - - [16/Apr/2026:01:37:45 +0000] "GET /item/3595352 HTTP/1.1" 200 25650 "-" "Mozilla/5.0 (compatible; Googlebot/2.1; +http://www.google.com/bot.html)"
66.249.69.192 - - [16/Apr/2026:01:48:08 +0000] "GET /item/3715653 HTTP/1.1" 200 24497 "-" "Mozilla/5.0 (compatible; Googlebot/2.1; +http://www.google.com/bot.html)"
66.249.69.194 - - [16/Apr/2026:02:24:42 +0000] "GET /item/1802115 HTTP/1.1" 200 23717 "-" "Mozilla/5.0 (compatible; Googlebot/2.1; +http://www.google.com/bot.html)"
178.211.57.76 - - [16/Apr/2026:02:42:59 +0000] "GET / HTTP/1.1" 301 0 "-" "python-requests/2.23.0"
66.249.69.192 - - [16/Apr/2026:02:52:11 +0000] "GET /item/2090452 HTTP/1.1" 200 23793 "-" "Mozilla/5.0 (Linux; Android 6.0.1; Nexus 5X Build/MMB29P) AppleWebKit/537.36 (KHTML, like Gecko) Chrome/146.0.7680.177 Mobile Safari/537.36 (compatible; Googlebot/2.1; +http://www.google.com/bot.html)"
66.249.69.193 - - [16/Apr/2026:02:58:55 +0000] "GET /item/4373460 HTTP/1.1" 200 22654 "-" "Mozilla/5.0 (compatible; Googlebot/2.1; +http://www.google.com/bot.html)"
66.249.69.192 - - [16/Apr/2026:03:15:16 +0000] "GET /item/3630409 HTTP/1.1" 200 23142 "-" "Mozilla/5.0 (Linux; Android 6.0.1; Nexus 5X Build/MMB29P) AppleWebKit/537.36 (KHTML, like Gecko) Chrome/146.0.7680.177 Mobile Safari/537.36 (compatible; Googlebot/2.1; +http://www.google.com/bot.html)"
66.249.69.193 - - [16/Apr/2026:03:19:59 +0000] "GET /item/4390704 HTTP/1.1" 200 22705 "-" "Mozilla/5.0 (Linux; Android 6.0.1; Nexus 5X Build/MMB29P) AppleWebKit/537.36 (KHTML, like Gecko) Chrome/146.0.7680.177 Mobile Safari/537.36 (compatible; Googlebot/2.1; +http://www.google.com/bot.html)"
66.249.69.193 - - [16/Apr/2026:03:21:17 +0000] "GET /item/2827266 HTTP/1.1" 200 23030 "-" "Mozilla/5.0 (Linux; Android 6.0.1; Nexus 5X Build/MMB29P) AppleWebKit/537.36 (KHTML, like Gecko) Chrome/146.0.7680.177 Mobile Safari/537.36 (compatible; Googlebot/2.1; +http://www.google.com/bot.html)"
66.249.69.193 - - [16/Apr/2026:03:23:08 +0000] "GET /item/3084598 HTTP/1.1" 200 22561 "-" "Mozilla/5.0 (compatible; Googlebot/2.1; +http://www.google.com/bot.html)"
66.249.69.192 - - [16/Apr/2026:03:35:21 +0000] "GET /item/2401959 HTTP/1.1" 200 23891 "-" "Mozilla/5.0 (Linux; Android 6.0.1; Nexus 5X Build/MMB29P) AppleWebKit/537.36 (KHTML, like Gecko) Chrome/146.0.7680.177 Mobile Safari/537.36 (compatible; Googlebot/2.1; +http://www.google.com/bot.html)"
43.166.246.180 - - [16/Apr/2026:03:58:15 +0000] "GET / HTTP/1.1" 301 0 "-" "Mozilla/5.0 (iPhone; CPU iPhone OS 13_2_3 like Mac OS X) AppleWebKit/605.1.15 (KHTML, like Gecko) Version/13.0.3 Mobile/15E148 Safari/604.1"
66.249.69.193 - - [16/Apr/2026:00:07:28 +0000] "GET /item/2317057 HTTP/1.1" 200 22778 "-" "Mozilla/5.0 (Linux; Android 6.0.1; Nexus 5X Build/MMB29P) AppleWebKit/537.36 (KHTML, like Gecko) Chrome/146.0.7680.177 Mobile Safari/537.36 (compatible; Googlebot/2.1; +http://www.google.com/bot.html)"
43.165.70.220 - - [16/Apr/2026:00:26:21 +0000] "GET / HTTP/1.1" 301 0 "-" "Mozilla/5.0 (iPhone; CPU iPhone OS 13_2_3 like Mac OS X) AppleWebKit/605.1.15 (KHTML, like Gecko) Version/13.0.3 Mobile/15E148 Safari/604.1"
66.249.69.192 - - [16/Apr/2026:00:27:49 +0000] "GET /item/2922252 HTTP/1.1" 200 24964 "-" "Mozilla/5.0 (compatible; Googlebot/2.1; +http://www.google.com/bot.html)"
66.249.69.192 - - [16/Apr/2026:00:33:19 +0000] "GET /item/1715507 HTTP/1.1" 200 23817 "-" "Mozilla/5.0 (Linux; Android 6.0.1; Nexus 5X Build/MMB29P) AppleWebKit/537.36 (KHTML, like Gecko) Chrome/146.0.7680.177 Mobile Safari/537.36 (compatible; Googlebot/2.1; +http://www.google.com/bot.html)"
66.249.69.192 - - [16/Apr/2026:00:37:32 +0000] "GET /item/2064096 HTTP/1.1" 200 22898 "-" "Mozilla/5.0 (Linux; Android 6.0.1; Nexus 5X Build/MMB29P) AppleWebKit/537.36 (KHTML, like Gecko) Chrome/146.0.7680.177 Mobile Safari/537.36 (compatible; Googlebot/2.1; +http://www.google.com/bot.html)"
66.249.69.193 - - [16/Apr/2026:01:22:28 +0000] "GET /item/2822253 HTTP/1.1" 200 23556 "-" "Mozilla/5.0 (compatible; Googlebot/2.1; +http://www.google.com/bot.html)"
66.249.69.193 - - [16/Apr/2026:01:23:05 +0000] "GET /item/2827266 HTTP/1.1" 200 23030 "-" "Mozilla/5.0 (compatible; Googlebot/2.1; +http://www.google.com/bot.html)"
66.249.69.194 - - [16/Apr/2026:01:38:25 +0000] "GET /item/4240084 HTTP/1.1" 200 23625 "-" "Mozilla/5.0 (compatible; Googlebot/2.1; +http://www.google.com/bot.html)"
66.249.69.192 - - [16/Apr/2026:01:46:31 +0000] "GET /item/4037731 HTTP/1.1" 200 22893 "-" "Mozilla/5.0 (compatible; Googlebot/2.1; +http://www.google.com/bot.html)"
66.249.69.192 - - [16/Apr/2026:01:55:14 +0000] "GET /item/4050294 HTTP/1.1" 200 24608 "-" "Mozilla/5.0 (Linux; Android 6.0.1; Nexus 5X Build/MMB29P) AppleWebKit/537.36 (KHTML, like Gecko) Chrome/146.0.7680.177 Mobile Safari/537.36 (compatible; Googlebot/2.1; +http://www.google.com/bot.html)"
66.249.69.194 - - [16/Apr/2026:01:58:50 +0000] "GET /item/3698338 HTTP/1.1" 200 23189 "-" "Mozilla/5.0 (Linux; Android 6.0.1; Nexus 5X Build/MMB29P) AppleWebKit/537.36 (KHTML, like Gecko) Chrome/146.0.7680.177 Mobile Safari/537.36 (compatible; Googlebot/2.1; +http://www.google.com/bot.html)"
66.249.69.194 - - [16/Apr/2026:02:02:34 +0000] "GET /item/2401959 HTTP/1.1" 200 23891 "-" "Mozilla/5.0 (Linux; Android 6.0.1; Nexus 5X Build/MMB29P) AppleWebKit/537.36 (KHTML, like Gecko) Chrome/146.0.7680.177 Mobile Safari/537.36 (compatible; Googlebot/2.1; +http://www.google.com/bot.html)"
66.249.69.193 - - [16/Apr/2026:02:30:58 +0000] "GET /item/3017414 HTTP/1.1" 200 25553 "-" "Mozilla/5.0 (Linux; Android 6.0.1; Nexus 5X Build/MMB29P) AppleWebKit/537.36 (KHTML, like Gecko) Chrome/146.0.7680.177 Mobile Safari/537.36 (compatible; Googlebot/2.1; +http://www.google.com/bot.html)"
185.244.36.210 - - [16/Apr/2026:02:43:05 +0000] "POST /wp-cron.php?doing_wp_cron=1776307385.7739720344543457031250 HTTP/1.1" 200 0 "-" "WordPress/6.9.4; https://y9999.pk"
66.249.69.192 - - [16/Apr/2026:03:06:54 +0000] "GET /item/2366170 HTTP/1.1" 200 24241 "-" "Mozilla/5.0 (Linux; Android 6.0.1; Nexus 5X Build/MMB29P) AppleWebKit/537.36 (KHTML, like Gecko) Chrome/146.0.7680.177 Mobile Safari/537.36 (compatible; Googlebot/2.1; +http://www.google.com/bot.html)"
66.249.69.192 - - [16/Apr/2026:03:23:38 +0000] "GET /item/2394157 HTTP/1.1" 200 23719 "-" "Mozilla/5.0 (compatible; Googlebot/2.1; +http://www.google.com/bot.html)"
66.249.69.193 - - [16/Apr/2026:03:35:54 +0000] "GET /item/4232134 HTTP/1.1" 200 23058 "-" "Mozilla/5.0 (Linux; Android 6.0.1; Nexus 5X Build/MMB29P) AppleWebKit/537.36 (KHTML, like Gecko) Chrome/146.0.7680.177 Mobile Safari/537.36 (compatible; Googlebot/2.1; +http://www.google.com/bot.html)"
66.249.69.193 - - [16/Apr/2026:04:19:12 +0000] "GET /item/3738214 HTTP/1.1" 200 24424 "-" "Mozilla/5.0 (Linux; Android 6.0.1; Nexus 5X Build/MMB29P) AppleWebKit/537.36 (KHTML, like Gecko) Chrome/146.0.7680.177 Mobile Safari/537.36 (compatible; Googlebot/2.1; +http://www.google.com/bot.html)"
66.249.69.194 - - [16/Apr/2026:04:36:04 +0000] "GET /item/2767900 HTTP/1.1" 200 23033 "-" "Mozilla/5.0 (Linux; Android 6.0.1; Nexus 5X Build/MMB29P) AppleWebKit/537.36 (KHTML, like Gecko) Chrome/146.0.7680.177 Mobile Safari/537.36 (compatible; Googlebot/2.1; +http://www.google.com/bot.html)"
66.249.69.192 - - [16/Apr/2026:04:47:29 +0000] "GET /item/1802115 HTTP/1.1" 200 23717 "-" "Mozilla/5.0 (Linux; Android 6.0.1; Nexus 5X Build/MMB29P) AppleWebKit/537.36 (KHTML, like Gecko) Chrome/146.0.7680.177 Mobile Safari/537.36 (compatible; Googlebot/2.1; +http://www.google.com/bot.html)"
66.249.69.193 - - [16/Apr/2026:04:55:44 +0000] "GET /item/2064096 HTTP/1.1" 200 22898 "-" "Mozilla/5.0 (Linux; Android 6.0.1; Nexus 5X Build/MMB29P) AppleWebKit/537.36 (KHTML, like Gecko) Chrome/146.0.7680.177 Mobile Safari/537.36 (compatible; Googlebot/2.1; +http://www.google.com/bot.html)"
3.86.206.78 - - [16/Apr/2026:05:04:28 +0000] "GET /wp-login.php HTTP/1.1" 302 0 "-" "Mozilla/5.0 (WordPress CMS Scanner)"
185.244.36.210 - - [16/Apr/2026:05:50:45 +0000] "POST /wp-cron.php?doing_wp_cron=1776318645.5017740726470947265625 HTTP/1.1" 200 0 "-" "WordPress/6.9.4; https://y9999.pk"
43.166.244.251 - - [16/Apr/2026:05:50:42 +0000] "GET / HTTP/1.1" 301 0 "-" "Mozilla/5.0 (iPhone; CPU iPhone OS 13_2_3 like Mac OS X) AppleWebKit/605.1.15 (KHTML, like Gecko) Version/13.0.3 Mobile/15E148 Safari/604.1"
66.249.69.192 - - [16/Apr/2026:06:12:28 +0000] "GET /item/4283424 HTTP/1.1" 200 24784 "-" "Mozilla/5.0 (Linux; Android 6.0.1; Nexus 5X Build/MMB29P) AppleWebKit/537.36 (KHTML, like Gecko) Chrome/146.0.7680.177 Mobile Safari/537.36 (compatible; Googlebot/2.1; +http://www.google.com/bot.html)"
66.249.69.194 - - [16/Apr/2026:06:14:59 +0000] "GET /item/2701293 HTTP/1.1" 200 22776 "-" "Mozilla/5.0 (Linux; Android 6.0.1; Nexus 5X Build/MMB29P) AppleWebKit/537.36 (KHTML, like Gecko) Chrome/146.0.7680.177 Mobile Safari/537.36 (compatible; Googlebot/2.1; +http://www.google.com/bot.html)"
66.249.69.194 - - [16/Apr/2026:04:40:36 +0000] "GET /item/4023930 HTTP/1.1" 200 23411 "-" "Mozilla/5.0 (Linux; Android 6.0.1; Nexus 5X Build/MMB29P) AppleWebKit/537.36 (KHTML, like Gecko) Chrome/146.0.7680.177 Mobile Safari/537.36 (compatible; Googlebot/2.1; +http://www.google.com/bot.html)"
66.249.69.192 - - [16/Apr/2026:04:52:07 +0000] "GET /item/1715507 HTTP/1.1" 200 23817 "-" "Mozilla/5.0 (Linux; Android 6.0.1; Nexus 5X Build/MMB29P) AppleWebKit/537.36 (KHTML, like Gecko) Chrome/146.0.7680.177 Mobile Safari/537.36 (compatible; Googlebot/2.1; +http://www.google.com/bot.html)"
66.249.69.192 - - [16/Apr/2026:04:53:18 +0000] "GET /item/3715653 HTTP/1.1" 200 24499 "-" "Mozilla/5.0 (Linux; Android 6.0.1; Nexus 5X Build/MMB29P) AppleWebKit/537.36 (KHTML, like Gecko) Chrome/146.0.7680.177 Mobile Safari/537.36 (compatible; Googlebot/2.1; +http://www.google.com/bot.html)"
66.249.69.194 - - [16/Apr/2026:04:54:37 +0000] "GET /item/2121654 HTTP/1.1" 200 23490 "-" "Mozilla/5.0 (Linux; Android 6.0.1; Nexus 5X Build/MMB29P) AppleWebKit/537.36 (KHTML, like Gecko) Chrome/146.0.7680.177 Mobile Safari/537.36 (compatible; Googlebot/2.1; +http://www.google.com/bot.html)"
66.249.69.193 - - [16/Apr/2026:04:55:35 +0000] "GET /item/3017414 HTTP/1.1" 200 25555 "-" "Mozilla/5.0 (Linux; Android 6.0.1; Nexus 5X Build/MMB29P) AppleWebKit/537.36 (KHTML, like Gecko) Chrome/146.0.7680.177 Mobile Safari/537.36 (compatible; Googlebot/2.1; +http://www.google.com/bot.html)"
185.244.36.210 - - [16/Apr/2026:05:04:30 +0000] "POST /wp-cron.php?doing_wp_cron=1776315870.6952040195465087890625 HTTP/1.1" 200 0 "-" "WordPress/6.9.4; https://y9999.pk"
66.249.69.194 - - [16/Apr/2026:05:35:37 +0000] "GET /item/3039031 HTTP/1.1" 200 23311 "-" "Mozilla/5.0 (Linux; Android 6.0.1; Nexus 5X Build/MMB29P) AppleWebKit/537.36 (KHTML, like Gecko) Chrome/146.0.7680.177 Mobile Safari/537.36 (compatible; Googlebot/2.1; +http://www.google.com/bot.html)"
66.249.69.192 - - [16/Apr/2026:06:07:33 +0000] "GET /item/2971978 HTTP/1.1" 200 23318 "-" "Mozilla/5.0 (Linux; Android 6.0.1; Nexus 5X Build/MMB29P) AppleWebKit/537.36 (KHTML, like Gecko) Chrome/146.0.7680.177 Mobile Safari/537.36 (compatible; Googlebot/2.1; +http://www.google.com/bot.html)"
66.249.69.194 - - [16/Apr/2026:06:08:18 +0000] "GET /item/3447493 HTTP/1.1" 200 23852 "-" "Mozilla/5.0 (compatible; Googlebot/2.1; +http://www.google.com/bot.html)"
66.249.69.194 - - [16/Apr/2026:06:26:19 +0000] "GET /item/4050294 HTTP/1.1" 200 24606 "-" "Mozilla/5.0 (Linux; Android 6.0.1; Nexus 5X Build/MMB29P) AppleWebKit/537.36 (KHTML, like Gecko) Chrome/146.0.7680.177 Mobile Safari/537.36 (compatible; Googlebot/2.1; +http://www.google.com/bot.html)"
66.249.69.193 - - [16/Apr/2026:06:27:23 +0000] "GET /item/3818175 HTTP/1.1" 200 24891 "-" "Mozilla/5.0 (compatible; Googlebot/2.1; +http://www.google.com/bot.html)"
66.249.69.194 - - [16/Apr/2026:06:31:13 +0000] "GET /item/2391812 HTTP/1.1" 200 24153 "-" "Mozilla/5.0 (Linux; Android 6.0.1; Nexus 5X Build/MMB29P) AppleWebKit/537.36 (KHTML, like Gecko) Chrome/146.0.7680.177 Mobile Safari/537.36 (compatible; Googlebot/2.1; +http://www.google.com/bot.html)"
66.249.69.192 - - [16/Apr/2026:06:41:22 +0000] "GET /item/2074698 HTTP/1.1" 200 24634 "-" "Mozilla/5.0 (compatible; Googlebot/2.1; +http://www.google.com/bot.html)"
66.249.69.192 - - [16/Apr/2026:06:51:00 +0000] "GET /item/4184097 HTTP/1.1" 200 24446 "-" "Mozilla/5.0 (Linux; Android 6.0.1; Nexus 5X Build/MMB29P) AppleWebKit/537.36 (KHTML, like Gecko) Chrome/146.0.7680.177 Mobile Safari/537.36 (compatible; Googlebot/2.1; +http://www.google.com/bot.html)"
66.249.69.193 - - [16/Apr/2026:06:46:20 +0000] "GET /item/4221943 HTTP/1.1" 200 24223 "-" "Mozilla/5.0 (Linux; Android 6.0.1; Nexus 5X Build/MMB29P) AppleWebKit/537.36 (KHTML, like Gecko) Chrome/146.0.7680.177 Mobile Safari/537.36 (compatible; Googlebot/2.1; +http://www.google.com/bot.html)"
66.249.69.192 - - [16/Apr/2026:06:54:28 +0000] "GET /item/2416435 HTTP/1.1" 200 22913 "-" "Mozilla/5.0 (Linux; Android 6.0.1; Nexus 5X Build/MMB29P) AppleWebKit/537.36 (KHTML, like Gecko) Chrome/146.0.7680.177 Mobile Safari/537.36 (compatible; Googlebot/2.1; +http://www.google.com/bot.html)"
66.249.69.194 - - [16/Apr/2026:06:55:28 +0000] "GET /item/3260788 HTTP/1.1" 200 26305 "-" "Mozilla/5.0 (Linux; Android 6.0.1; Nexus 5X Build/MMB29P) AppleWebKit/537.36 (KHTML, like Gecko) Chrome/146.0.7680.177 Mobile Safari/537.36 (compatible; Googlebot/2.1; +http://www.google.com/bot.html)"
66.249.69.192 - - [16/Apr/2026:06:56:20 +0000] "GET /item/2826576 HTTP/1.1" 200 23019 "-" "Mozilla/5.0 (Linux; Android 6.0.1; Nexus 5X Build/MMB29P) AppleWebKit/537.36 (KHTML, like Gecko) Chrome/146.0.7680.177 Mobile Safari/537.36 (compatible; Googlebot/2.1; +http://www.google.com/bot.html)"
66.249.69.192 - - [16/Apr/2026:06:56:57 +0000] "GET /item/3368167 HTTP/1.1" 200 23336 "-" "Mozilla/5.0 (Linux; Android 6.0.1; Nexus 5X Build/MMB29P) AppleWebKit/537.36 (KHTML, like Gecko) Chrome/146.0.7680.177 Mobile Safari/537.36 (compatible; Googlebot/2.1; +http://www.google.com/bot.html)"
66.249.69.192 - - [16/Apr/2026:06:57:27 +0000] "GET /item/4360750 HTTP/1.1" 200 24108 "-" "Mozilla/5.0 (Linux; Android 6.0.1; Nexus 5X Build/MMB29P) AppleWebKit/537.36 (KHTML, like Gecko) Chrome/146.0.7680.177 Mobile Safari/537.36 (compatible; Googlebot/2.1; +http://www.google.com/bot.html)"
66.249.69.193 - - [16/Apr/2026:07:17:48 +0000] "GET /item/2529279 HTTP/1.1" 200 22951 "-" "Mozilla/5.0 (Linux; Android 6.0.1; Nexus 5X Build/MMB29P) AppleWebKit/537.36 (KHTML, like Gecko) Chrome/146.0.7680.177 Mobile Safari/537.36 (compatible; Googlebot/2.1; +http://www.google.com/bot.html)"
66.249.69.193 - - [16/Apr/2026:07:28:40 +0000] "GET /item/4395972 HTTP/1.1" 200 24019 "-" "Mozilla/5.0 (compatible; Googlebot/2.1; +http://www.google.com/bot.html)"
66.249.69.194 - - [16/Apr/2026:07:35:32 +0000] "GET /item/3243402 HTTP/1.1" 200 25269 "-" "Mozilla/5.0 (Linux; Android 6.0.1; Nexus 5X Build/MMB29P) AppleWebKit/537.36 (KHTML, like Gecko) Chrome/146.0.7680.177 Mobile Safari/537.36 (compatible; Googlebot/2.1; +http://www.google.com/bot.html)"
66.249.69.194 - - [16/Apr/2026:07:37:17 +0000] "GET /item/2095888 HTTP/1.1" 200 22573 "-" "Mozilla/5.0 (compatible; Googlebot/2.1; +http://www.google.com/bot.html)"
66.249.69.194 - - [16/Apr/2026:07:49:38 +0000] "GET /item/3093711 HTTP/1.1" 200 26080 "-" "Mozilla/5.0 (Linux; Android 6.0.1; Nexus 5X Build/MMB29P) AppleWebKit/537.36 (KHTML, like Gecko) Chrome/146.0.7680.177 Mobile Safari/537.36 (compatible; Googlebot/2.1; +http://www.google.com/bot.html)"
66.249.91.96 - - [16/Apr/2026:07:52:52 +0000] "GET /item/1998264 HTTP/1.1" 404 18080 "-" "Mozilla/5.0 (X11; Linux x86_64) AppleWebKit/537.36 (KHTML, like Gecko) Chrome/146.0.7680.177 Safari/537.36"
66.249.91.96 - - [16/Apr/2026:07:52:54 +0000] "GET /wp-content/themes/generatepress/assets/css/main.min.css?ver=3.6.1 HTTP/1.1" 200 4410 "http://y9999.pk/item/1998264" "Mozilla/5.0 (X11; Linux x86_64) AppleWebKit/537.36 (KHTML, like Gecko) Chrome/146.0.7680.177 Safari/537.36"
66.249.91.96 - - [16/Apr/2026:07:52:54 +0000] "GET /wp-content/themes/generatepress/assets/js/menu.min.js?ver=3.6.1 HTTP/1.1" 200 1678 "http://y9999.pk/item/1998264" "Mozilla/5.0 (X11; Linux x86_64) AppleWebKit/537.36 (KHTML, like Gecko) Chrome/146.0.7680.177 Safari/537.36"
66.249.69.193 - - [16/Apr/2026:08:00:03 +0000] "GET /item/1993026 HTTP/1.1" 200 23192 "-" "Mozilla/5.0 (compatible; Googlebot/2.1; +http://www.google.com/bot.html)"
154.81.37.140 - - [16/Apr/2026:08:07:56 +0000] "GET / HTTP/1.1" 301 0 "-" "Mozilla/5.0 (Linux; Android 11; CPH2185) AppleWebKit/537.36 (KHTML, like Gecko) Chrome/91.0.4472.101 Mobile Safari/537.36"
66.249.69.194 - - [16/Apr/2026:08:09:33 +0000] "GET /item/3737353 HTTP/1.1" 200 22983 "-" "Mozilla/5.0 (Linux; Android 6.0.1; Nexus 5X Build/MMB29P) AppleWebKit/537.36 (KHTML, like Gecko) Chrome/146.0.7680.177 Mobile Safari/537.36 (compatible; Googlebot/2.1; +http://www.google.com/bot.html)"
66.249.69.192 - - [16/Apr/2026:06:56:43 +0000] "GET /item/2958813 HTTP/1.1" 200 22890 "-" "Mozilla/5.0 (compatible; Googlebot/2.1; +http://www.google.com/bot.html)"
66.249.69.193 - - [16/Apr/2026:07:04:07 +0000] "GET /item/2574897 HTTP/1.1" 200 24674 "-" "Mozilla/5.0 (Linux; Android 6.0.1; Nexus 5X Build/MMB29P) AppleWebKit/537.36 (KHTML, like Gecko) Chrome/146.0.7680.177 Mobile Safari/537.36 (compatible; Googlebot/2.1; +http://www.google.com/bot.html)"
66.249.69.194 - - [16/Apr/2026:07:13:34 +0000] "GET /item/2059767 HTTP/1.1" 200 24311 "-" "Mozilla/5.0 (Linux; Android 6.0.1; Nexus 5X Build/MMB29P) AppleWebKit/537.36 (KHTML, like Gecko) Chrome/146.0.7680.177 Mobile Safari/537.36 (compatible; Googlebot/2.1; +http://www.google.com/bot.html)"
66.249.69.193 - - [16/Apr/2026:07:51:39 +0000] "GET /item/3939926 HTTP/1.1" 200 25580 "-" "Mozilla/5.0 (Linux; Android 6.0.1; Nexus 5X Build/MMB29P) AppleWebKit/537.36 (KHTML, like Gecko) Chrome/146.0.7680.177 Mobile Safari/537.36 (compatible; Googlebot/2.1; +http://www.google.com/bot.html)"
185.244.36.210 - - [16/Apr/2026:07:52:53 +0000] "POST /wp-cron.php?doing_wp_cron=1776325973.7046320438385009765625 HTTP/1.1" 200 0 "-" "WordPress/6.9.4; https://y9999.pk"
66.249.91.97 - - [16/Apr/2026:07:52:54 +0000] "GET /wp-content/plugins/ultimate-blocks/src/extensions/style.css?ver=6.9.4 HTTP/1.1" 200 93 "http://y9999.pk/item/1998264" "Mozilla/5.0 (X11; Linux x86_64) AppleWebKit/537.36 (KHTML, like Gecko) Chrome/146.0.7680.177 Safari/537.36"
66.249.69.194 - - [16/Apr/2026:07:53:48 +0000] "GET /item/2011157 HTTP/1.1" 200 25481 "-" "Mozilla/5.0 (Linux; Android 6.0.1; Nexus 5X Build/MMB29P) AppleWebKit/537.36 (KHTML, like Gecko) Chrome/146.0.7680.177 Mobile Safari/537.36 (compatible; GoogleOther)"
66.249.69.194 - - [16/Apr/2026:07:57:24 +0000] "GET /item/2129963 HTTP/1.1" 200 24193 "-" "Mozilla/5.0 (compatible; Googlebot/2.1; +http://www.google.com/bot.html)"
66.249.69.194 - - [16/Apr/2026:08:01:31 +0000] "GET /item/3659198 HTTP/1.1" 200 23999 "-" "Mozilla/5.0 (Linux; Android 6.0.1; Nexus 5X Build/MMB29P) AppleWebKit/537.36 (KHTML, like Gecko) Chrome/146.0.7680.177 Mobile Safari/537.36 (compatible; Googlebot/2.1; +http://www.google.com/bot.html)"
66.249.69.194 - - [16/Apr/2026:08:16:58 +0000] "GET /item/4299509 HTTP/1.1" 200 23175 "-" "Mozilla/5.0 (compatible; Googlebot/2.1; +http://www.google.com/bot.html)"
66.249.69.193 - - [16/Apr/2026:08:27:08 +0000] "GET /item/3733856 HTTP/1.1" 200 24506 "-" "Mozilla/5.0 (compatible; Googlebot/2.1; +http://www.google.com/bot.html)"
66.249.69.194 - - [16/Apr/2026:08:47:51 +0000] "GET /item/4260712 HTTP/1.1" 200 25145 "-" "Mozilla/5.0 (compatible; Googlebot/2.1; +http://www.google.com/bot.html)"
185.244.36.210 - - [16/Apr/2026:08:50:36 +0000] "POST /wp-cron.php?doing_wp_cron=1776329436.5619230270385742187500 HTTP/1.1" 200 0 "-" "WordPress/6.9.4; https://y9999.pk"
43.166.136.202 - - [16/Apr/2026:08:50:35 +0000] "GET / HTTP/1.1" 301 0 "-" "Mozilla/5.0 (iPhone; CPU iPhone OS 13_2_3 like Mac OS X) AppleWebKit/605.1.15 (KHTML, like Gecko) Version/13.0.3 Mobile/15E148 Safari/604.1"
66.249.69.192 - - [16/Apr/2026:08:52:40 +0000] "GET /item/4062964 HTTP/1.1" 200 23894 "-" "Mozilla/5.0 (Linux; Android 6.0.1; Nexus 5X Build/MMB29P) AppleWebKit/537.36 (KHTML, like Gecko) Chrome/146.0.7680.177 Mobile Safari/537.36 (compatible; Googlebot/2.1; +http://www.google.com/bot.html)"
66.249.69.193 - - [16/Apr/2026:08:58:25 +0000] "GET /item/3583964 HTTP/1.1" 200 22992 "-" "Mozilla/5.0 (Linux; Android 6.0.1; Nexus 5X Build/MMB29P) AppleWebKit/537.36 (KHTML, like Gecko) Chrome/146.0.7680.177 Mobile Safari/537.36 (compatible; Googlebot/2.1; +http://www.google.com/bot.html)"
66.249.69.193 - - [16/Apr/2026:09:01:42 +0000] "GET /item/2517649 HTTP/1.1" 200 23685 "-" "Mozilla/5.0 (Linux; Android 6.0.1; Nexus 5X Build/MMB29P) AppleWebKit/537.36 (KHTML, like Gecko) Chrome/146.0.7680.177 Mobile Safari/537.36 (compatible; Googlebot/2.1; +http://www.google.com/bot.html)"
185.244.36.210 - - [16/Apr/2026:09:26:14 +0000] "POST /wp-cron.php?doing_wp_cron=1776331574.5991671085357666015625 HTTP/1.1" 200 0 "-" "WordPress/6.9.4; https://y9999.pk"
66.249.91.96 - - [16/Apr/2026:09:26:16 +0000] "GET /wp-content/plugins/ultimate-blocks/src/extensions/style.css?ver=6.9.4 HTTP/1.1" 200 93 "http://y9999.pk/item/3094478" "Mozilla/5.0 (X11; Linux x86_64) AppleWebKit/537.36 (KHTML, like Gecko) Chrome/146.0.7680.177 Safari/537.36"
66.249.91.96 - - [16/Apr/2026:09:26:16 +0000] "GET /wp-content/themes/generatepress/assets/js/menu.min.js?ver=3.6.1 HTTP/1.1" 200 1678 "http://y9999.pk/item/3094478" "Mozilla/5.0 (X11; Linux x86_64) AppleWebKit/537.36 (KHTML, like Gecko) Chrome/146.0.7680.177 Safari/537.36"
66.249.91.96 - - [16/Apr/2026:09:26:17 +0000] "GET /wp-content/themes/generatepress/assets/css/main.min.css?ver=3.6.1 HTTP/1.1" 200 4410 "http://y9999.pk/item/3094478" "Mozilla/5.0 (X11; Linux x86_64) AppleWebKit/537.36 (KHTML, like Gecko) Chrome/146.0.7680.177 Safari/537.36"
66.249.69.194 - - [16/Apr/2026:09:37:04 +0000] "GET /item/3959304 HTTP/1.1" 200 23481 "-" "Mozilla/5.0 (Linux; Android 6.0.1; Nexus 5X Build/MMB29P) AppleWebKit/537.36 (KHTML, like Gecko) Chrome/146.0.7680.177 Mobile Safari/537.36 (compatible; Googlebot/2.1; +http://www.google.com/bot.html)"
66.249.69.193 - - [16/Apr/2026:09:37:17 +0000] "GET /item/3488231 HTTP/1.1" 200 22938 "-" "Mozilla/5.0 (Linux; Android 6.0.1; Nexus 5X Build/MMB29P) AppleWebKit/537.36 (KHTML, like Gecko) Chrome/146.0.7680.177 Mobile Safari/537.36 (compatible; Googlebot/2.1; +http://www.google.com/bot.html)"
66.249.69.192 - - [16/Apr/2026:09:39:02 +0000] "GET /item/4180141 HTTP/1.1" 200 22566 "-" "Mozilla/5.0 (Linux; Android 6.0.1; Nexus 5X Build/MMB29P) AppleWebKit/537.36 (KHTML, like Gecko) Chrome/146.0.7680.177 Mobile Safari/537.36 (compatible; Googlebot/2.1; +http://www.google.com/bot.html)"
66.249.69.193 - - [16/Apr/2026:08:20:58 +0000] "GET /item/2781110 HTTP/1.1" 200 25831 "-" "Mozilla/5.0 (Linux; Android 6.0.1; Nexus 5X Build/MMB29P) AppleWebKit/537.36 (KHTML, like Gecko) Chrome/146.0.7680.177 Mobile Safari/537.36 (compatible; Googlebot/2.1; +http://www.google.com/bot.html)"
66.249.69.193 - - [16/Apr/2026:08:27:08 +0000] "GET /robots.txt HTTP/1.1" 200 160 "-" "Mozilla/5.0 (compatible; Googlebot/2.1; +http://www.google.com/bot.html)"
66.249.69.194 - - [16/Apr/2026:08:52:35 +0000] "GET /item/4430439 HTTP/1.1" 200 24246 "-" "Mozilla/5.0 (compatible; Googlebot/2.1; +http://www.google.com/bot.html)"
66.249.69.194 - - [16/Apr/2026:08:55:57 +0000] "GET /item/2026982 HTTP/1.1" 200 26236 "-" "Mozilla/5.0 (compatible; Googlebot/2.1; +http://www.google.com/bot.html)"
66.249.69.193 - - [16/Apr/2026:09:02:45 +0000] "GET /item/4523741 HTTP/1.1" 200 23132 "-" "Mozilla/5.0 (compatible; Googlebot/2.1; +http://www.google.com/bot.html)"
66.249.69.194 - - [16/Apr/2026:09:14:06 +0000] "GET /item/4442694 HTTP/1.1" 200 22900 "-" "Mozilla/5.0 (Linux; Android 6.0.1; Nexus 5X Build/MMB29P) AppleWebKit/537.36 (KHTML, like Gecko) Chrome/146.0.7680.177 Mobile Safari/537.36 (compatible; Googlebot/2.1; +http://www.google.com/bot.html)"
66.249.91.98 - - [16/Apr/2026:09:26:11 +0000] "GET /item/3094478 HTTP/1.1" 404 18080 "-" "Mozilla/5.0 (X11; Linux x86_64) AppleWebKit/537.36 (KHTML, like Gecko) Chrome/146.0.7680.177 Safari/537.36"
66.249.69.193 - - [16/Apr/2026:09:34:21 +0000] "GET /item/2792693 HTTP/1.1" 200 23907 "-" "Mozilla/5.0 (Linux; Android 6.0.1; Nexus 5X Build/MMB29P) AppleWebKit/537.36 (KHTML, like Gecko) Chrome/146.0.7680.177 Mobile Safari/537.36 (compatible; Googlebot/2.1; +http://www.google.com/bot.html)"
66.249.69.193 - - [16/Apr/2026:09:35:31 +0000] "GET /item/3755043 HTTP/1.1" 200 23118 "-" "Mozilla/5.0 (Linux; Android 6.0.1; Nexus 5X Build/MMB29P) AppleWebKit/537.36 (KHTML, like Gecko) Chrome/146.0.7680.177 Mobile Safari/537.36 (compatible; Googlebot/2.1; +http://www.google.com/bot.html)"
66.249.69.193 - - [16/Apr/2026:09:36:41 +0000] "GET /item/4640035 HTTP/1.1" 200 23461 "-" "Mozilla/5.0 (Linux; Android 6.0.1; Nexus 5X Build/MMB29P) AppleWebKit/537.36 (KHTML, like Gecko) Chrome/146.0.7680.177 Mobile Safari/537.36 (compatible; Googlebot/2.1; +http://www.google.com/bot.html)"
66.249.69.192 - - [16/Apr/2026:09:38:26 +0000] "GET /item/3209356 HTTP/1.1" 200 24810 "-" "Mozilla/5.0 (Linux; Android 6.0.1; Nexus 5X Build/MMB29P) AppleWebKit/537.36 (KHTML, like Gecko) Chrome/146.0.7680.177 Mobile Safari/537.36 (compatible; Googlebot/2.1; +http://www.google.com/bot.html)"
66.249.69.193 - - [16/Apr/2026:09:40:12 +0000] "GET /item/1672286 HTTP/1.1" 200 23556 "-" "Mozilla/5.0 (Linux; Android 6.0.1; Nexus 5X Build/MMB29P) AppleWebKit/537.36 (KHTML, like Gecko) Chrome/146.0.7680.177 Mobile Safari/537.36 (compatible; Googlebot/2.1; +http://www.google.com/bot.html)"
66.249.69.192 - - [16/Apr/2026:09:40:40 +0000] "GET /item/4310697 HTTP/1.1" 200 23348 "-" "Mozilla/5.0 (compatible; Googlebot/2.1; +http://www.google.com/bot.html)"
66.249.69.192 - - [16/Apr/2026:09:44:52 +0000] "GET /item/3519741 HTTP/1.1" 200 23804 "-" "Mozilla/5.0 (compatible; Googlebot/2.1; +http://www.google.com/bot.html)"
66.249.69.193 - - [16/Apr/2026:09:47:53 +0000] "GET /item/3725885 HTTP/1.1" 200 23710 "-" "Mozilla/5.0 (Linux; Android 6.0.1; Nexus 5X Build/MMB29P) AppleWebKit/537.36 (KHTML, like Gecko) Chrome/146.0.7680.177 Mobile Safari/537.36 (compatible; Googlebot/2.1; +http://www.google.com/bot.html)"
66.249.69.194 - - [16/Apr/2026:09:56:01 +0000] "GET /item/3444438 HTTP/1.1" 200 22819 "-" "Mozilla/5.0 (Linux; Android 6.0.1; Nexus 5X Build/MMB29P) AppleWebKit/537.36 (KHTML, like Gecko) Chrome/146.0.7680.177 Mobile Safari/537.36 (compatible; Googlebot/2.1; +http://www.google.com/bot.html)"
54.174.58.224 - - [16/Apr/2026:10:03:06 +0000] "GET /robots.txt HTTP/1.1" 200 1215 "-" "Mozilla/5.0 AppleWebKit/537.36 (KHTML, like Gecko; compatible; HubSpot Crawler; +https://www.hubspot.com) Chrome/131.0.0.0 Safari/537.36"
54.174.58.246 - - [16/Apr/2026:10:03:08 +0000] "GET /sitemap.xml HTTP/1.1" 200 1976 "-" "Mozilla/5.0 AppleWebKit/537.36 (KHTML, like Gecko; compatible; HubSpot Crawler; +https://www.hubspot.com) Chrome/131.0.0.0 Safari/537.36"
54.174.58.241 - - [16/Apr/2026:10:03:08 +0000] "GET /sitemap-105.xml HTTP/1.1" 200 181675 "-" "Mozilla/5.0 AppleWebKit/537.36 (KHTML, like Gecko; compatible; HubSpot Crawler; +https://www.hubspot.com) Chrome/131.0.0.0 Safari/537.36"
54.174.58.251 - - [16/Apr/2026:10:03:08 +0000] "GET /sitemap-721.xml HTTP/1.1" 200 176593 "-" "Mozilla/5.0 AppleWebKit/537.36 (KHTML, like Gecko; compatible; HubSpot Crawler; +https://www.hubspot.com) Chrome/131.0.0.0 Safari/537.36"
54.174.58.227 - - [16/Apr/2026:10:03:08 +0000] "GET /sitemap-312.xml HTTP/1.1" 200 164273 "-" "Mozilla/5.0 AppleWebKit/537.36 (KHTML, like Gecko; compatible; HubSpot Crawler; +https://www.hubspot.com) Chrome/131.0.0.0 Safari/537.36"
54.174.58.242 - - [16/Apr/2026:10:03:08 +0000] "GET /sitemap-683.xml HTTP/1.1" 200 130239 "-" "Mozilla/5.0 AppleWebKit/537.36 (KHTML, like Gecko; compatible; HubSpot Crawler; +https://www.hubspot.com) Chrome/131.0.0.0 Safari/537.36"
54.174.58.241 - - [16/Apr/2026:10:03:08 +0000] "GET /sitemap-231.xml HTTP/1.1" 200 129469 "-" "Mozilla/5.0 AppleWebKit/537.36 (KHTML, like Gecko; compatible; HubSpot Crawler; +https://www.hubspot.com) Chrome/131.0.0.0 Safari/537.36"
54.174.58.252 - - [16/Apr/2026:10:03:08 +0000] "GET /sitemap-855.xml HTTP/1.1" 200 144407 "-" "Mozilla/5.0 AppleWebKit/537.36 (KHTML, like Gecko; compatible; HubSpot Crawler; +https://www.hubspot.com) Chrome/131.0.0.0 Safari/537.36"
54.174.58.251 - - [16/Apr/2026:10:03:08 +0000] "GET /sitemap-828.xml HTTP/1.1" 200 139633 "-" "Mozilla/5.0 AppleWebKit/537.36 (KHTML, like Gecko; compatible; HubSpot Crawler; +https://www.hubspot.com) Chrome/131.0.0.0 Safari/537.36"
54.174.58.242 - - [16/Apr/2026:10:03:08 +0000] "GET /sitemap-468.xml HTTP/1.1" 200 143945 "-" "Mozilla/5.0 AppleWebKit/537.36 (KHTML, like Gecko; compatible; HubSpot Crawler; +https://www.hubspot.com) Chrome/131.0.0.0 Safari/537.36"
54.174.58.241 - - [16/Apr/2026:10:03:08 +0000] "GET /sitemap-781.xml HTTP/1.1" 200 124541 "-" "Mozilla/5.0 AppleWebKit/537.36 (KHTML, like Gecko; compatible; HubSpot Crawler; +https://www.hubspot.com) Chrome/131.0.0.0 Safari/537.36"
54.174.58.251 - - [16/Apr/2026:10:03:08 +0000] "GET /sitemap-629.xml HTTP/1.1" 200 163503 "-" "Mozilla/5.0 AppleWebKit/537.36 (KHTML, like Gecko; compatible; HubSpot Crawler; +https://www.hubspot.com) Chrome/131.0.0.0 Safari/537.36"
54.174.58.254 - - [16/Apr/2026:10:03:08 +0000] "GET /sitemap-390.xml HTTP/1.1" 200 149797 "-" "Mozilla/5.0 AppleWebKit/537.36 (KHTML, like Gecko; compatible; HubSpot Crawler; +https://www.hubspot.com) Chrome/131.0.0.0 Safari/537.36"
54.174.58.224 - - [16/Apr/2026:10:03:08 +0000] "GET /sitemap-451.xml HTTP/1.1" 200 123771 "-" "Mozilla/5.0 AppleWebKit/537.36 (KHTML, like Gecko; compatible; HubSpot Crawler; +https://www.hubspot.com) Chrome/131.0.0.0 Safari/537.36"
54.174.58.224 - - [16/Apr/2026:10:03:08 +0000] "GET /sitemap-776.xml HTTP/1.1" 200 173513 "-" "Mozilla/5.0 AppleWebKit/537.36 (KHTML, like Gecko; compatible; HubSpot Crawler; +https://www.hubspot.com) Chrome/131.0.0.0 Safari/537.36"
54.174.58.233 - - [16/Apr/2026:10:03:08 +0000] "GET /sitemap-456.xml HTTP/1.1" 200 143175 "-" "Mozilla/5.0 AppleWebKit/537.36 (KHTML, like Gecko; compatible; HubSpot Crawler; +https://www.hubspot.com) Chrome/131.0.0.0 Safari/537.36"
54.174.58.226 - - [16/Apr/2026:10:03:08 +0000] "GET /sitemap-259.xml HTTP/1.1" 200 144407 "-" "Mozilla/5.0 AppleWebKit/537.36 (KHTML, like Gecko; compatible; HubSpot Crawler; +https://www.hubspot.com) Chrome/131.0.0.0 Safari/537.36"
66.249.69.193 - - [16/Apr/2026:09:57:51 +0000] "GET /item/1917934 HTTP/1.1" 200 24823 "-" "Mozilla/5.0 (compatible; Googlebot/2.1; +http://www.google.com/bot.html)"
54.174.58.238 - - [16/Apr/2026:10:03:08 +0000] "GET /sitemap-867.xml HTTP/1.1" 200 163811 "-" "Mozilla/5.0 AppleWebKit/537.36 (KHTML, like Gecko; compatible; HubSpot Crawler; +https://www.hubspot.com) Chrome/131.0.0.0 Safari/537.36"
54.174.58.254 - - [16/Apr/2026:10:03:08 +0000] "GET /sitemap-277.xml HTTP/1.1" 200 128083 "-" "Mozilla/5.0 AppleWebKit/537.36 (KHTML, like Gecko; compatible; HubSpot Crawler; +https://www.hubspot.com) Chrome/131.0.0.0 Safari/537.36"
54.174.58.239 - - [16/Apr/2026:10:03:08 +0000] "GET /sitemap-748.xml HTTP/1.1" 200 155187 "-" "Mozilla/5.0 AppleWebKit/537.36 (KHTML, like Gecko; compatible; HubSpot Crawler; +https://www.hubspot.com) Chrome/131.0.0.0 Safari/537.36"
54.174.58.226 - - [16/Apr/2026:10:03:08 +0000] "GET /sitemap-917.xml HTTP/1.1" 200 161193 "-" "Mozilla/5.0 AppleWebKit/537.36 (KHTML, like Gecko; compatible; HubSpot Crawler; +https://www.hubspot.com) Chrome/131.0.0.0 Safari/537.36"
54.174.58.224 - - [16/Apr/2026:10:03:08 +0000] "GET /sitemap-595.xml HTTP/1.1" 200 159653 "-" "Mozilla/5.0 AppleWebKit/537.36 (KHTML, like Gecko; compatible; HubSpot Crawler; +https://www.hubspot.com) Chrome/131.0.0.0 Safari/537.36"
54.174.58.242 - - [16/Apr/2026:10:03:08 +0000] "GET /sitemap-287.xml HTTP/1.1" 200 151953 "-" "Mozilla/5.0 AppleWebKit/537.36 (KHTML, like Gecko; compatible; HubSpot Crawler; +https://www.hubspot.com) Chrome/131.0.0.0 Safari/537.36"
54.174.58.238 - - [16/Apr/2026:10:03:08 +0000] "GET /sitemap-758.xml HTTP/1.1" 200 124233 "-" "Mozilla/5.0 AppleWebKit/537.36 (KHTML, like Gecko; compatible; HubSpot Crawler; +https://www.hubspot.com) Chrome/131.0.0.0 Safari/537.36"
54.174.58.252 - - [16/Apr/2026:10:03:08 +0000] "GET /sitemap-592.xml HTTP/1.1" 200 128699 "-" "Mozilla/5.0 AppleWebKit/537.36 (KHTML, like Gecko; compatible; HubSpot Crawler; +https://www.hubspot.com) Chrome/131.0.0.0 Safari/537.36"
