136.117.183.224 - - [16/Apr/2026:03:34:32 +0000] "POST /xmlrpc.php HTTP/1.1" 200 401 "-" "Mozilla/5.0 (Windows NT 10.0; Win64; x64) AppleWebKit/537.36 (KHTML, like Gecko) Chrome/78.0.3904.108 Safari/537.36"
185.244.36.210 - - [16/Apr/2026:03:35:03 +0000] "POST /wp-cron.php?doing_wp_cron=1776310503.1751511096954345703125 HTTP/1.1" 200 0 "-" "WordPress/6.9.4; https://allpakistanislots.com"
136.117.183.224 - - [16/Apr/2026:03:34:48 +0000] "POST /xmlrpc.php HTTP/1.1" 200 401 "-" "Mozilla/5.0 (Windows NT 10.0; Win64; x64) AppleWebKit/537.36 (KHTML, like Gecko) Chrome/78.0.3904.108 Safari/537.36"
136.117.183.224 - - [16/Apr/2026:03:35:03 +0000] "POST /xmlrpc.php HTTP/1.1" 200 401 "-" "Mozilla/5.0 (Windows NT 10.0; Win64; x64) AppleWebKit/537.36 (KHTML, like Gecko) Chrome/78.0.3904.108 Safari/537.36"
136.117.183.224 - - [16/Apr/2026:03:35:19 +0000] "POST /xmlrpc.php HTTP/1.1" 200 401 "-" "Mozilla/5.0 (Windows NT 10.0; Win64; x64) AppleWebKit/537.36 (KHTML, like Gecko) Chrome/78.0.3904.108 Safari/537.36"
136.117.183.224 - - [16/Apr/2026:03:35:33 +0000] "POST /xmlrpc.php HTTP/1.1" 200 401 "-" "Mozilla/5.0 (Windows NT 10.0; Win64; x64) AppleWebKit/537.36 (KHTML, like Gecko) Chrome/78.0.3904.108 Safari/537.36"
185.244.36.210 - - [16/Apr/2026:03:36:03 +0000] "POST /wp-cron.php?doing_wp_cron=1776310563.5798211097717285156250 HTTP/1.1" 200 0 "-" "WordPress/6.9.4; https://allpakistanislots.com"
136.117.183.224 - - [16/Apr/2026:03:35:48 +0000] "POST /xmlrpc.php HTTP/1.1" 200 401 "-" "Mozilla/5.0 (Windows NT 10.0; Win64; x64) AppleWebKit/537.36 (KHTML, like Gecko) Chrome/78.0.3904.108 Safari/537.36"
136.117.183.224 - - [16/Apr/2026:03:36:04 +0000] "POST /xmlrpc.php HTTP/1.1" 200 401 "-" "Mozilla/5.0 (Windows NT 10.0; Win64; x64) AppleWebKit/537.36 (KHTML, like Gecko) Chrome/78.0.3904.108 Safari/537.36"
136.117.183.224 - - [16/Apr/2026:03:36:19 +0000] "POST /xmlrpc.php HTTP/1.1" 200 401 "-" "Mozilla/5.0 (Windows NT 10.0; Win64; x64) AppleWebKit/537.36 (KHTML, like Gecko) Chrome/78.0.3904.108 Safari/537.36"
136.117.183.224 - - [16/Apr/2026:03:36:34 +0000] "POST /xmlrpc.php HTTP/1.1" 200 401 "-" "Mozilla/5.0 (Windows NT 10.0; Win64; x64) AppleWebKit/537.36 (KHTML, like Gecko) Chrome/78.0.3904.108 Safari/537.36"
185.244.36.210 - - [16/Apr/2026:03:37:03 +0000] "POST /wp-cron.php?doing_wp_cron=1776310623.6998190879821777343750 HTTP/1.1" 200 0 "-" "WordPress/6.9.4; https://allpakistanislots.com"
136.117.183.224 - - [16/Apr/2026:03:33:03 +0000] "POST /xmlrpc.php HTTP/1.1" 200 401 "-" "Mozilla/5.0 (Windows NT 10.0; Win64; x64) AppleWebKit/537.36 (KHTML, like Gecko) Chrome/78.0.3904.108 Safari/537.36"
136.117.183.224 - - [16/Apr/2026:03:33:18 +0000] "POST /xmlrpc.php HTTP/1.1" 200 401 "-" "Mozilla/5.0 (Windows NT 10.0; Win64; x64) AppleWebKit/537.36 (KHTML, like Gecko) Chrome/78.0.3904.108 Safari/537.36"
136.117.183.224 - - [16/Apr/2026:03:33:34 +0000] "POST /xmlrpc.php HTTP/1.1" 200 401 "-" "Mozilla/5.0 (Windows NT 10.0; Win64; x64) AppleWebKit/537.36 (KHTML, like Gecko) Chrome/78.0.3904.108 Safari/537.36"
185.244.36.210 - - [16/Apr/2026:03:34:03 +0000] "POST /wp-cron.php?doing_wp_cron=1776310443.5907759666442871093750 HTTP/1.1" 200 0 "-" "WordPress/6.9.4; https://allpakistanislots.com"
136.117.183.224 - - [16/Apr/2026:03:33:47 +0000] "POST /xmlrpc.php HTTP/1.1" 200 401 "-" "Mozilla/5.0 (Windows NT 10.0; Win64; x64) AppleWebKit/537.36 (KHTML, like Gecko) Chrome/78.0.3904.108 Safari/537.36"
185.244.36.210 - - [16/Apr/2026:03:34:03 +0000] "POST /wp-cron.php?doing_wp_cron=1776310443.7863171100616455078125 HTTP/1.1" 200 0 "-" "WordPress/6.9.4; https://allpakistanislots.com"
136.117.183.224 - - [16/Apr/2026:03:34:04 +0000] "POST /xmlrpc.php HTTP/1.1" 200 401 "-" "Mozilla/5.0 (Windows NT 10.0; Win64; x64) AppleWebKit/537.36 (KHTML, like Gecko) Chrome/78.0.3904.108 Safari/537.36"
136.117.183.224 - - [16/Apr/2026:03:34:19 +0000] "POST /xmlrpc.php HTTP/1.1" 200 401 "-" "Mozilla/5.0 (Windows NT 10.0; Win64; x64) AppleWebKit/537.36 (KHTML, like Gecko) Chrome/78.0.3904.108 Safari/537.36"
136.117.183.224 - - [16/Apr/2026:03:34:33 +0000] "POST /xmlrpc.php HTTP/1.1" 200 401 "-" "Mozilla/5.0 (Windows NT 10.0; Win64; x64) AppleWebKit/537.36 (KHTML, like Gecko) Chrome/78.0.3904.108 Safari/537.36"
136.117.183.224 - - [16/Apr/2026:03:34:48 +0000] "POST /xmlrpc.php HTTP/1.1" 200 401 "-" "Mozilla/5.0 (Windows NT 10.0; Win64; x64) AppleWebKit/537.36 (KHTML, like Gecko) Chrome/78.0.3904.108 Safari/537.36"
136.117.183.224 - - [16/Apr/2026:03:35:03 +0000] "POST /xmlrpc.php HTTP/1.1" 200 401 "-" "Mozilla/5.0 (Windows NT 10.0; Win64; x64) AppleWebKit/537.36 (KHTML, like Gecko) Chrome/78.0.3904.108 Safari/537.36"
136.117.183.224 - - [16/Apr/2026:03:35:19 +0000] "POST /xmlrpc.php HTTP/1.1" 200 401 "-" "Mozilla/5.0 (Windows NT 10.0; Win64; x64) AppleWebKit/537.36 (KHTML, like Gecko) Chrome/78.0.3904.108 Safari/537.36"
136.117.183.224 - - [16/Apr/2026:03:35:33 +0000] "POST /xmlrpc.php HTTP/1.1" 200 401 "-" "Mozilla/5.0 (Windows NT 10.0; Win64; x64) AppleWebKit/537.36 (KHTML, like Gecko) Chrome/78.0.3904.108 Safari/537.36"
136.117.183.224 - - [16/Apr/2026:03:35:48 +0000] "POST /xmlrpc.php HTTP/1.1" 200 401 "-" "Mozilla/5.0 (Windows NT 10.0; Win64; x64) AppleWebKit/537.36 (KHTML, like Gecko) Chrome/78.0.3904.108 Safari/537.36"
136.117.183.224 - - [16/Apr/2026:03:36:03 +0000] "POST /xmlrpc.php HTTP/1.1" 200 401 "-" "Mozilla/5.0 (Windows NT 10.0; Win64; x64) AppleWebKit/537.36 (KHTML, like Gecko) Chrome/78.0.3904.108 Safari/537.36"
136.117.183.224 - - [16/Apr/2026:03:36:19 +0000] "POST /xmlrpc.php HTTP/1.1" 200 401 "-" "Mozilla/5.0 (Windows NT 10.0; Win64; x64) AppleWebKit/537.36 (KHTML, like Gecko) Chrome/78.0.3904.108 Safari/537.36"
136.117.183.224 - - [16/Apr/2026:03:36:33 +0000] "POST /xmlrpc.php HTTP/1.1" 200 401 "-" "Mozilla/5.0 (Windows NT 10.0; Win64; x64) AppleWebKit/537.36 (KHTML, like Gecko) Chrome/78.0.3904.108 Safari/537.36"
136.117.183.224 - - [16/Apr/2026:03:36:48 +0000] "POST /xmlrpc.php HTTP/1.1" 200 401 "-" "Mozilla/5.0 (Windows NT 10.0; Win64; x64) AppleWebKit/537.36 (KHTML, like Gecko) Chrome/78.0.3904.108 Safari/537.36"
136.117.183.224 - - [16/Apr/2026:03:37:04 +0000] "POST /xmlrpc.php HTTP/1.1" 200 401 "-" "Mozilla/5.0 (Windows NT 10.0; Win64; x64) AppleWebKit/537.36 (KHTML, like Gecko) Chrome/78.0.3904.108 Safari/537.36"
136.117.183.224 - - [16/Apr/2026:03:37:18 +0000] "POST /xmlrpc.php HTTP/1.1" 200 401 "-" "Mozilla/5.0 (Windows NT 10.0; Win64; x64) AppleWebKit/537.36 (KHTML, like Gecko) Chrome/78.0.3904.108 Safari/537.36"
136.117.183.224 - - [16/Apr/2026:03:36:48 +0000] "POST /xmlrpc.php HTTP/1.1" 200 401 "-" "Mozilla/5.0 (Windows NT 10.0; Win64; x64) AppleWebKit/537.36 (KHTML, like Gecko) Chrome/78.0.3904.108 Safari/537.36"
136.117.183.224 - - [16/Apr/2026:03:37:04 +0000] "POST /xmlrpc.php HTTP/1.1" 200 401 "-" "Mozilla/5.0 (Windows NT 10.0; Win64; x64) AppleWebKit/537.36 (KHTML, like Gecko) Chrome/78.0.3904.108 Safari/537.36"
136.117.183.224 - - [16/Apr/2026:03:37:19 +0000] "POST /xmlrpc.php HTTP/1.1" 200 401 "-" "Mozilla/5.0 (Windows NT 10.0; Win64; x64) AppleWebKit/537.36 (KHTML, like Gecko) Chrome/78.0.3904.108 Safari/537.36"
136.117.183.224 - - [16/Apr/2026:03:37:33 +0000] "POST /xmlrpc.php HTTP/1.1" 200 401 "-" "Mozilla/5.0 (Windows NT 10.0; Win64; x64) AppleWebKit/537.36 (KHTML, like Gecko) Chrome/78.0.3904.108 Safari/537.36"
185.244.36.210 - - [16/Apr/2026:05:08:40 +0000] "POST /wp-cron.php?doing_wp_cron=1776316120.4801299571990966796875 HTTP/1.1" 200 0 "-" "WordPress/6.9.4; https://allpakistanislots.com"
159.65.18.197 - - [16/Apr/2026:05:08:41 +0000] "GET /console/ HTTP/1.1" 404 36875 "-" "Mozilla/5.0 (l9scan/2.0.031323e26333e2434323e2538313; +https://leakix.net)"
159.65.18.197 - - [16/Apr/2026:05:08:52 +0000] "GET /.DS_Store HTTP/1.1" 404 36875 "-" "Mozilla/5.0 (l9scan/2.0.031323e26333e2434323e2538313; +https://leakix.net)"
159.65.18.197 - - [16/Apr/2026:05:08:54 +0000] "GET /.env HTTP/1.1" 403 787 "-" "Mozilla/5.0 (l9scan/2.0.031323e26333e2434323e2538313; +https://leakix.net)"
159.65.18.197 - - [16/Apr/2026:05:08:58 +0000] "GET /.git/config HTTP/1.1" 403 787 "-" "Mozilla/5.0 (l9scan/2.0.031323e26333e2434323e2538313; +https://leakix.net)"
159.65.18.197 - - [16/Apr/2026:05:08:59 +0000] "POST /graphql HTTP/1.1" 404 36868 "-" "Mozilla/5.0 (l9scan/2.0.031323e26333e2434323e2538313; +https://leakix.net)"
185.244.36.210 - - [16/Apr/2026:05:09:02 +0000] "POST /wp-cron.php?doing_wp_cron=1776316142.4587979316711425781250 HTTP/1.1" 200 0 "-" "WordPress/6.9.4; https://allpakistanislots.com"
159.65.18.197 - - [16/Apr/2026:05:09:05 +0000] "POST /graphql/api HTTP/1.1" 404 36875 "-" "Mozilla/5.0 (l9scan/2.0.031323e26333e2434323e2538313; +https://leakix.net)"
159.65.18.197 - - [16/Apr/2026:05:09:08 +0000] "GET /s/031323e26333e2434323e2538313/_/;/META-INF/maven/com.atlassian.jira/jira-webapp-dist/pom.properties HTTP/1.1" 404 38080 "-" "Mozilla/5.0 (l9scan/2.0.031323e26333e2434323e2538313; +https://leakix.net)"
159.65.18.197 - - [16/Apr/2026:05:09:13 +0000] "GET /info.php HTTP/1.1" 404 36868 "-" "Mozilla/5.0 (l9scan/2.0.031323e26333e2434323e2538313; +https://leakix.net)"
159.65.18.197 - - [16/Apr/2026:05:09:18 +0000] "GET /swagger-ui.html HTTP/1.1" 200 0 "-" "Mozilla/5.0 (l9scan/2.0.031323e26333e2434323e2538313; +https://leakix.net)"
159.65.18.197 - - [16/Apr/2026:05:09:20 +0000] "GET /swagger/index.html HTTP/1.1" 404 36875 "-" "Mozilla/5.0 (l9scan/2.0.031323e26333e2434323e2538313; +https://leakix.net)"
159.65.18.197 - - [16/Apr/2026:05:09:27 +0000] "GET /swagger.json HTTP/1.1" 200 0 "-" "Mozilla/5.0 (l9scan/2.0.031323e26333e2434323e2538313; +https://leakix.net)"
159.65.18.197 - - [16/Apr/2026:05:09:35 +0000] "GET /v3/api-docs HTTP/1.1" 404 36843 "-" "Mozilla/5.0 (l9scan/2.0.031323e26333e2434323e2538313; +https://leakix.net)"
159.65.18.197 - - [16/Apr/2026:05:09:37 +0000] "GET /api-docs/swagger.json HTTP/1.1" 404 36868 "-" "Mozilla/5.0 (l9scan/2.0.031323e26333e2434323e2538313; +https://leakix.net)"
159.65.18.197 - - [16/Apr/2026:05:09:39 +0000] "GET /api/swagger.json HTTP/1.1" 404 36875 "-" "Mozilla/5.0 (l9scan/2.0.031323e26333e2434323e2538313; +https://leakix.net)"
159.65.18.197 - - [16/Apr/2026:05:09:42 +0000] "GET /@vite/env HTTP/1.1" 404 36868 "-" "Mozilla/5.0 (l9scan/2.0.031323e26333e2434323e2538313; +https://leakix.net)"
159.65.18.197 - - [16/Apr/2026:05:09:48 +0000] "GET /?rest_route=/wp/v2/users/ HTTP/1.1" 200 321 "-" "Mozilla/5.0 (l9scan/2.0.031323e26333e2434323e2538313; +https://leakix.net)"
136.117.183.224 - - [16/Apr/2026:03:37:32 +0000] "POST /xmlrpc.php HTTP/1.1" 200 401 "-" "Mozilla/5.0 (Windows NT 10.0; Win64; x64) AppleWebKit/537.36 (KHTML, like Gecko) Chrome/78.0.3904.108 Safari/537.36"
159.65.18.197 - - [16/Apr/2026:05:08:39 +0000] "GET / HTTP/1.1" 200 195702 "-" "Mozilla/5.0 (l9scan/2.0.031323e26333e2434323e2538313; +https://leakix.net)"
159.65.18.197 - - [16/Apr/2026:05:08:42 +0000] "GET /server HTTP/1.1" 404 36875 "-" "Mozilla/5.0 (l9scan/2.0.031323e26333e2434323e2538313; +https://leakix.net)"
159.65.18.197 - - [16/Apr/2026:05:08:44 +0000] "GET /server-status HTTP/1.1" 404 36868 "-" "Mozilla/5.0 (l9scan/2.0.031323e26333e2434323e2538313; +https://leakix.net)"
159.65.18.197 - - [16/Apr/2026:05:08:45 +0000] "GET /about HTTP/1.1" 200 0 "-" "Mozilla/5.0 (l9scan/2.0.031323e26333e2434323e2538313; +https://leakix.net)"
159.65.18.197 - - [16/Apr/2026:05:08:48 +0000] "GET /login.action HTTP/1.1" 404 36875 "-" "Mozilla/5.0 (l9scan/2.0.031323e26333e2434323e2538313; +https://leakix.net)"
159.65.18.197 - - [16/Apr/2026:05:08:50 +0000] "GET /v2/_catalog HTTP/1.1" 404 36843 "-" "Mozilla/5.0 (l9scan/2.0.031323e26333e2434323e2538313; +https://leakix.net)"
159.65.18.197 - - [16/Apr/2026:05:08:56 +0000] "GET /ecp/Current/exporttool/microsoft.exchange.ediscovery.exporttool.application HTTP/1.1" 404 38080 "-" "Mozilla/5.0 (l9scan/2.0.031323e26333e2434323e2538313; +https://leakix.net)"
159.65.18.197 - - [16/Apr/2026:05:09:00 +0000] "POST /api HTTP/1.1" 404 36865 "-" "Mozilla/5.0 (l9scan/2.0.031323e26333e2434323e2538313; +https://leakix.net)"
159.65.18.197 - - [16/Apr/2026:05:09:03 +0000] "POST /api/graphql HTTP/1.1" 200 0 "-" "Mozilla/5.0 (l9scan/2.0.031323e26333e2434323e2538313; +https://leakix.net)"
159.65.18.197 - - [16/Apr/2026:05:09:07 +0000] "POST /api/gql HTTP/1.1" 404 37052 "-" "Mozilla/5.0 (l9scan/2.0.031323e26333e2434323e2538313; +https://leakix.net)"
159.65.18.197 - - [16/Apr/2026:05:09:09 +0000] "GET /config.json HTTP/1.1" 404 36843 "-" "Mozilla/5.0 (l9scan/2.0.031323e26333e2434323e2538313; +https://leakix.net)"
159.65.18.197 - - [16/Apr/2026:05:09:11 +0000] "GET /telescope/requests HTTP/1.1" 404 36868 "-" "Mozilla/5.0 (l9scan/2.0.031323e26333e2434323e2538313; +https://leakix.net)"
159.65.18.197 - - [16/Apr/2026:05:09:14 +0000] "GET /actuator/env HTTP/1.1" 404 36868 "-" "Mozilla/5.0 (l9scan/2.0.031323e26333e2434323e2538313; +https://leakix.net)"
159.65.18.197 - - [16/Apr/2026:05:09:23 +0000] "GET /swagger/swagger-ui.html HTTP/1.1" 404 36875 "-" "Mozilla/5.0 (l9scan/2.0.031323e26333e2434323e2538313; +https://leakix.net)"
159.65.18.197 - - [16/Apr/2026:05:09:25 +0000] "GET /webjars/swagger-ui/index.html HTTP/1.1" 404 38109 "-" "Mozilla/5.0 (l9scan/2.0.031323e26333e2434323e2538313; +https://leakix.net)"
159.65.18.197 - - [16/Apr/2026:05:09:30 +0000] "GET /swagger/v1/swagger.json HTTP/1.1" 200 0 "-" "Mozilla/5.0 (l9scan/2.0.031323e26333e2434323e2538313; +https://leakix.net)"
159.65.18.197 - - [16/Apr/2026:05:09:33 +0000] "GET /v2/api-docs HTTP/1.1" 404 36868 "-" "Mozilla/5.0 (l9scan/2.0.031323e26333e2434323e2538313; +https://leakix.net)"
159.65.18.197 - - [16/Apr/2026:05:09:41 +0000] "GET /trace.axd HTTP/1.1" 404 36875 "-" "Mozilla/5.0 (l9scan/2.0.031323e26333e2434323e2538313; +https://leakix.net)"
159.65.18.197 - - [16/Apr/2026:05:09:43 +0000] "GET /.vscode/sftp.json HTTP/1.1" 404 36875 "-" "Mozilla/5.0 (l9scan/2.0.031323e26333e2434323e2538313; +https://leakix.net)"
159.65.18.197 - - [16/Apr/2026:05:09:46 +0000] "OPTIONS / HTTP/1.1" 200 39079 "-" "Mozilla/5.0 (l9scan/2.0.031323e26333e2434323e2538313; +https://leakix.net)"
185.244.36.210 - - [16/Apr/2026:05:13:41 +0000] "POST /wp-cron.php?doing_wp_cron=1776316421.2949678897857666015625 HTTP/1.1" 200 0 "-" "WordPress/6.9.4; https://allpakistanislots.com"
34.187.231.62 - - [16/Apr/2026:05:13:39 +0000] "GET /media/system/js/core.js HTTP/1.1" 404 38100 "-" "Mozilla/5.0 (Macintosh; Intel Mac OS X 10_10_1) AppleWebKit/537.36 (KHTML, like Gecko) Chrome/39.0.2171.95 Safari/537.36"
159.65.18.197 - - [16/Apr/2026:05:09:50 +0000] "GET /debug/default/view?panel=config HTTP/1.1" 404 38106 "-" "Mozilla/5.0 (l9scan/2.0.031323e26333e2434323e2538313; +https://leakix.net)"
146.190.218.48 - - [16/Apr/2026:05:43:10 +0000] "GET / HTTP/1.1" 200 39089 "-" "Mozilla/5.0 (X11; Linux x86_64) AppleWebKit/537.36 (KHTML, like Gecko) Chrome/142.0.0.0 Safari/537.36"
34.187.231.62 - - [16/Apr/2026:05:45:10 +0000] "GET /site/wp-includes/wlwmanifest.xml HTTP/1.1" 200 149803 "-" "Mozilla/5.0 (Windows NT 10.0; Win64; x64) AppleWebKit/537.36 (KHTML, like Gecko) Chrome/78.0.3904.108 Safari/537.36"
34.187.231.62 - - [16/Apr/2026:05:45:10 +0000] "GET /cms/wp-includes/wlwmanifest.xml HTTP/1.1" 200 149437 "-" "Mozilla/5.0 (Windows NT 10.0; Win64; x64) AppleWebKit/537.36 (KHTML, like Gecko) Chrome/78.0.3904.108 Safari/537.36"
34.187.231.62 - - [16/Apr/2026:05:13:44 +0000] "GET /wp-includes/js/jquery/jquery.js HTTP/1.1" 200 83899 "-" "Mozilla/5.0 (Macintosh; Intel Mac OS X 10_10_1) AppleWebKit/537.36 (KHTML, like Gecko) Chrome/39.0.2171.95 Safari/537.36"
185.244.36.210 - - [16/Apr/2026:05:43:13 +0000] "POST /wp-cron.php?doing_wp_cron=1776318193.2581560611724853515625 HTTP/1.1" 200 0 "-" "WordPress/6.9.4; https://allpakistanislots.com"
34.187.231.62 - - [16/Apr/2026:05:45:09 +0000] "GET /wp2/wp-includes/wlwmanifest.xml HTTP/1.1" 200 149755 "-" "Mozilla/5.0 (Windows NT 10.0; Win64; x64) AppleWebKit/537.36 (KHTML, like Gecko) Chrome/78.0.3904.108 Safari/537.36"
34.187.231.62 - - [16/Apr/2026:05:45:12 +0000] "GET /sito/wp-includes/wlwmanifest.xml HTTP/1.1" 200 149638 "-" "Mozilla/5.0 (Windows NT 10.0; Win64; x64) AppleWebKit/537.36 (KHTML, like Gecko) Chrome/78.0.3904.108 Safari/537.36"
43.157.168.43 - - [16/Apr/2026:07:46:25 +0000] "GET /BDKR28_3b9f2e76e763cf.php HTTP/1.1" 200 0 "-" "Mozilla/5.0 (iPhone; CPU iPhone OS 13_2_3 like Mac OS X) AppleWebKit/605.1.15 (KHTML, like Gecko) Version/13.0.3 Mobile/15E148 Safari/604.1"
170.106.143.6 - - [16/Apr/2026:08:08:51 +0000] "GET /mah.php HTTP/1.1" 200 0 "-" "Mozilla/5.0 (iPhone; CPU iPhone OS 13_2_3 like Mac OS X) AppleWebKit/605.1.15 (KHTML, like Gecko) Version/13.0.3 Mobile/15E148 Safari/604.1"
43.166.136.153 - - [16/Apr/2026:07:03:30 +0000] "GET / HTTP/1.1" 200 1639 "-" "Mozilla/5.0 (iPhone; CPU iPhone OS 13_2_3 like Mac OS X) AppleWebKit/605.1.15 (KHTML, like Gecko) Version/13.0.3 Mobile/15E148 Safari/604.1"
43.153.102.138 - - [16/Apr/2026:07:17:34 +0000] "GET /error_log HTTP/1.1" 403 787 "-" "Mozilla/5.0 (iPhone; CPU iPhone OS 13_2_3 like Mac OS X) AppleWebKit/605.1.15 (KHTML, like Gecko) Version/13.0.3 Mobile/15E148 Safari/604.1"
43.130.39.254 - - [16/Apr/2026:07:27:34 +0000] "GET /about.php HTTP/1.1" 200 0 "-" "Mozilla/5.0 (iPhone; CPU iPhone OS 13_2_3 like Mac OS X) AppleWebKit/605.1.15 (KHTML, like Gecko) Version/13.0.3 Mobile/15E148 Safari/604.1"
43.133.253.253 - - [16/Apr/2026:07:37:46 +0000] "GET /BDKR28_ace69b4b1a8075.html HTTP/1.1" 200 0 "-" "Mozilla/5.0 (iPhone; CPU iPhone OS 13_2_3 like Mac OS X) AppleWebKit/605.1.15 (KHTML, like Gecko) Version/13.0.3 Mobile/15E148 Safari/604.1"
43.133.69.37 - - [16/Apr/2026:07:52:07 +0000] "GET / HTTP/1.1" 200 1642 "-" "Mozilla/5.0 (iPhone; CPU iPhone OS 13_2_3 like Mac OS X) AppleWebKit/605.1.15 (KHTML, like Gecko) Version/13.0.3 Mobile/15E148 Safari/604.1"
43.166.142.76 - - [16/Apr/2026:07:57:22 +0000] "GET /BDKR28_ace69b4b1a8075.php HTTP/1.1" 200 0 "-" "Mozilla/5.0 (iPhone; CPU iPhone OS 13_2_3 like Mac OS X) AppleWebKit/605.1.15 (KHTML, like Gecko) Version/13.0.3 Mobile/15E148 Safari/604.1"
43.159.145.153 - - [16/Apr/2026:08:28:55 +0000] "GET /BDKR28_3b9f2e76e763cf.html HTTP/1.1" 200 0 "-" "Mozilla/5.0 (iPhone; CPU iPhone OS 13_2_3 like Mac OS X) AppleWebKit/605.1.15 (KHTML, like Gecko) Version/13.0.3 Mobile/15E148 Safari/604.1"
129.226.93.214 - - [16/Apr/2026:08:46:37 +0000] "GET /mah.php HTTP/1.1" 200 0 "-" "Mozilla/5.0 (iPhone; CPU iPhone OS 13_2_3 like Mac OS X) AppleWebKit/605.1.15 (KHTML, like Gecko) Version/13.0.3 Mobile/15E148 Safari/604.1"
43.153.123.3 - - [16/Apr/2026:08:17:57 +0000] "GET /wp3.php%2830%29%20%3A%20eval%28%29%27d%20code HTTP/1.1" 200 0 "-" "Mozilla/5.0 (iPhone; CPU iPhone OS 13_2_3 like Mac OS X) AppleWebKit/605.1.15 (KHTML, like Gecko) Version/13.0.3 Mobile/15E148 Safari/604.1"
101.33.66.34 - - [16/Apr/2026:08:36:23 +0000] "GET /BDKR28_ace69b4b1a8075.html HTTP/1.1" 200 0 "-" "Mozilla/5.0 (iPhone; CPU iPhone OS 13_2_3 like Mac OS X) AppleWebKit/605.1.15 (KHTML, like Gecko) Version/13.0.3 Mobile/15E148 Safari/604.1"
121.229.185.160 - - [16/Apr/2026:09:20:26 +0000] "GET / HTTP/1.1" 200 1639 "-" "Mozilla/5.0 (iPhone; CPU iPhone OS 13_2_3 like Mac OS X) AppleWebKit/605.1.15 (KHTML, like Gecko) Version/13.0.3 Mobile/15E148 Safari/604.1"
85.137.48.167 - - [16/Apr/2026:10:01:43 +0000] "GET /wp-content/style.php HTTP/1.1" 404 796 "-" "Mozilla/4.0 (compatible; MSIE 6.0; Windows NT 5.1; SV1)"
88.151.32.216 - - [16/Apr/2026:11:00:07 +0000] "GET / HTTP/1.1" 200 1639 "-" "Mozilla/5.0 (Windows NT 10.0; Win64; x64; rv:138.0) Gecko/20100101 Firefox/138.0"
34.75.9.85 - - [16/Apr/2026:12:21:37 +0000] "GET / HTTP/1.1" 200 5863 "-" "Mozilla/5.0 (Windows NT 10.0; Win64; x64) AppleWebKit/537.36 (KHTML, like Gecko) Chrome/88.0.4240.193 Safari/537.36"
34.75.9.85 - - [16/Apr/2026:12:21:37 +0000] "GET / HTTP/1.1" 200 5863 "-" "Mozilla/5.0 (Windows NT 10.0; Win64; x64) AppleWebKit/537.36 (KHTML, like Gecko) Chrome/88.0.4240.193 Safari/537.36"
34.75.9.85 - - [16/Apr/2026:12:21:38 +0000] "GET /wp-includes/wlwmanifest.xml HTTP/1.1" 404 796 "-" "Mozilla/5.0 (Windows NT 10.0; Win64; x64) AppleWebKit/537.36 (KHTML, like Gecko) Chrome/88.0.4240.193 Safari/537.36"
34.75.9.85 - - [16/Apr/2026:12:21:38 +0000] "GET /xmlrpc.php?rsd HTTP/1.1" 404 796 "-" "Mozilla/5.0 (Windows NT 10.0; Win64; x64) AppleWebKit/537.36 (KHTML, like Gecko) Chrome/88.0.4240.193 Safari/537.36"
34.75.9.85 - - [16/Apr/2026:12:21:38 +0000] "GET / HTTP/1.1" 200 5863 "-" "Mozilla/5.0 (Windows NT 10.0; Win64; x64) AppleWebKit/537.36 (KHTML, like Gecko) Chrome/88.0.4240.193 Safari/537.36"
34.75.9.85 - - [16/Apr/2026:12:21:38 +0000] "GET /blog/wp-includes/wlwmanifest.xml HTTP/1.1" 404 796 "-" "Mozilla/5.0 (Windows NT 10.0; Win64; x64) AppleWebKit/537.36 (KHTML, like Gecko) Chrome/88.0.4240.193 Safari/537.36"
34.75.9.85 - - [16/Apr/2026:12:21:38 +0000] "GET /web/wp-includes/wlwmanifest.xml HTTP/1.1" 404 796 "-" "Mozilla/5.0 (Windows NT 10.0; Win64; x64) AppleWebKit/537.36 (KHTML, like Gecko) Chrome/88.0.4240.193 Safari/537.36"
34.75.9.85 - - [16/Apr/2026:12:21:38 +0000] "GET /wordpress/wp-includes/wlwmanifest.xml HTTP/1.1" 404 796 "-" "Mozilla/5.0 (Windows NT 10.0; Win64; x64) AppleWebKit/537.36 (KHTML, like Gecko) Chrome/88.0.4240.193 Safari/537.36"
34.75.9.85 - - [16/Apr/2026:12:21:38 +0000] "GET /website/wp-includes/wlwmanifest.xml HTTP/1.1" 404 796 "-" "Mozilla/5.0 (Windows NT 10.0; Win64; x64) AppleWebKit/537.36 (KHTML, like Gecko) Chrome/88.0.4240.193 Safari/537.36"
34.75.9.85 - - [16/Apr/2026:12:21:39 +0000] "GET /wp/wp-includes/wlwmanifest.xml HTTP/1.1" 404 796 "-" "Mozilla/5.0 (Windows NT 10.0; Win64; x64) AppleWebKit/537.36 (KHTML, like Gecko) Chrome/88.0.4240.193 Safari/537.36"
34.75.9.85 - - [16/Apr/2026:12:21:39 +0000] "GET /news/wp-includes/wlwmanifest.xml HTTP/1.1" 404 796 "-" "Mozilla/5.0 (Windows NT 10.0; Win64; x64) AppleWebKit/537.36 (KHTML, like Gecko) Chrome/88.0.4240.193 Safari/537.36"
34.75.9.85 - - [16/Apr/2026:12:21:39 +0000] "GET /2020/wp-includes/wlwmanifest.xml HTTP/1.1" 404 796 "-" "Mozilla/5.0 (Windows NT 10.0; Win64; x64) AppleWebKit/537.36 (KHTML, like Gecko) Chrome/88.0.4240.193 Safari/537.36"
34.75.9.85 - - [16/Apr/2026:12:21:39 +0000] "GET /2019/wp-includes/wlwmanifest.xml HTTP/1.1" 404 796 "-" "Mozilla/5.0 (Windows NT 10.0; Win64; x64) AppleWebKit/537.36 (KHTML, like Gecko) Chrome/88.0.4240.193 Safari/537.36"
34.75.9.85 - - [16/Apr/2026:12:21:39 +0000] "GET /shop/wp-includes/wlwmanifest.xml HTTP/1.1" 404 796 "-" "Mozilla/5.0 (Windows NT 10.0; Win64; x64) AppleWebKit/537.36 (KHTML, like Gecko) Chrome/88.0.4240.193 Safari/537.36"
34.75.9.85 - - [16/Apr/2026:12:21:39 +0000] "GET /wp1/wp-includes/wlwmanifest.xml HTTP/1.1" 404 796 "-" "Mozilla/5.0 (Windows NT 10.0; Win64; x64) AppleWebKit/537.36 (KHTML, like Gecko) Chrome/88.0.4240.193 Safari/537.36"
34.75.9.85 - - [16/Apr/2026:12:21:39 +0000] "GET /test/wp-includes/wlwmanifest.xml HTTP/1.1" 404 796 "-" "Mozilla/5.0 (Windows NT 10.0; Win64; x64) AppleWebKit/537.36 (KHTML, like Gecko) Chrome/88.0.4240.193 Safari/537.36"
34.75.9.85 - - [16/Apr/2026:12:21:39 +0000] "GET /wp2/wp-includes/wlwmanifest.xml HTTP/1.1" 404 796 "-" "Mozilla/5.0 (Windows NT 10.0; Win64; x64) AppleWebKit/537.36 (KHTML, like Gecko) Chrome/88.0.4240.193 Safari/537.36"
34.75.9.85 - - [16/Apr/2026:12:21:39 +0000] "GET /site/wp-includes/wlwmanifest.xml HTTP/1.1" 404 796 "-" "Mozilla/5.0 (Windows NT 10.0; Win64; x64) AppleWebKit/537.36 (KHTML, like Gecko) Chrome/88.0.4240.193 Safari/537.36"
170.106.35.153 - - [16/Apr/2026:13:05:39 +0000] "GET / HTTP/1.1" 200 1639 "-" "Mozilla/5.0 (iPhone; CPU iPhone OS 13_2_3 like Mac OS X) AppleWebKit/605.1.15 (KHTML, like Gecko) Version/13.0.3 Mobile/15E148 Safari/604.1"
43.130.37.243 - - [16/Apr/2026:13:19:33 +0000] "GET /BDKR28_Mailer_ace69b4b1a8075.php HTTP/1.1" 200 0 "-" "Mozilla/5.0 (iPhone; CPU iPhone OS 13_2_3 like Mac OS X) AppleWebKit/605.1.15 (KHTML, like Gecko) Version/13.0.3 Mobile/15E148 Safari/604.1"
43.135.186.135 - - [16/Apr/2026:13:29:33 +0000] "GET /wp3.php HTTP/1.1" 200 6497 "-" "Mozilla/5.0 (iPhone; CPU iPhone OS 13_2_3 like Mac OS X) AppleWebKit/605.1.15 (KHTML, like Gecko) Version/13.0.3 Mobile/15E148 Safari/604.1"
95.168.190.193 - - [16/Apr/2026:13:43:02 +0000] "GET /robots.txt HTTP/1.1" 200 75 "-" "Mozilla/5.0 (compatible; ORT/v1.0.0; visit ORTc.me )"
34.75.9.85 - - [16/Apr/2026:12:21:40 +0000] "GET /cms/wp-includes/wlwmanifest.xml HTTP/1.1" 404 796 "-" "Mozilla/5.0 (Windows NT 10.0; Win64; x64) AppleWebKit/537.36 (KHTML, like Gecko) Chrome/88.0.4240.193 Safari/537.36"
34.75.9.85 - - [16/Apr/2026:12:21:40 +0000] "GET /sito/wp-includes/wlwmanifest.xml HTTP/1.1" 404 796 "-" "Mozilla/5.0 (Windows NT 10.0; Win64; x64) AppleWebKit/537.36 (KHTML, like Gecko) Chrome/88.0.4240.193 Safari/537.36"
43.166.134.114 - - [16/Apr/2026:13:40:01 +0000] "GET /?ND HTTP/1.1" 200 1635 "-" "Mozilla/5.0 (iPhone; CPU iPhone OS 13_2_3 like Mac OS X) AppleWebKit/605.1.15 (KHTML, like Gecko) Version/13.0.3 Mobile/15E148 Safari/604.1"
43.153.113.127 - - [16/Apr/2026:13:49:18 +0000] "GET /?MA HTTP/1.1" 200 1619 "-" "Mozilla/5.0 (iPhone; CPU iPhone OS 13_2_3 like Mac OS X) AppleWebKit/605.1.15 (KHTML, like Gecko) Version/13.0.3 Mobile/15E148 Safari/604.1"
43.166.131.228 - - [16/Apr/2026:13:55:20 +0000] "GET / HTTP/1.1" 200 1642 "-" "Mozilla/5.0 (iPhone; CPU iPhone OS 13_2_3 like Mac OS X) AppleWebKit/605.1.15 (KHTML, like Gecko) Version/13.0.3 Mobile/15E148 Safari/604.1"
43.156.204.134 - - [16/Apr/2026:13:58:39 +0000] "GET /cgi-bin/ HTTP/1.1" 403 787 "-" "Mozilla/5.0 (iPhone; CPU iPhone OS 13_2_3 like Mac OS X) AppleWebKit/605.1.15 (KHTML, like Gecko) Version/13.0.3 Mobile/15E148 Safari/604.1"
43.156.228.27 - - [16/Apr/2026:14:18:50 +0000] "GET /wp3.php?dir=CwhomeCwmillwinoCwallpakistanislotsFwcomCwFwwell-known HTTP/1.1" 200 4790 "-" "Mozilla/5.0 (iPhone; CPU iPhone OS 13_2_3 like Mac OS X) AppleWebKit/605.1.15 (KHTML, like Gecko) Version/13.0.3 Mobile/15E148 Safari/604.1"
43.130.100.35 - - [16/Apr/2026:14:10:35 +0000] "GET /BDKR28_Mailer_3b9f2e76e763cf.php HTTP/1.1" 200 0 "-" "Mozilla/5.0 (iPhone; CPU iPhone OS 13_2_3 like Mac OS X) AppleWebKit/605.1.15 (KHTML, like Gecko) Version/13.0.3 Mobile/15E148 Safari/604.1"
170.106.113.159 - - [16/Apr/2026:14:29:25 +0000] "GET /wp3.php?dir=CwhomeCwmillwinoCwallpakistanislotsFwcom&edit=.info.php HTTP/1.1" 200 3320 "-" "Mozilla/5.0 (iPhone; CPU iPhone OS 13_2_3 like Mac OS X) AppleWebKit/605.1.15 (KHTML, like Gecko) Version/13.0.3 Mobile/15E148 Safari/604.1"
43.159.138.217 - - [16/Apr/2026:14:39:14 +0000] "GET /?SA HTTP/1.1" 200 1633 "-" "Mozilla/5.0 (iPhone; CPU iPhone OS 13_2_3 like Mac OS X) AppleWebKit/605.1.15 (KHTML, like Gecko) Version/13.0.3 Mobile/15E148 Safari/604.1"
43.173.1.69 - - [16/Apr/2026:15:09:44 +0000] "GET /wp3.php?dir=Cwhome HTTP/1.1" 200 4161 "-" "Mozilla/5.0 (iPhone; CPU iPhone OS 13_2_3 like Mac OS X) AppleWebKit/605.1.15 (KHTML, like Gecko) Version/13.0.3 Mobile/15E148 Safari/604.1"
199.45.154.122 - - [16/Apr/2026:15:10:55 +0000] "GET / HTTP/1.1" 200 1647 "-" "Mozilla/5.0 (compatible; CensysInspect/1.1; +https://about.censys.io/)"
51.210.216.21 - - [16/Apr/2026:15:12:52 +0000] "GET / HTTP/1.1" 200 1639 "-" "Mozilla/5.0 (X11; Linux x86_64) AppleWebKit/537.36 (KHTML, like Gecko) Chrome/131.0.0.0 Safari/537.36"
43.165.70.220 - - [16/Apr/2026:14:47:50 +0000] "GET / HTTP/1.1" 200 1639 "-" "Mozilla/5.0 (iPhone; CPU iPhone OS 13_2_3 like Mac OS X) AppleWebKit/605.1.15 (KHTML, like Gecko) Version/13.0.3 Mobile/15E148 Safari/604.1"
43.128.156.124 - - [16/Apr/2026:14:49:28 +0000] "GET /?MD HTTP/1.1" 200 1626 "-" "Mozilla/5.0 (iPhone; CPU iPhone OS 13_2_3 like Mac OS X) AppleWebKit/605.1.15 (KHTML, like Gecko) Version/13.0.3 Mobile/15E148 Safari/604.1"
43.133.220.37 - - [16/Apr/2026:14:58:17 +0000] "GET /wp3.php? HTTP/1.1" 200 6497 "-" "Mozilla/5.0 (iPhone; CPU iPhone OS 13_2_3 like Mac OS X) AppleWebKit/605.1.15 (KHTML, like Gecko) Version/13.0.3 Mobile/15E148 Safari/604.1"
199.45.154.122 - - [16/Apr/2026:15:10:58 +0000] "GET /favicon.ico HTTP/1.1" 404 796 "-" "Mozilla/5.0 (compatible; CensysInspect/1.1; +https://about.censys.io/)"
199.45.154.122 - - [16/Apr/2026:15:11:09 +0000] "GET / HTTP/1.1" 200 1647 "-" "Mozilla/5.0 (compatible; CensysInspect/1.1; +https://about.censys.io/)"
199.45.154.122 - - [16/Apr/2026:15:11:10 +0000] "GET /cgi-bin/ HTTP/1.1" 403 787 "-" "Mozilla/5.0 (compatible; CensysInspect/1.1; +https://about.censys.io/)"
199.45.154.122 - - [16/Apr/2026:15:11:18 +0000] "GET / HTTP/1.1" 200 1647 "-" "Mozilla/5.0 (compatible; CensysInspect/1.1; +https://about.censys.io/)"
43.133.14.237 - - [16/Apr/2026:15:19:16 +0000] "GET /wp3.php?dir=CwhomeCwmillwinoCwallpakistanislotsFwcomCwFwwell-known&view=wp3.php HTTP/1.1" 200 4784 "-" "Mozilla/5.0 (iPhone; CPU iPhone OS 13_2_3 like Mac OS X) AppleWebKit/605.1.15 (KHTML, like Gecko) Version/13.0.3 Mobile/15E148 Safari/604.1"
49.51.180.2 - - [16/Apr/2026:15:29:35 +0000] "GET /wp3.php?dir=CwhomeCwmillwinoCwallpakistanislotsFwcom HTTP/1.1" 200 6519 "-" "Mozilla/5.0 (iPhone; CPU iPhone OS 13_2_3 like Mac OS X) AppleWebKit/605.1.15 (KHTML, like Gecko) Version/13.0.3 Mobile/15E148 Safari/604.1"
192.71.12.10 - - [16/Apr/2026:15:29:40 +0000] "GET / HTTP/1.1" 200 1639 "-" "Mozilla/5.0 (iPhone; CPU iPhone OS 16_3 like Mac OS X) AppleWebKit/605.1.15 (KHTML, like Gecko) CriOS/122.0.6261.89 Mobile/15E148 Safari/604"
203.2.64.59 - - [16/Apr/2026:15:48:58 +0000] "GET / HTTP/1.1" 200 1642 "-" "Mozilla/5.0 (iPhone; CPU iPhone OS 13_2_3 like Mac OS X) AppleWebKit/605.1.15 (KHTML, like Gecko) Version/13.0.3 Mobile/15E148 Safari/604.1"
49.51.245.241 - - [16/Apr/2026:15:49:30 +0000] "GET /robots.txt HTTP/1.1" 200 75 "-" "Mozilla/5.0 (iPhone; CPU iPhone OS 13_2_3 like Mac OS X) AppleWebKit/605.1.15 (KHTML, like Gecko) Version/13.0.3 Mobile/15E148 Safari/604.1"
43.166.245.120 - - [16/Apr/2026:15:37:42 +0000] "GET /?SD HTTP/1.1" 200 1634 "-" "Mozilla/5.0 (iPhone; CPU iPhone OS 13_2_3 like Mac OS X) AppleWebKit/605.1.15 (KHTML, like Gecko) Version/13.0.3 Mobile/15E148 Safari/604.1"
💾 Save
❌ Cancel