Sid Gifari From Gifari Industries - BD Cyber Security Team
Home
/
usr
/
local
/
apache
/
domlogs
/
millwino
/
✏️
Editing: 999we.pk.millwin.org-ssl_log
192.254.226.43 - - [15/Apr/2026:17:50:36 +0000] "GET /wp-login.php HTTP/2" 200 1862 "-" "Mozilla/5.0 (Macintosh; Intel Mac OS X 10_12_6) AppleWebKit/605.1.15 (KHTML, like Gecko) Version/11.1.1 Safari/605.1.15"
192.254.226.43 - - [15/Apr/2026:17:50:36 +0000] "POST /wp-login.php HTTP/2" 200 1992 "https://999we.pk/wp-login.php" "Mozilla/5.0 (Macintosh; Intel Mac OS X 10_12_6) AppleWebKit/605.1.15 (KHTML, like Gecko) Version/11.1.1 Safari/605.1.15"
103.121.26.217 - - [15/Apr/2026:17:52:01 +0000] "GET /wp-login.php HTTP/2" 200 1862 "-" "Mozilla/5.0 (Windows NT 6.3; WOW64; Trident/7.0; MASBJS; rv:11.0) like Gecko"
185.244.36.210 - - [15/Apr/2026:17:52:04 +0000] "POST /wp-cron.php?doing_wp_cron=1776275524.3875689506530761718750 HTTP/1.1" 200 0 "-" "WordPress/6.9.4; https://999we.pk"
103.121.26.217 - - [15/Apr/2026:17:52:03 +0000] "POST /wp-login.php HTTP/2" 200 1992 "https://999we.pk.millwin.org/wp-login.php" "Mozilla/5.0 (Windows NT 6.3; WOW64; Trident/7.0; MASBJS; rv:11.0) like Gecko"
185.244.36.210 - - [15/Apr/2026:17:57:58 +0000] "POST /wp-cron.php?doing_wp_cron=1776275878.6709380149841308593750 HTTP/1.1" 200 0 "-" "WordPress/6.9.4; https://999we.pk"
108.179.252.200 - - [15/Apr/2026:18:15:21 +0000] "GET /wp-login.php HTTP/2" 200 1862 "-" "Mozilla/5.0 (Windows NT 6.1) AppleWebKit/537.36 (KHTML, like Gecko) Chrome/63.0.3239.132 Safari/537.36 OPR/50.0.2762.67"
108.179.252.200 - - [15/Apr/2026:18:15:22 +0000] "POST /wp-login.php HTTP/2" 200 1992 "https://999we.pk.millwin.org/wp-login.php" "Mozilla/5.0 (Windows NT 6.1) AppleWebKit/537.36 (KHTML, like Gecko) Chrome/63.0.3239.132 Safari/537.36 OPR/50.0.2762.67"
185.244.36.210 - - [15/Apr/2026:18:27:09 +0000] "POST /wp-cron.php?doing_wp_cron=1776277629.0683178901672363281250 HTTP/1.1" 200 0 "-" "WordPress/6.9.4; https://999we.pk"
185.244.36.210 - - [15/Apr/2026:18:46:05 +0000] "POST /wp-cron.php?doing_wp_cron=1776278765.3785879611968994140625 HTTP/1.1" 200 0 "-" "WordPress/6.9.4; https://999we.pk"
74.7.230.38 - - [15/Apr/2026:19:07:13 +0000] "GET /robots.txt HTTP/2" 200 92 "-" "Mozilla/5.0 (Macintosh; Intel Mac OS X 10_15_7) AppleWebKit/537.36 (KHTML, like Gecko) Chrome/131.0.0.0 Safari/537.36; compatible; OAI-SearchBot/1.3; robots.txt; +https://openai.com/searchbot"
185.244.36.210 - - [15/Apr/2026:19:07:18 +0000] "POST /wp-cron.php?doing_wp_cron=1776280038.3073248863220214843750 HTTP/1.1" 200 0 "-" "WordPress/6.9.4; https://999we.pk"
130.12.180.144 - - [15/Apr/2026:19:09:47 +0000] "GET /.git/HEAD HTTP/1.1" 403 787 "-" "Mozilla/5.0 (Windows NT 10.0; Win64; x64) AppleWebKit/537.36"
209.74.65.46 - - [15/Apr/2026:19:31:37 +0000] "GET /wp-login.php HTTP/2" 200 1862 "-" "Mozilla/5.0 (Macintosh; Intel Mac OS X 10_12_6) AppleWebKit/605.1.15 (KHTML, like Gecko) Version/11.1.1 Safari/605.1.15"
209.74.65.46 - - [15/Apr/2026:19:31:39 +0000] "POST /wp-login.php HTTP/2" 200 1992 "https://999we.pk.millwin.org/wp-login.php" "Mozilla/5.0 (Macintosh; Intel Mac OS X 10_12_6) AppleWebKit/605.1.15 (KHTML, like Gecko) Version/11.1.1 Safari/605.1.15"
185.244.36.210 - - [15/Apr/2026:19:32:03 +0000] "POST /wp-cron.php?doing_wp_cron=1776281523.8775629997253417968750 HTTP/1.1" 200 0 "-" "WordPress/6.9.4; https://999we.pk"
185.244.36.210 - - [15/Apr/2026:19:34:32 +0000] "POST /wp-cron.php?doing_wp_cron=1776281672.0114650726318359375000 HTTP/1.1" 200 0 "-" "WordPress/6.9.4; https://999we.pk"
188.214.156.135 - - [15/Apr/2026:19:36:41 +0000] "GET /wp-login.php HTTP/2" 200 1862 "-" "Mozilla/5.0 (Macintosh; Intel Mac OS X 10_11_6) AppleWebKit/602.4.8 (KHTML, like Gecko) Version/10.0.3 Safari/602.4.8"
185.244.36.210 - - [15/Apr/2026:19:36:46 +0000] "POST /wp-cron.php?doing_wp_cron=1776281806.0733280181884765625000 HTTP/1.1" 200 0 "-" "WordPress/6.9.4; https://999we.pk"
188.214.156.135 - - [15/Apr/2026:19:36:41 +0000] "POST /wp-login.php HTTP/2" 200 1992 "https://999we.pk.millwin.org/wp-login.php" "Mozilla/5.0 (Macintosh; Intel Mac OS X 10_11_6) AppleWebKit/602.4.8 (KHTML, like Gecko) Version/10.0.3 Safari/602.4.8"
185.244.36.210 - - [15/Apr/2026:17:50:40 +0000] "POST /wp-cron.php?doing_wp_cron=1776275439.8861339092254638671875 HTTP/1.1" 200 0 "-" "WordPress/6.9.4; https://999we.pk"
103.121.26.217 - - [15/Apr/2026:17:57:56 +0000] "GET /wp-login.php HTTP/2" 200 1862 "-" "Mozilla/5.0 (Macintosh; Intel Mac OS X 10_12_5) AppleWebKit/537.36 (KHTML, like Gecko) Chrome/65.0.3325.181 Safari/537.36"
103.121.26.217 - - [15/Apr/2026:17:57:56 +0000] "POST /wp-login.php HTTP/2" 200 1992 "https://999we.pk.millwin.org/wp-login.php" "Mozilla/5.0 (Macintosh; Intel Mac OS X 10_12_5) AppleWebKit/537.36 (KHTML, like Gecko) Chrome/65.0.3325.181 Safari/537.36"
185.244.36.210 - - [15/Apr/2026:18:15:24 +0000] "POST /wp-cron.php?doing_wp_cron=1776276924.6192619800567626953125 HTTP/1.1" 200 0 "-" "WordPress/6.9.4; https://999we.pk"
103.78.97.230 - - [15/Apr/2026:18:27:04 +0000] "GET /wp-login.php HTTP/2" 200 1862 "-" "Mozilla/4.0 (compatible; MSIE 7.0; Windows NT 6.2; WOW64; Trident/7.0; .NET4.0E; .NET4.0C; Tablet PC 2.0; .NET CLR 3.5.30729; .NET CLR 2.0.50727; .NET CLR 3.0.30729; WebMoney Advisor)"
103.78.97.230 - - [15/Apr/2026:18:27:05 +0000] "POST /wp-login.php HTTP/2" 200 1992 "https://999we.pk.millwin.org/wp-login.php" "Mozilla/4.0 (compatible; MSIE 7.0; Windows NT 6.2; WOW64; Trident/7.0; .NET4.0E; .NET4.0C; Tablet PC 2.0; .NET CLR 3.5.30729; .NET CLR 2.0.50727; .NET CLR 3.0.30729; WebMoney Advisor)"
185.244.36.210 - - [15/Apr/2026:18:43:22 +0000] "POST /wp-cron.php?doing_wp_cron=1776278602.4761660099029541015625 HTTP/1.1" 200 0 "-" "WordPress/6.9.4; https://999we.pk"
50.87.253.32 - - [15/Apr/2026:18:45:14 +0000] "GET /wp-login.php HTTP/2" 200 1862 "-" "Mozilla/5.0 (Macintosh; Intel Mac OS X 10_11_6) AppleWebKit/537.36 (KHTML, like Gecko) Chrome/65.0.3325.181 Safari/537.36"
185.244.36.210 - - [15/Apr/2026:18:45:17 +0000] "POST /wp-cron.php?doing_wp_cron=1776278717.0684161186218261718750 HTTP/1.1" 200 0 "-" "WordPress/6.9.4; https://999we.pk"
50.87.253.32 - - [15/Apr/2026:18:45:14 +0000] "POST /wp-login.php HTTP/2" 200 1992 "https://999we.pk/wp-login.php" "Mozilla/5.0 (Macintosh; Intel Mac OS X 10_11_6) AppleWebKit/537.36 (KHTML, like Gecko) Chrome/65.0.3325.181 Safari/537.36"
185.244.36.210 - - [15/Apr/2026:19:02:36 +0000] "POST /wp-cron.php?doing_wp_cron=1776279756.5274510383605957031250 HTTP/1.1" 200 0 "-" "WordPress/6.9.4; https://999we.pk"
45.239.148.226 - - [15/Apr/2026:19:06:37 +0000] "GET /wp-login.php HTTP/2" 200 1862 "-" "Mozilla/5.0 (X11; Linux x86_64) AppleWebKit/537.36 (KHTML, like Gecko) Chrome/66.0.3359.181 Safari/537.36"
74.7.243.207 - - [15/Apr/2026:19:07:15 +0000] "GET /wp-sitemap.xml HTTP/2" 301 0 "-" "Mozilla/5.0 AppleWebKit/537.36 (KHTML, like Gecko; compatible; GPTBot/1.3; +https://openai.com/gptbot)"
74.7.243.207 - - [15/Apr/2026:19:07:18 +0000] "GET /sitemap_index.xml HTTP/2" 200 259 "https://999we.pk/wp-sitemap.xml" "Mozilla/5.0 AppleWebKit/537.36 (KHTML, like Gecko; compatible; GPTBot/1.3; +https://openai.com/gptbot)"
130.12.180.144 - - [15/Apr/2026:19:09:47 +0000] "GET /.git/config HTTP/1.1" 403 787 "-" "Mozilla/5.0 (Windows NT 10.0; Win64; x64) AppleWebKit/537.36"
185.244.36.210 - - [15/Apr/2026:19:31:26 +0000] "POST /wp-cron.php?doing_wp_cron=1776281486.3950850963592529296875 HTTP/1.1" 200 0 "-" "WordPress/6.9.4; https://999we.pk"
103.121.26.217 - - [15/Apr/2026:19:34:28 +0000] "GET /wp-login.php HTTP/2" 200 1862 "-" "Mozilla/5.0 (Macintosh; Intel Mac OS X 10_13_2) AppleWebKit/537.36 (KHTML, like Gecko) Chrome/65.0.3325.162 Safari/537.36"
103.121.26.217 - - [15/Apr/2026:19:34:29 +0000] "POST /wp-login.php HTTP/2" 200 1992 "https://999we.pk/wp-login.php" "Mozilla/5.0 (Macintosh; Intel Mac OS X 10_13_2) AppleWebKit/537.36 (KHTML, like Gecko) Chrome/65.0.3325.162 Safari/537.36"
185.244.36.210 - - [15/Apr/2026:19:50:58 +0000] "POST /wp-cron.php?doing_wp_cron=1776282658.4684228897094726562500 HTTP/1.1" 200 0 "-" "WordPress/6.9.4; https://999we.pk"
103.91.245.241 - - [15/Apr/2026:19:56:53 +0000] "GET /wp-login.php HTTP/2" 200 1862 "-" "Mozilla/5.0 (Windows NT 6.2; ARM; Trident/7.0; Touch; rv:11.0; WPDesktop; NOKIA; Lumia 1320) like Gecko"
103.91.245.241 - - [15/Apr/2026:19:56:53 +0000] "POST /wp-login.php HTTP/2" 200 1992 "https://999we.pk.millwin.org/wp-login.php" "Mozilla/5.0 (Windows NT 6.2; ARM; Trident/7.0; Touch; rv:11.0; WPDesktop; NOKIA; Lumia 1320) like Gecko"
185.244.36.210 - - [15/Apr/2026:20:11:09 +0000] "POST /wp-cron.php?doing_wp_cron=1776283869.1112689971923828125000 HTTP/1.1" 200 0 "-" "WordPress/6.9.4; https://999we.pk"
50.87.140.189 - - [15/Apr/2026:19:50:51 +0000] "GET /wp-login.php HTTP/2" 200 1862 "-" "Mozilla/4.0 (compatible; MSIE 7.0; Windows NT 6.1; Trident/7.0; SLCC2; .NET CLR 2.0.50727; .NET CLR 3.5.30729; .NET CLR 3.0.30729; .NET4.0C; .NET4.0E)"
50.87.140.189 - - [15/Apr/2026:19:50:53 +0000] "POST /wp-login.php HTTP/2" 200 1992 "https://999we.pk.millwin.org/wp-login.php" "Mozilla/4.0 (compatible; MSIE 7.0; Windows NT 6.1; Trident/7.0; SLCC2; .NET CLR 2.0.50727; .NET CLR 3.5.30729; .NET CLR 3.0.30729; .NET4.0C; .NET4.0E)"
185.244.36.210 - - [15/Apr/2026:19:56:54 +0000] "POST /wp-cron.php?doing_wp_cron=1776283014.3096189498901367187500 HTTP/1.1" 200 0 "-" "WordPress/6.9.4; https://999we.pk"
203.81.238.5 - - [15/Apr/2026:20:23:07 +0000] "POST /wp-admin/admin-ajax.php HTTP/2" 200 50 "https://999we.pk/wp-admin/index.php" "Mozilla/5.0 (Macintosh; Intel Mac OS X 10_15_7) AppleWebKit/537.36 (KHTML, like Gecko) Chrome/146.0.0.0 Safari/537.36"
203.81.238.5 - - [15/Apr/2026:20:23:20 +0000] "GET /wp-login.php?interim-login=1&wp_lang=en_US HTTP/2" 200 1967 "https://999we.pk/wp-admin/index.php" "Mozilla/5.0 (Macintosh; Intel Mac OS X 10_15_7) AppleWebKit/537.36 (KHTML, like Gecko) Chrome/146.0.0.0 Safari/537.36"
203.81.238.5 - - [15/Apr/2026:20:23:24 +0000] "GET /wp-includes/js/dist/hooks.min.js?ver=dd5603f07f9220ed27f1 HTTP/2" 304 0 "https://999we.pk/wp-login.php?interim-login=1&wp_lang=en_US" "Mozilla/5.0 (Macintosh; Intel Mac OS X 10_15_7) AppleWebKit/537.36 (KHTML, like Gecko) Chrome/146.0.0.0 Safari/537.36"
203.81.238.5 - - [15/Apr/2026:20:23:24 +0000] "GET /wp-admin/js/user-profile.min.js?ver=6.9.4 HTTP/2" 304 0 "https://999we.pk/wp-login.php?interim-login=1&wp_lang=en_US" "Mozilla/5.0 (Macintosh; Intel Mac OS X 10_15_7) AppleWebKit/537.36 (KHTML, like Gecko) Chrome/146.0.0.0 Safari/537.36"
185.244.36.210 - - [15/Apr/2026:20:25:12 +0000] "POST /wp-cron.php?doing_wp_cron=1776284712.1728539466857910156250 HTTP/1.1" 200 0 "-" "WordPress/6.9.4; https://999we.pk"
203.81.238.5 - - [15/Apr/2026:20:25:08 +0000] "POST /wp-admin/admin-ajax.php HTTP/2" 200 52 "https://999we.pk/wp-admin/index.php" "Mozilla/5.0 (Macintosh; Intel Mac OS X 10_15_7) AppleWebKit/537.36 (KHTML, like Gecko) Chrome/146.0.0.0 Safari/537.36"
185.244.36.210 - - [15/Apr/2026:20:30:42 +0000] "POST /wp-cron.php?doing_wp_cron=1776285042.1945390701293945312500 HTTP/1.1" 200 0 "-" "WordPress/6.9.4; https://999we.pk"
185.244.36.210 - - [15/Apr/2026:20:31:40 +0000] "POST /wp-cron.php?doing_wp_cron=1776285100.8887810707092285156250 HTTP/1.1" 200 0 "-" "WordPress/6.9.4; https://999we.pk"
78.47.203.112 - - [15/Apr/2026:20:32:12 +0000] "HEAD / HTTP/1.1" 200 0 "-" "-"
185.244.36.210 - - [15/Apr/2026:20:35:34 +0000] "POST /wp-cron.php?doing_wp_cron=1776285334.0919449329376220703125 HTTP/1.1" 200 0 "-" "WordPress/6.9.4; https://999we.pk"
100.26.246.145 - - [15/Apr/2026:20:44:24 +0000] "GET /wp-login.php HTTP/2" 200 1862 "-" "Mozilla/4.0 (compatible; MSIE 7.0; Windows NT 6.1; WOW64; Trident/7.0; SLCC2; .NET CLR 2.0.50727; .NET CLR 3.5.30729; .NET CLR 3.0.30729; .NET4.0C; .NET4.0E; InfoPath.3)"
185.244.36.210 - - [15/Apr/2026:20:44:30 +0000] "POST /wp-cron.php?doing_wp_cron=1776285870.0799660682678222656250 HTTP/1.1" 200 0 "-" "WordPress/6.9.4; https://999we.pk"
100.26.246.145 - - [15/Apr/2026:20:44:25 +0000] "POST /wp-login.php HTTP/2" 200 1992 "https://999we.pk/wp-login.php" "Mozilla/4.0 (compatible; MSIE 7.0; Windows NT 6.1; WOW64; Trident/7.0; SLCC2; .NET CLR 2.0.50727; .NET CLR 3.5.30729; .NET CLR 3.0.30729; .NET4.0C; .NET4.0E; InfoPath.3)"
152.42.181.146 - - [15/Apr/2026:20:45:32 +0000] "GET /wp-login.php HTTP/2" 200 1862 "-" "Mozilla/5.0 (Macintosh; Intel Mac OS X 10_13_4) AppleWebKit/537.36 (KHTML, like Gecko) Chrome/67.0.3396.62 Safari/537.36"
152.42.181.146 - - [15/Apr/2026:20:45:33 +0000] "POST /wp-login.php HTTP/2" 200 1992 "https://999we.pk/wp-login.php" "Mozilla/5.0 (Macintosh; Intel Mac OS X 10_13_4) AppleWebKit/537.36 (KHTML, like Gecko) Chrome/67.0.3396.62 Safari/537.36"
185.244.36.210 - - [15/Apr/2026:20:46:55 +0000] "POST /wp-cron.php?doing_wp_cron=1776286015.3787350654602050781250 HTTP/1.1" 200 0 "-" "WordPress/6.9.4; https://999we.pk"
103.74.123.125 - - [15/Apr/2026:20:49:50 +0000] "GET /wp-login.php HTTP/2" 200 1862 "-" "Mozilla/4.0 (compatible; MSIE 7.0; Windows NT 6.2; Win64; x64; Trident/7.0; .NET4.0C; .NET4.0E; .NET CLR 2.0.50727; .NET CLR 3.0.30729; .NET CLR 3.5.30729)"
185.244.36.210 - - [15/Apr/2026:20:49:54 +0000] "POST /wp-cron.php?doing_wp_cron=1776286194.3747880458831787109375 HTTP/1.1" 200 0 "-" "WordPress/6.9.4; https://999we.pk"
103.74.123.125 - - [15/Apr/2026:20:49:50 +0000] "POST /wp-login.php HTTP/2" 200 1992 "https://999we.pk.millwin.org/wp-login.php" "Mozilla/4.0 (compatible; MSIE 7.0; Windows NT 6.2; Win64; x64; Trident/7.0; .NET4.0C; .NET4.0E; .NET CLR 2.0.50727; .NET CLR 3.0.30729; .NET CLR 3.5.30729)"
135.236.141.8 - - [15/Apr/2026:21:13:55 +0000] "GET /wp-login.php HTTP/2" 200 1862 "-" "Mozilla/5.0 (Windows NT 6.3; Trident/7.0; rv 11.0) like Gecko"
185.244.36.210 - - [15/Apr/2026:21:14:00 +0000] "POST /wp-cron.php?doing_wp_cron=1776287640.3721289634704589843750 HTTP/1.1" 200 0 "-" "WordPress/6.9.4; https://999we.pk"
135.236.141.8 - - [15/Apr/2026:21:13:55 +0000] "POST /wp-login.php HTTP/2" 200 1992 "https://999we.pk.millwin.org/wp-login.php" "Mozilla/5.0 (Windows NT 6.3; Trident/7.0; rv 11.0) like Gecko"
185.244.36.210 - - [15/Apr/2026:21:19:56 +0000] "POST /wp-cron.php?doing_wp_cron=1776287996.0679910182952880859375 HTTP/1.1" 200 0 "-" "WordPress/6.9.4; https://999we.pk"
165.232.124.247 - - [15/Apr/2026:21:48:18 +0000] "GET /wp-login.php HTTP/2" 200 1862 "-" "Mozilla/5.0 (Windows NT 6.1) AppleWebKit/537.36 (KHTML, like Gecko) Chrome/67.0.3396.87 Safari/537.36"
185.244.36.210 - - [15/Apr/2026:21:48:22 +0000] "POST /wp-cron.php?doing_wp_cron=1776289701.9692759513854980468750 HTTP/1.1" 200 0 "-" "WordPress/6.9.4; https://999we.pk"
165.232.124.247 - - [15/Apr/2026:21:48:18 +0000] "POST /wp-login.php HTTP/2" 200 1992 "https://999we.pk.millwin.org/wp-login.php" "Mozilla/5.0 (Windows NT 6.1) AppleWebKit/537.36 (KHTML, like Gecko) Chrome/67.0.3396.87 Safari/537.36"
185.244.36.210 - - [15/Apr/2026:20:23:18 +0000] "POST /wp-cron.php?doing_wp_cron=1776284598.6945939064025878906250 HTTP/1.1" 200 0 "-" "WordPress/6.9.4; https://999we.pk"
185.244.36.210 - - [15/Apr/2026:20:27:13 +0000] "POST /wp-cron.php?doing_wp_cron=1776284833.1666541099548339843750 HTTP/1.1" 200 0 "-" "WordPress/6.9.4; https://999we.pk"
203.81.238.5 - - [15/Apr/2026:20:27:08 +0000] "POST /wp-admin/admin-ajax.php HTTP/2" 200 50 "https://999we.pk/wp-admin/index.php" "Mozilla/5.0 (Macintosh; Intel Mac OS X 10_15_7) AppleWebKit/537.36 (KHTML, like Gecko) Chrome/146.0.0.0 Safari/537.36"
185.244.36.210 - - [15/Apr/2026:20:29:15 +0000] "POST /wp-cron.php?doing_wp_cron=1776284955.4836521148681640625000 HTTP/1.1" 200 0 "-" "WordPress/6.9.4; https://999we.pk"
203.81.238.5 - - [15/Apr/2026:20:29:09 +0000] "POST /wp-admin/admin-ajax.php HTTP/2" 200 50 "https://999we.pk/wp-admin/index.php" "Mozilla/5.0 (Macintosh; Intel Mac OS X 10_15_7) AppleWebKit/537.36 (KHTML, like Gecko) Chrome/146.0.0.0 Safari/537.36"
203.81.238.5 - - [15/Apr/2026:20:30:38 +0000] "POST /wp-login.php HTTP/2" 200 0 "https://999we.pk/wp-login.php?interim-login=1&wp_lang=en_US" "Mozilla/5.0 (Macintosh; Intel Mac OS X 10_15_7) AppleWebKit/537.36 (KHTML, like Gecko) Chrome/146.0.0.0 Safari/537.36"
203.81.238.5 - - [15/Apr/2026:20:30:36 +0000] "POST /wp-admin/admin-ajax.php HTTP/2" 200 50 "https://999we.pk/wp-admin/index.php" "Mozilla/5.0 (Macintosh; Intel Mac OS X 10_15_7) AppleWebKit/537.36 (KHTML, like Gecko) Chrome/146.0.0.0 Safari/537.36"
203.81.238.5 - - [15/Apr/2026:20:30:42 +0000] "POST /wp-login.php HTTP/2" 200 2037 "https://999we.pk/wp-login.php?interim-login=1&wp_lang=en_US" "Mozilla/5.0 (Macintosh; Intel Mac OS X 10_15_7) AppleWebKit/537.36 (KHTML, like Gecko) Chrome/146.0.0.0 Safari/537.36"
203.81.238.5 - - [15/Apr/2026:20:31:36 +0000] "POST /wp-admin/admin-ajax.php HTTP/2" 200 50 "https://999we.pk/wp-admin/index.php" "Mozilla/5.0 (Macintosh; Intel Mac OS X 10_15_7) AppleWebKit/537.36 (KHTML, like Gecko) Chrome/146.0.0.0 Safari/537.36"
185.244.36.210 - - [15/Apr/2026:20:36:04 +0000] "POST /wp-cron.php?doing_wp_cron=1776285364.7822499275207519531250 HTTP/1.1" 200 0 "-" "WordPress/6.9.4; https://999we.pk"
185.244.36.210 - - [15/Apr/2026:20:45:35 +0000] "POST /wp-cron.php?doing_wp_cron=1776285935.1666719913482666015625 HTTP/1.1" 200 0 "-" "WordPress/6.9.4; https://999we.pk"
118.27.18.224 - - [15/Apr/2026:20:46:48 +0000] "GET /wp-login.php HTTP/2" 200 1862 "-" "Mozilla/5.0 (Macintosh; Intel Mac OS X 10_11_6) AppleWebKit/537.36 (KHTML, like Gecko) Chrome/67.0.3396.87 Safari/537.36"
118.27.18.224 - - [15/Apr/2026:20:46:51 +0000] "POST /wp-login.php HTTP/2" 200 1992 "https://999we.pk.millwin.org/wp-login.php" "Mozilla/5.0 (Macintosh; Intel Mac OS X 10_11_6) AppleWebKit/537.36 (KHTML, like Gecko) Chrome/67.0.3396.87 Safari/537.36"
185.244.36.210 - - [15/Apr/2026:21:17:56 +0000] "POST /wp-cron.php?doing_wp_cron=1776287876.9726300239562988281250 HTTP/1.1" 200 0 "-" "WordPress/6.9.4; https://999we.pk"
103.121.26.217 - - [15/Apr/2026:21:19:52 +0000] "GET /wp-login.php HTTP/2" 200 1862 "-" "Mozilla/5.0 (Windows NT 10.0; Win64; x64; Trident/7.0; Touch; rv:11.0) like Gecko"
103.121.26.217 - - [15/Apr/2026:21:19:52 +0000] "POST /wp-login.php HTTP/2" 200 1992 "https://999we.pk.millwin.org/wp-login.php" "Mozilla/5.0 (Windows NT 10.0; Win64; x64; Trident/7.0; Touch; rv:11.0) like Gecko"
69.49.112.61 - - [15/Apr/2026:22:40:48 +0000] "GET /wp-login.php HTTP/2" 200 1862 "-" "Mozilla/5.0 (Macintosh; Intel Mac OS X 10_13_4) AppleWebKit/605.1.15 (KHTML, like Gecko) Version/11.1 Safari/605.1.15"
69.49.112.61 - - [15/Apr/2026:22:40:48 +0000] "POST /wp-login.php HTTP/2" 200 1992 "https://999we.pk/wp-login.php" "Mozilla/5.0 (Macintosh; Intel Mac OS X 10_13_4) AppleWebKit/605.1.15 (KHTML, like Gecko) Version/11.1 Safari/605.1.15"
185.244.36.210 - - [15/Apr/2026:22:47:16 +0000] "POST /wp-cron.php?doing_wp_cron=1776293236.5744819641113281250000 HTTP/1.1" 200 0 "-" "WordPress/6.9.4; https://999we.pk"
104.244.79.40 - - [15/Apr/2026:23:05:39 +0000] "GET /wp-login.php HTTP/2" 200 1862 "-" "Mozilla/5.0 (Windows NT 10.0; Win64; x64) AppleWebKit/537.36 (KHTML, like Gecko) Chrome/66.0.3359.117 Safari/537.36"
185.244.36.210 - - [15/Apr/2026:23:05:43 +0000] "POST /wp-cron.php?doing_wp_cron=1776294343.0582599639892578125000 HTTP/1.1" 200 0 "-" "WordPress/6.9.4; https://999we.pk"
104.244.79.40 - - [15/Apr/2026:23:05:39 +0000] "POST /wp-login.php HTTP/2" 200 1992 "https://999we.pk.millwin.org/wp-login.php" "Mozilla/5.0 (Windows NT 10.0; Win64; x64) AppleWebKit/537.36 (KHTML, like Gecko) Chrome/66.0.3359.117 Safari/537.36"
103.28.36.220 - - [15/Apr/2026:22:11:06 +0000] "GET /wp-login.php HTTP/2" 200 1862 "-" "Mozilla/4.0 (compatible; MSIE 7.0; Windows NT 6.1; WOW64; Trident/7.0; SLCC2; Media Center PC 6.0; .NET CLR 3.5.30729; .NET CLR 3.0.30729; .NET CLR 2.0.50727; .NET4.0C; .NET4.0E)"
185.244.36.210 - - [15/Apr/2026:22:11:10 +0000] "POST /wp-cron.php?doing_wp_cron=1776291070.5717930793762207031250 HTTP/1.1" 200 0 "-" "WordPress/6.9.4; https://999we.pk"
103.28.36.220 - - [15/Apr/2026:22:11:07 +0000] "POST /wp-login.php HTTP/2" 200 1992 "https://999we.pk/wp-login.php" "Mozilla/4.0 (compatible; MSIE 7.0; Windows NT 6.1; WOW64; Trident/7.0; SLCC2; Media Center PC 6.0; .NET CLR 3.5.30729; .NET CLR 3.0.30729; .NET CLR 2.0.50727; .NET4.0C; .NET4.0E)"
66.116.198.179 - - [15/Apr/2026:22:25:02 +0000] "GET /wp-login.php HTTP/2" 200 1862 "-" "Mozilla/4.0 (compatible; MSIE 7.0; Windows NT 6.2; Win64; x64; Trident/7.0; .NET4.0C; .NET4.0E; .NET CLR 2.0.50727; .NET CLR 3.0.30729; .NET CLR 3.5.30729; InfoPath.3)"
185.244.36.210 - - [15/Apr/2026:22:25:09 +0000] "POST /wp-cron.php?doing_wp_cron=1776291909.2598299980163574218750 HTTP/1.1" 200 0 "-" "WordPress/6.9.4; https://999we.pk"
66.116.198.179 - - [15/Apr/2026:22:25:05 +0000] "POST /wp-login.php HTTP/2" 200 1992 "https://999we.pk/wp-login.php" "Mozilla/4.0 (compatible; MSIE 7.0; Windows NT 6.2; Win64; x64; Trident/7.0; .NET4.0C; .NET4.0E; .NET CLR 2.0.50727; .NET CLR 3.0.30729; .NET CLR 3.5.30729; InfoPath.3)"
185.244.36.210 - - [15/Apr/2026:22:40:50 +0000] "POST /wp-cron.php?doing_wp_cron=1776292850.8584311008453369140625 HTTP/1.1" 200 0 "-" "WordPress/6.9.4; https://999we.pk"
216.172.161.50 - - [15/Apr/2026:22:47:05 +0000] "GET /wp-login.php HTTP/2" 200 1862 "-" "Mozilla/5.0 (Windows NT 10.0; WOW64) AppleWebKit/537.36 (KHTML, like Gecko) Chrome/65.0.3325.181 Safari/537.36 OPR/52.0.2871.40"
216.172.161.50 - - [15/Apr/2026:22:47:16 +0000] "POST /wp-login.php HTTP/2" 200 1992 "https://999we.pk/wp-login.php" "Mozilla/5.0 (Windows NT 10.0; WOW64) AppleWebKit/537.36 (KHTML, like Gecko) Chrome/65.0.3325.181 Safari/537.36 OPR/52.0.2871.40"
185.244.36.210 - - [15/Apr/2026:23:19:57 +0000] "POST /wp-cron.php?doing_wp_cron=1776295197.7569570541381835937500 HTTP/1.1" 200 0 "-" "WordPress/6.9.4; https://999we.pk"
185.244.36.210 - - [15/Apr/2026:23:46:47 +0000] "POST /wp-cron.php?doing_wp_cron=1776296807.3108971118927001953125 HTTP/1.1" 200 0 "-" "WordPress/6.9.4; https://999we.pk"
107.151.244.171 - - [15/Apr/2026:23:46:46 +0000] "POST / HTTP/1.1" 200 27340 "-" "Mozilla/5.0 (Windows NT 10.0; Win64; x64) AppleWebKit/537.36 (KHTML, like Gecko) Chrome/141.0.0.0 Safari/537.36"
107.151.244.171 - - [15/Apr/2026:23:46:47 +0000] "POST /index.php HTTP/1.1" 200 27340 "-" "Mozilla/5.0 (Windows NT 10.0; Win64; x64) AppleWebKit/537.36 (KHTML, like Gecko) Chrome/141.0.0.0 Safari/537.36"
107.151.244.171 - - [15/Apr/2026:23:46:48 +0000] "POST /admin HTTP/1.1" 302 0 "-" "Mozilla/5.0 (Windows NT 10.0; Win64; x64) AppleWebKit/537.36 (KHTML, like Gecko) Chrome/141.0.0.0 Safari/537.36"
107.151.244.171 - - [15/Apr/2026:23:46:49 +0000] "GET /wp-admin/ HTTP/1.1" 302 0 "https://999we.pk:443/admin" "Mozilla/5.0 (Windows NT 10.0; Win64; x64) AppleWebKit/537.36 (KHTML, like Gecko) Chrome/141.0.0.0 Safari/537.36"
107.151.244.171 - - [15/Apr/2026:23:46:50 +0000] "GET /wp-login.php?redirect_to=https%3A%2F%2F999we.pk%2Fwp-admin%2F&reauth=1 HTTP/1.1" 200 2096 "https://999we.pk/wp-admin/" "Mozilla/5.0 (Windows NT 10.0; Win64; x64) AppleWebKit/537.36 (KHTML, like Gecko) Chrome/141.0.0.0 Safari/537.36"
107.151.244.171 - - [15/Apr/2026:23:46:50 +0000] "POST /api HTTP/1.1" 404 17816 "-" "Mozilla/5.0 (Windows NT 10.0; Win64; x64) AppleWebKit/537.36 (KHTML, like Gecko) Chrome/141.0.0.0 Safari/537.36"
94.247.172.129 - - [16/Apr/2026:00:01:19 +0000] "GET / HTTP/1.1" 200 19001 "-" "Mozilla/5.0 (Macintosh; Intel Mac OS X 10_9_2)"
185.244.36.210 - - [16/Apr/2026:00:14:19 +0000] "POST /wp-cron.php?doing_wp_cron=1776298459.4215700626373291015625 HTTP/1.1" 200 0 "-" "WordPress/6.9.4; https://999we.pk"
165.154.206.139 - - [16/Apr/2026:00:25:50 +0000] "GET /favicon.ico HTTP/1.1" 404 796 "-" "Go-http-client/1.1"
165.154.206.139 - - [16/Apr/2026:00:25:51 +0000] "GET /sitemap.xml HTTP/1.1" 301 0 "-" "Go-http-client/1.1"
165.154.206.139 - - [16/Apr/2026:00:25:54 +0000] "GET /sitemap_index.xml HTTP/1.1" 200 287 "https://999we.pk/sitemap.xml" "Go-http-client/1.1"
185.244.36.210 - - [16/Apr/2026:00:30:48 +0000] "POST /wp-cron.php?doing_wp_cron=1776299448.2600460052490234375000 HTTP/1.1" 200 0 "-" "WordPress/6.9.4; https://999we.pk"
185.244.36.210 - - [16/Apr/2026:00:38:40 +0000] "POST /wp-cron.php?doing_wp_cron=1776299920.6594650745391845703125 HTTP/1.1" 200 0 "-" "WordPress/6.9.4; https://999we.pk"
185.244.36.210 - - [16/Apr/2026:00:45:11 +0000] "POST /wp-cron.php?doing_wp_cron=1776300311.1570620536804199218750 HTTP/1.1" 200 0 "-" "WordPress/6.9.4; https://999we.pk"
103.91.245.241 - - [16/Apr/2026:00:51:43 +0000] "GET /wp-login.php HTTP/2" 200 1862 "-" "Mozilla/5.0 (Windows NT 6.1; Win64; x64) AppleWebKit/537.36 (KHTML, like Gecko) Chrome/66.0.3359.117 Safari/537.36"
185.244.36.210 - - [16/Apr/2026:00:51:45 +0000] "POST /wp-cron.php?doing_wp_cron=1776300705.1791250705718994140625 HTTP/1.1" 200 0 "-" "WordPress/6.9.4; https://999we.pk"
103.91.245.241 - - [16/Apr/2026:00:51:43 +0000] "POST /wp-login.php HTTP/2" 200 1993 "https://999we.pk.millwin.org/wp-login.php" "Mozilla/5.0 (Windows NT 6.1; Win64; x64) AppleWebKit/537.36 (KHTML, like Gecko) Chrome/66.0.3359.117 Safari/537.36"
51.83.185.163 - - [16/Apr/2026:01:05:56 +0000] "GET /wp-login.php HTTP/2" 200 1862 "-" "Mozilla/5.0 (Windows NT 6.1; WOW64; Trident/7.0; EIE11;ENUSMSN; rv:11.0) like Gecko"
51.83.185.163 - - [16/Apr/2026:01:05:56 +0000] "POST /wp-login.php HTTP/2" 200 1992 "https://999we.pk/wp-login.php" "Mozilla/5.0 (Windows NT 6.1; WOW64; Trident/7.0; EIE11;ENUSMSN; rv:11.0) like Gecko"
185.244.36.210 - - [16/Apr/2026:01:19:29 +0000] "POST /wp-cron.php?doing_wp_cron=1776302369.6591188907623291015625 HTTP/1.1" 200 0 "-" "WordPress/6.9.4; https://999we.pk"
185.244.36.210 - - [16/Apr/2026:01:21:42 +0000] "POST /wp-cron.php?doing_wp_cron=1776302501.9956660270690917968750 HTTP/1.1" 200 0 "-" "WordPress/6.9.4; https://999we.pk"
165.232.124.247 - - [16/Apr/2026:01:50:47 +0000] "GET /wp-login.php HTTP/2" 200 1862 "-" "Mozilla/5.0 (Windows NT 10.0; Win64; x64) AppleWebKit/537.36 (KHTML, like Gecko) Chrome/63.0.3239.132 Safari/537.36 OPR/50.0.2762.67"
165.232.124.247 - - [16/Apr/2026:01:50:47 +0000] "POST /wp-login.php HTTP/2" 200 1992 "https://999we.pk/wp-login.php" "Mozilla/5.0 (Windows NT 10.0; Win64; x64) AppleWebKit/537.36 (KHTML, like Gecko) Chrome/63.0.3239.132 Safari/537.36 OPR/50.0.2762.67"
67.20.76.238 - - [16/Apr/2026:02:14:24 +0000] "GET /wp-login.php HTTP/2" 200 1862 "-" "Mozilla/4.0 (compatible; MSIE 7.0; Windows NT 6.2; Win64; x64; Trident/7.0; .NET4.0C; .NET4.0E; .NET CLR 2.0.50727; .NET CLR 3.0.30729; .NET CLR 3.5.30729; InfoPath.3)"
67.20.76.238 - - [16/Apr/2026:02:14:26 +0000] "POST /wp-login.php HTTP/2" 200 1992 "https://999we.pk/wp-login.php" "Mozilla/4.0 (compatible; MSIE 7.0; Windows NT 6.2; Win64; x64; Trident/7.0; .NET4.0C; .NET4.0E; .NET CLR 2.0.50727; .NET CLR 3.0.30729; .NET CLR 3.5.30729; InfoPath.3)"
108.179.252.200 - - [16/Apr/2026:02:33:16 +0000] "GET /wp-login.php HTTP/2" 200 1862 "-" "Mozilla/5.0 (Windows NT 10.0; Win64; x64; Trident/7.0; rv:11.0) like Gecko"
108.179.252.200 - - [16/Apr/2026:02:33:17 +0000] "POST /wp-login.php HTTP/2" 200 1992 "https://999we.pk/wp-login.php" "Mozilla/5.0 (Windows NT 10.0; Win64; x64; Trident/7.0; rv:11.0) like Gecko"
69.163.186.214 - - [16/Apr/2026:02:39:40 +0000] "GET /wp-login.php HTTP/2" 200 1862 "-" "Mozilla/5.0 (Windows NT 6.3; Win64; x64; Trident/7.0; ASU2JS; rv:11.0) like Gecko"
185.244.36.210 - - [16/Apr/2026:00:01:19 +0000] "POST /wp-cron.php?doing_wp_cron=1776297679.4773590564727783203125 HTTP/1.1" 200 0 "-" "WordPress/6.9.4; https://999we.pk"
94.247.172.129 - - [16/Apr/2026:00:01:17 +0000] "GET / HTTP/1.1" 301 0 "-" "Mozilla/5.0 (Macintosh; Intel Mac OS X 10_9_2)"
103.216.117.42 - - [16/Apr/2026:00:21:38 +0000] "GET /wp-login.php HTTP/2" 200 1862 "-" "Mozilla/5.0 (Windows NT 6.3; WOW64; Trident/7.0; MATMJS; rv:11.0) like Gecko"
185.244.36.210 - - [16/Apr/2026:00:21:44 +0000] "POST /wp-cron.php?doing_wp_cron=1776298904.1625270843505859375000 HTTP/1.1" 200 0 "-" "WordPress/6.9.4; https://999we.pk"
103.216.117.42 - - [16/Apr/2026:00:21:39 +0000] "POST /wp-login.php HTTP/2" 200 1992 "https://999we.pk/wp-login.php" "Mozilla/5.0 (Windows NT 6.3; WOW64; Trident/7.0; MATMJS; rv:11.0) like Gecko"
165.154.206.139 - - [16/Apr/2026:00:25:51 +0000] "GET /robots.txt HTTP/1.1" 200 108 "-" "Go-http-client/1.1"
185.244.36.210 - - [16/Apr/2026:00:42:58 +0000] "POST /wp-cron.php?doing_wp_cron=1776300178.8706560134887695312500 HTTP/1.1" 200 0 "-" "WordPress/6.9.4; https://999we.pk"
185.244.36.210 - - [16/Apr/2026:01:06:02 +0000] "POST /wp-cron.php?doing_wp_cron=1776301562.5824968814849853515625 HTTP/1.1" 200 0 "-" "WordPress/6.9.4; https://999we.pk"
103.221.221.121 - - [16/Apr/2026:01:19:23 +0000] "GET /wp-login.php HTTP/2" 200 1862 "-" "Mozilla/5.0 (Windows NT 6.3; Win64; x64; Trident/7.0; Touch; MALNJS; rv:11.0) like Gecko"
103.221.221.121 - - [16/Apr/2026:01:19:26 +0000] "POST /wp-login.php HTTP/2" 200 1992 "https://999we.pk/wp-login.php" "Mozilla/5.0 (Windows NT 6.3; Win64; x64; Trident/7.0; Touch; MALNJS; rv:11.0) like Gecko"
103.91.245.241 - - [16/Apr/2026:01:21:38 +0000] "GET /wp-login.php HTTP/2" 200 1862 "-" "Mozilla/5.0 (Macintosh; Intel Mac OS X 10_13_5) AppleWebKit/537.36 (KHTML, like Gecko) Chrome/67.0.3396.62 Safari/537.36"
103.91.245.241 - - [16/Apr/2026:01:21:39 +0000] "POST /wp-login.php HTTP/2" 200 1992 "https://999we.pk.millwin.org/wp-login.php" "Mozilla/5.0 (Macintosh; Intel Mac OS X 10_13_5) AppleWebKit/537.36 (KHTML, like Gecko) Chrome/67.0.3396.62 Safari/537.36"
185.244.36.210 - - [16/Apr/2026:01:50:53 +0000] "POST /wp-cron.php?doing_wp_cron=1776304253.6566679477691650390625 HTTP/1.1" 200 0 "-" "WordPress/6.9.4; https://999we.pk"
185.244.36.210 - - [16/Apr/2026:02:14:29 +0000] "POST /wp-cron.php?doing_wp_cron=1776305669.1657879352569580078125 HTTP/1.1" 200 0 "-" "WordPress/6.9.4; https://999we.pk"
185.244.36.210 - - [16/Apr/2026:02:16:04 +0000] "POST /wp-cron.php?doing_wp_cron=1776305764.7683289051055908203125 HTTP/1.1" 200 0 "-" "WordPress/6.9.4; https://999we.pk"
100.42.176.42 - - [16/Apr/2026:02:22:04 +0000] "GET /wp-login.php HTTP/2" 200 1862 "-" "Mozilla/5.0 (Windows NT 6.1; WOW64; Trident/7.0; MSBrowserIE; rv:11.0) like Gecko"
185.244.36.210 - - [16/Apr/2026:02:22:07 +0000] "POST /wp-cron.php?doing_wp_cron=1776306127.3816111087799072265625 HTTP/1.1" 200 0 "-" "WordPress/6.9.4; https://999we.pk"
100.42.176.42 - - [16/Apr/2026:02:22:04 +0000] "POST /wp-login.php HTTP/2" 200 1993 "https://999we.pk.millwin.org/wp-login.php" "Mozilla/5.0 (Windows NT 6.1; WOW64; Trident/7.0; MSBrowserIE; rv:11.0) like Gecko"
65.111.24.107 - - [16/Apr/2026:02:31:11 +0000] "GET / HTTP/1.1" 200 19001 "-" "Mozilla/5.0 (compatible; WebRecon/1.0; +https://github.com/webrecon)"
185.244.36.210 - - [16/Apr/2026:02:33:23 +0000] "POST /wp-cron.php?doing_wp_cron=1776306803.4726779460906982421875 HTTP/1.1" 200 0 "-" "WordPress/6.9.4; https://999we.pk"
185.244.36.210 - - [16/Apr/2026:02:39:41 +0000] "POST /wp-cron.php?doing_wp_cron=1776307181.6221539974212646484375 HTTP/1.1" 200 0 "-" "WordPress/6.9.4; https://999we.pk"
185.244.36.210 - - [16/Apr/2026:02:43:11 +0000] "POST /wp-cron.php?doing_wp_cron=1776307391.4678330421447753906250 HTTP/1.1" 200 0 "-" "WordPress/6.9.4; https://999we.pk"
185.244.36.210 - - [16/Apr/2026:02:52:07 +0000] "POST /wp-cron.php?doing_wp_cron=1776307927.5571570396423339843750 HTTP/1.1" 200 0 "-" "WordPress/6.9.4; https://999we.pk"
69.163.186.214 - - [16/Apr/2026:02:39:40 +0000] "POST /wp-login.php HTTP/2" 200 1992 "https://999we.pk/wp-login.php" "Mozilla/5.0 (Windows NT 6.3; Win64; x64; Trident/7.0; ASU2JS; rv:11.0) like Gecko"
100.26.246.145 - - [16/Apr/2026:02:41:05 +0000] "GET /wp-login.php HTTP/2" 200 1862 "-" "Mozilla/5.0 (X11; Datanyze; Linux x86_64) AppleWebKit/537.36 (KHTML, like Gecko) Chrome/65.0.3325.181 Safari/537.36"
185.244.36.210 - - [16/Apr/2026:02:41:09 +0000] "POST /wp-cron.php?doing_wp_cron=1776307269.3605589866638183593750 HTTP/1.1" 200 0 "-" "WordPress/6.9.4; https://999we.pk"
100.26.246.145 - - [16/Apr/2026:02:41:07 +0000] "POST /wp-login.php HTTP/2" 200 1993 "https://999we.pk.millwin.org/wp-login.php" "Mozilla/5.0 (X11; Datanyze; Linux x86_64) AppleWebKit/537.36 (KHTML, like Gecko) Chrome/65.0.3325.181 Safari/537.36"
139.59.217.211 - - [16/Apr/2026:02:43:06 +0000] "GET /wp-login.php HTTP/2" 200 1862 "-" "Mozilla/5.0 (Windows NT 6.1; WOW64; Trident/7.0; MATP; rv:11.0) like Gecko"
139.59.217.211 - - [16/Apr/2026:02:43:07 +0000] "POST /wp-login.php HTTP/2" 200 1992 "https://999we.pk/wp-login.php" "Mozilla/5.0 (Windows NT 6.1; WOW64; Trident/7.0; MATP; rv:11.0) like Gecko"
216.172.161.15 - - [16/Apr/2026:02:52:05 +0000] "GET /wp-login.php HTTP/2" 200 1862 "-" "Mozilla/4.0 (compatible; MSIE 7.0; Windows NT 6.1; WOW64; Trident/7.0; SLCC2; .NET CLR 2.0.50727; .NET CLR 3.5.30729; .NET CLR 3.0.30729; InfoPath.2; .NET4.0C; .NET4.0E)"
216.172.161.15 - - [16/Apr/2026:02:52:06 +0000] "POST /wp-login.php HTTP/2" 200 1992 "https://999we.pk/wp-login.php" "Mozilla/4.0 (compatible; MSIE 7.0; Windows NT 6.1; WOW64; Trident/7.0; SLCC2; .NET CLR 2.0.50727; .NET CLR 3.5.30729; .NET CLR 3.0.30729; InfoPath.2; .NET4.0C; .NET4.0E)"
173.254.104.177 - - [16/Apr/2026:03:04:27 +0000] "GET /wp-login.php HTTP/2" 200 1862 "-" "Mozilla/5.0 (Macintosh; Intel Mac OS X 10_13_1) AppleWebKit/604.3.5 (KHTML, like Gecko) Version/11.0.1 Safari/604.3.5"
185.244.36.210 - - [16/Apr/2026:03:04:30 +0000] "POST /wp-cron.php?doing_wp_cron=1776308670.4644091129302978515625 HTTP/1.1" 200 0 "-" "WordPress/6.9.4; https://999we.pk"
173.254.104.177 - - [16/Apr/2026:03:04:28 +0000] "POST /wp-login.php HTTP/2" 200 1992 "https://999we.pk.millwin.org/wp-login.php" "Mozilla/5.0 (Macintosh; Intel Mac OS X 10_13_1) AppleWebKit/604.3.5 (KHTML, like Gecko) Version/11.0.1 Safari/604.3.5"
142.93.9.162 - - [16/Apr/2026:03:23:24 +0000] "GET /wp-login.php HTTP/2" 200 1862 "-" "Mozilla/4.0 (compatible; MSIE 7.0; Windows NT 6.1; Trident/7.0; SLCC2; Media Center PC 6.0; .NET CLR 3.5.30729; .NET CLR 3.0.30729; .NET CLR 2.0.50727; .NET4.0C; .NET4.0E)"
185.244.36.210 - - [16/Apr/2026:03:23:31 +0000] "POST /wp-cron.php?doing_wp_cron=1776309810.9069180488586425781250 HTTP/1.1" 200 0 "-" "WordPress/6.9.4; https://999we.pk"
142.93.9.162 - - [16/Apr/2026:03:23:27 +0000] "POST /wp-login.php HTTP/2" 200 1992 "https://999we.pk/wp-login.php" "Mozilla/4.0 (compatible; MSIE 7.0; Windows NT 6.1; Trident/7.0; SLCC2; Media Center PC 6.0; .NET CLR 3.5.30729; .NET CLR 3.0.30729; .NET CLR 2.0.50727; .NET4.0C; .NET4.0E)"
185.244.36.210 - - [16/Apr/2026:04:04:08 +0000] "POST /wp-cron.php?doing_wp_cron=1776312247.9758429527282714843750 HTTP/1.1" 200 0 "-" "WordPress/6.9.4; https://999we.pk"
142.93.9.162 - - [16/Apr/2026:04:24:53 +0000] "GET /wp-login.php HTTP/2" 200 1862 "-" "Mozilla/4.0 (compatible; MSIE 7.0; Windows NT 6.2; WOW64; Trident/7.0; .NET4.0C; .NET4.0E; InfoPath.3; .NET CLR 2.0.50727; .NET CLR 3.0.30729; .NET CLR 3.5.30729)"
142.93.9.162 - - [16/Apr/2026:04:24:53 +0000] "POST /wp-login.php HTTP/2" 200 1992 "https://999we.pk/wp-login.php" "Mozilla/4.0 (compatible; MSIE 7.0; Windows NT 6.2; WOW64; Trident/7.0; .NET4.0C; .NET4.0E; InfoPath.3; .NET CLR 2.0.50727; .NET CLR 3.0.30729; .NET CLR 3.5.30729)"
211.21.61.225 - - [16/Apr/2026:04:50:10 +0000] "GET /wp-login.php HTTP/2" 200 1862 "-" "Mozilla/5.0 (Windows NT 6.3; WOW64; Trident/7.0; Touch; MDDCJS; rv:11.0) like Gecko"
108.167.132.74 - - [16/Apr/2026:04:04:05 +0000] "GET /wp-login.php HTTP/2" 200 1862 "-" "Mozilla/5.0 (Windows NT 6.2; Win64; x64) AppleWebKit/537.36 (KHTML, like Gecko) Chrome/65.0.3325.181 Safari/537.36 OPR/52.0.2871.99"
108.167.132.74 - - [16/Apr/2026:04:04:05 +0000] "POST /wp-login.php HTTP/2" 200 1992 "https://999we.pk.millwin.org/wp-login.php" "Mozilla/5.0 (Windows NT 6.2; Win64; x64) AppleWebKit/537.36 (KHTML, like Gecko) Chrome/65.0.3325.181 Safari/537.36 OPR/52.0.2871.99"
75.119.221.118 - - [16/Apr/2026:04:12:58 +0000] "GET /wp-login.php HTTP/2" 200 1862 "-" "Mozilla/5.0 (Windows NT 6.3; Win64; x64) AppleWebKit/537.36 (KHTML, like Gecko) Chrome/58.0.3029.110 Safari/537.36 Edge/16.16299"
185.244.36.210 - - [16/Apr/2026:04:13:03 +0000] "POST /wp-cron.php?doing_wp_cron=1776312782.9579269886016845703125 HTTP/1.1" 200 0 "-" "WordPress/6.9.4; https://999we.pk"
75.119.221.118 - - [16/Apr/2026:04:12:58 +0000] "POST /wp-login.php HTTP/2" 200 1993 "https://999we.pk.millwin.org/wp-login.php" "Mozilla/5.0 (Windows NT 6.3; Win64; x64) AppleWebKit/537.36 (KHTML, like Gecko) Chrome/58.0.3029.110 Safari/537.36 Edge/16.16299"
185.244.36.210 - - [16/Apr/2026:04:24:57 +0000] "POST /wp-cron.php?doing_wp_cron=1776313497.2620980739593505859375 HTTP/1.1" 200 0 "-" "WordPress/6.9.4; https://999we.pk"
185.244.36.210 - - [16/Apr/2026:04:50:12 +0000] "POST /wp-cron.php?doing_wp_cron=1776315012.5480060577392578125000 HTTP/1.1" 200 0 "-" "WordPress/6.9.4; https://999we.pk"
185.244.36.210 - - [16/Apr/2026:05:13:18 +0000] "POST /wp-cron.php?doing_wp_cron=1776316398.1784939765930175781250 HTTP/1.1" 200 0 "-" "WordPress/6.9.4; https://999we.pk"
185.244.36.210 - - [16/Apr/2026:05:39:56 +0000] "POST /wp-cron.php?doing_wp_cron=1776317996.6748108863830566406250 HTTP/1.1" 200 0 "-" "WordPress/6.9.4; https://999we.pk"
185.244.36.210 - - [16/Apr/2026:05:41:19 +0000] "POST /wp-cron.php?doing_wp_cron=1776318079.5348050594329833984375 HTTP/1.1" 200 0 "-" "WordPress/6.9.4; https://999we.pk"
104.28.155.35 - - [16/Apr/2026:05:43:09 +0000] "POST /wp-login.php HTTP/1.1" 200 2231 "-" "Mozilla/5.0 (Windows NT 10.0; Win64; x64) AppleWebKit/537.36 Chrome/129.0.0.0 Safari/537.36"
185.244.36.210 - - [16/Apr/2026:05:47:05 +0000] "POST /wp-cron.php?doing_wp_cron=1776318424.9585649967193603515625 HTTP/1.1" 200 0 "-" "WordPress/6.9.4; https://999we.pk"
103.121.26.217 - - [16/Apr/2026:06:11:53 +0000] "GET /wp-login.php HTTP/2" 200 1862 "-" "Mozilla/5.0 (Windows NT 10.0; Win64; x64) AppleWebKit/537.36 (KHTML, like Gecko) Chrome/64.0.3282.140 Safari/537.36 Edge/17.17134"
103.121.26.217 - - [16/Apr/2026:06:11:56 +0000] "POST /wp-login.php HTTP/2" 200 1992 "https://999we.pk.millwin.org/wp-login.php" "Mozilla/5.0 (Windows NT 10.0; Win64; x64) AppleWebKit/537.36 (KHTML, like Gecko) Chrome/64.0.3282.140 Safari/537.36 Edge/17.17134"
67.222.38.94 - - [16/Apr/2026:06:13:47 +0000] "GET /wp-login.php HTTP/2" 200 1862 "-" "Mozilla/5.0 (Macintosh; Intel Mac OS X 10_12) AppleWebKit/602.1.50 (KHTML, like Gecko) Version/10.0 Safari/602.1.50"
185.244.36.210 - - [16/Apr/2026:06:13:52 +0000] "POST /wp-cron.php?doing_wp_cron=1776320032.2156879901885986328125 HTTP/1.1" 200 0 "-" "WordPress/6.9.4; https://999we.pk"
67.222.38.94 - - [16/Apr/2026:06:13:51 +0000] "POST /wp-login.php HTTP/2" 200 1993 "https://999we.pk.millwin.org/wp-login.php" "Mozilla/5.0 (Macintosh; Intel Mac OS X 10_12) AppleWebKit/602.1.50 (KHTML, like Gecko) Version/10.0 Safari/602.1.50"
211.21.61.225 - - [16/Apr/2026:04:50:11 +0000] "POST /wp-login.php HTTP/2" 200 1993 "https://999we.pk.millwin.org/wp-login.php" "Mozilla/5.0 (Windows NT 6.3; WOW64; Trident/7.0; Touch; MDDCJS; rv:11.0) like Gecko"
103.28.36.199 - - [16/Apr/2026:05:13:13 +0000] "GET /wp-login.php HTTP/2" 200 1862 "-" "Mozilla/5.0 (Windows NT 6.3; WOW64; Trident/7.0; MATPJS; rv:11.0) like Gecko"
103.28.36.199 - - [16/Apr/2026:05:13:14 +0000] "POST /wp-login.php HTTP/2" 200 1992 "https://999we.pk/wp-login.php" "Mozilla/5.0 (Windows NT 6.3; WOW64; Trident/7.0; MATPJS; rv:11.0) like Gecko"
104.28.155.35 - - [16/Apr/2026:05:23:48 +0000] "GET /wp-login.php HTTP/1.1" 200 2096 "-" "Mozilla/5.0 (Macintosh; Intel Mac OS X 10_15_7) AppleWebKit/605.1.15 Version/17.0 Safari/605.1.15"
185.244.36.210 - - [16/Apr/2026:05:23:50 +0000] "POST /wp-cron.php?doing_wp_cron=1776317030.0620369911193847656250 HTTP/1.1" 200 0 "-" "WordPress/6.9.4; https://999we.pk"
104.28.155.35 - - [16/Apr/2026:05:23:49 +0000] "GET /?author=1 HTTP/1.1" 301 0 "-" "Mozilla/5.0 (Windows NT 10.0; Win64; rv:143.0) Gecko/20100101 Firefox/143.0"
104.28.155.35 - - [16/Apr/2026:05:23:50 +0000] "GET /?rest_route=/wp/v2/users HTTP/1.1" 200 313 "-" "Mozilla/5.0 (Windows NT 10.0; Win64; x64) AppleWebKit/537.36 Chrome/129.0.0.0 Safari/537.36"
116.204.140.217 - - [16/Apr/2026:05:30:13 +0000] "GET /wp-content/uploads/2026/03/ChatGPT-Image-Mar-29-2026-12_16_46-AM.png HTTP/2" 200 2232093 "https://www.google.com/" "Mozilla/5.0 (Windows NT 10.0; Win64; x64) AppleWebKit/537.36 (KHTML, like Gecko) Chrome/147.0.0.0 Safari/537.36"
104.28.155.35 - - [16/Apr/2026:05:39:52 +0000] "POST /wp-login.php HTTP/1.1" 200 2231 "-" "Mozilla/5.0 (Windows NT 10.0; Win64; rv:143.0) Gecko/20100101 Firefox/143.0"
185.244.36.210 - - [16/Apr/2026:05:42:14 +0000] "POST /wp-cron.php?doing_wp_cron=1776318134.6586170196533203125000 HTTP/1.1" 200 0 "-" "WordPress/6.9.4; https://999we.pk"
185.244.36.210 - - [16/Apr/2026:05:43:15 +0000] "POST /wp-cron.php?doing_wp_cron=1776318195.7348239421844482421875 HTTP/1.1" 200 0 "-" "WordPress/6.9.4; https://999we.pk"
104.28.155.35 - - [16/Apr/2026:05:46:59 +0000] "POST /wp-login.php HTTP/1.1" 200 2231 "-" "Mozilla/5.0 (Windows NT 10.0; Win64; x64) AppleWebKit/537.36 Chrome/129.0.0.0 Safari/537.36"
185.244.36.210 - - [16/Apr/2026:05:50:39 +0000] "POST /wp-cron.php?doing_wp_cron=1776318638.9620890617370605468750 HTTP/1.1" 200 0 "-" "WordPress/6.9.4; https://999we.pk"
104.28.155.35 - - [16/Apr/2026:05:50:31 +0000] "POST /wp-login.php HTTP/1.1" 200 2231 "-" "Mozilla/5.0 (Windows NT 10.0; Win64; rv:143.0) Gecko/20100101 Firefox/143.0"
50.87.231.172 - - [16/Apr/2026:06:01:23 +0000] "GET /wp-login.php HTTP/2" 200 1862 "-" "Mozilla/5.0 (Windows NT 6.3; WOW64; Trident/7.0; SMJB; rv:11.0) like Gecko"
185.244.36.210 - - [16/Apr/2026:06:01:29 +0000] "POST /wp-cron.php?doing_wp_cron=1776319289.0682740211486816406250 HTTP/1.1" 200 0 "-" "WordPress/6.9.4; https://999we.pk"
50.87.231.172 - - [16/Apr/2026:06:01:25 +0000] "POST /wp-login.php HTTP/2" 200 1992 "https://999we.pk/wp-login.php" "Mozilla/5.0 (Windows NT 6.3; WOW64; Trident/7.0; SMJB; rv:11.0) like Gecko"
185.244.36.210 - - [16/Apr/2026:06:11:57 +0000] "POST /wp-cron.php?doing_wp_cron=1776319917.8267369270324707031250 HTTP/1.1" 200 0 "-" "WordPress/6.9.4; https://999we.pk"
185.244.36.210 - - [16/Apr/2026:06:23:13 +0000] "POST /wp-cron.php?doing_wp_cron=1776320593.0660710334777832031250 HTTP/1.1" 200 0 "-" "WordPress/6.9.4; https://999we.pk"
185.244.36.210 - - [16/Apr/2026:06:30:50 +0000] "POST /wp-cron.php?doing_wp_cron=1776321050.8265979290008544921875 HTTP/1.1" 200 0 "-" "WordPress/6.9.4; https://999we.pk"
185.244.36.210 - - [16/Apr/2026:06:49:16 +0000] "POST /wp-cron.php?doing_wp_cron=1776322156.0274069309234619140625 HTTP/1.1" 200 0 "-" "WordPress/6.9.4; https://999we.pk"
108.179.253.165 - - [16/Apr/2026:06:30:49 +0000] "GET /wp-login.php HTTP/2" 200 1862 "-" "Mozilla/5.0 (Windows NT 10.0; WOW64) AppleWebKit/537.36 (KHTML, like Gecko) Chrome/66.0.3359.117 Safari/537.36"
108.179.253.165 - - [16/Apr/2026:06:30:50 +0000] "POST /wp-login.php HTTP/2" 200 1992 "https://999we.pk.millwin.org/wp-login.php" "Mozilla/5.0 (Windows NT 10.0; WOW64) AppleWebKit/537.36 (KHTML, like Gecko) Chrome/66.0.3359.117 Safari/537.36"
165.22.116.110 - - [16/Apr/2026:06:33:15 +0000] "GET /wp-login.php HTTP/2" 200 1862 "-" "Mozilla/5.0 (Windows NT 6.1; WOW64; Trident/7.0; yie11; rv:11.0) like Gecko"
185.244.36.210 - - [16/Apr/2026:06:33:19 +0000] "POST /wp-cron.php?doing_wp_cron=1776321199.4088020324707031250000 HTTP/1.1" 200 0 "-" "WordPress/6.9.4; https://999we.pk"
165.22.116.110 - - [16/Apr/2026:06:33:18 +0000] "POST /wp-login.php HTTP/2" 200 1993 "https://999we.pk.millwin.org/wp-login.php" "Mozilla/5.0 (Windows NT 6.1; WOW64; Trident/7.0; yie11; rv:11.0) like Gecko"
185.244.36.210 - - [16/Apr/2026:06:48:39 +0000] "POST /wp-cron.php?doing_wp_cron=1776322119.0514109134674072265625 HTTP/1.1" 200 0 "-" "WordPress/6.9.4; https://999we.pk"
65.254.225.234 - - [16/Apr/2026:06:49:13 +0000] "GET /wp-login.php HTTP/2" 200 1862 "-" "Mozilla/5.0 (Windows NT 10.0; WOW64; Trident/7.0; Touch; MAARJS; rv:11.0) like Gecko"
65.254.225.234 - - [16/Apr/2026:06:49:14 +0000] "POST /wp-login.php HTTP/2" 200 1992 "https://999we.pk.millwin.org/wp-login.php" "Mozilla/5.0 (Windows NT 10.0; WOW64; Trident/7.0; Touch; MAARJS; rv:11.0) like Gecko"
108.167.161.22 - - [16/Apr/2026:07:01:30 +0000] "GET /wp-login.php HTTP/2" 200 1862 "-" "Mozilla/5.0 (compatible; MSIE 9.0; Windows NT 10.0; WOW64; Trident/7.0)"
108.167.161.22 - - [16/Apr/2026:07:01:33 +0000] "POST /wp-login.php HTTP/2" 200 1992 "https://999we.pk.millwin.org/wp-login.php" "Mozilla/5.0 (compatible; MSIE 9.0; Windows NT 10.0; WOW64; Trident/7.0)"
192.185.4.93 - - [16/Apr/2026:07:08:55 +0000] "GET /wp-login.php HTTP/2" 200 1862 "-" "Mozilla/4.0 (compatible; MSIE 7.0; Windows NT 6.1; Trident/7.0; SLCC2; .NET CLR 2.0.50727; .NET CLR 3.5.30729; .NET CLR 3.0.30729; .NET4.0C; .NET4.0E; Media Center PC 6.0; InfoPath.3; BRI/2)"
192.185.4.93 - - [16/Apr/2026:07:08:56 +0000] "POST /wp-login.php HTTP/2" 200 1992 "https://999we.pk/wp-login.php" "Mozilla/4.0 (compatible; MSIE 7.0; Windows NT 6.1; Trident/7.0; SLCC2; .NET CLR 2.0.50727; .NET CLR 3.5.30729; .NET CLR 3.0.30729; .NET4.0C; .NET4.0E; Media Center PC 6.0; InfoPath.3; BRI/2)"
152.42.181.146 - - [16/Apr/2026:07:12:58 +0000] "GET /wp-login.php HTTP/2" 200 1862 "-" "Mozilla/4.0 (compatible; MSIE 7.0; Windows NT 6.1; WOW64; Trident/7.0; SLCC2; .NET CLR 2.0.50727; .NET4.0C; .NET4.0E; .NET CLR 3.5.30729; .NET CLR 3.0.30729)"
152.42.181.146 - - [16/Apr/2026:07:12:58 +0000] "POST /wp-login.php HTTP/2" 200 1992 "https://999we.pk.millwin.org/wp-login.php" "Mozilla/4.0 (compatible; MSIE 7.0; Windows NT 6.1; WOW64; Trident/7.0; SLCC2; .NET CLR 2.0.50727; .NET4.0C; .NET4.0E; .NET CLR 3.5.30729; .NET CLR 3.0.30729)"
185.244.36.210 - - [16/Apr/2026:07:24:24 +0000] "POST /wp-cron.php?doing_wp_cron=1776324264.5312740802764892578125 HTTP/1.1" 200 0 "-" "WordPress/6.9.4; https://999we.pk"
57.129.148.36 - - [16/Apr/2026:07:41:43 +0000] "GET /wp-login.php HTTP/2" 200 1862 "-" "Mozilla/5.0 (Macintosh; Intel Mac OS X 10_12_6) AppleWebKit/537.36 (KHTML, like Gecko) Chrome/65.0.3325.146 Safari/537.36"
57.129.148.36 - - [16/Apr/2026:07:41:45 +0000] "POST /wp-login.php HTTP/2" 200 1992 "https://999we.pk/wp-login.php" "Mozilla/5.0 (Macintosh; Intel Mac OS X 10_12_6) AppleWebKit/537.36 (KHTML, like Gecko) Chrome/65.0.3325.146 Safari/537.36"
185.244.36.210 - - [16/Apr/2026:07:46:23 +0000] "POST /wp-cron.php?doing_wp_cron=1776325583.2966670989990234375000 HTTP/1.1" 200 0 "-" "WordPress/6.9.4; https://999we.pk"
185.244.36.210 - - [16/Apr/2026:07:47:13 +0000] "POST /wp-cron.php?doing_wp_cron=1776325633.9073069095611572265625 HTTP/1.1" 200 0 "-" "WordPress/6.9.4; https://999we.pk"
69.49.241.36 - - [16/Apr/2026:07:48:13 +0000] "GET /wp-login.php HTTP/2" 200 1862 "-" "Mozilla/4.0 (compatible; MSIE 7.0; Windows NT 6.2; WOW64; Trident/7.0; .NET4.0C; .NET4.0E; .NET CLR 2.0.50727; .NET CLR 3.0.30729; .NET CLR 3.5.30729)"
185.244.36.210 - - [16/Apr/2026:07:48:18 +0000] "POST /wp-cron.php?doing_wp_cron=1776325698.4663650989532470703125 HTTP/1.1" 200 0 "-" "WordPress/6.9.4; https://999we.pk"
69.49.241.36 - - [16/Apr/2026:07:48:15 +0000] "POST /wp-login.php HTTP/2" 200 1992 "https://999we.pk/wp-login.php" "Mozilla/4.0 (compatible; MSIE 7.0; Windows NT 6.2; WOW64; Trident/7.0; .NET4.0C; .NET4.0E; .NET CLR 2.0.50727; .NET CLR 3.0.30729; .NET CLR 3.5.30729)"
39.97.110.217 - - [16/Apr/2026:07:54:04 +0000] "GET /wp-login.php HTTP/2" 200 1862 "-" "Mozilla/5.0 (Macintosh; Intel Mac OS X 10_10_5) AppleWebKit/603.2.5 (KHTML, like Gecko) Version/10.1.1 Safari/603.2.5"
185.244.36.210 - - [16/Apr/2026:08:01:34 +0000] "POST /wp-cron.php?doing_wp_cron=1776326494.8285460472106933593750 HTTP/1.1" 200 0 "-" "WordPress/6.9.4; https://999we.pk"
185.244.36.210 - - [16/Apr/2026:08:05:28 +0000] "POST /wp-cron.php?doing_wp_cron=1776326728.8576540946960449218750 HTTP/1.1" 200 0 "-" "WordPress/6.9.4; https://999we.pk"
185.244.36.210 - - [16/Apr/2026:07:01:34 +0000] "POST /wp-cron.php?doing_wp_cron=1776322894.0257320404052734375000 HTTP/1.1" 200 0 "-" "WordPress/6.9.4; https://999we.pk"
185.244.36.210 - - [16/Apr/2026:07:08:57 +0000] "POST /wp-cron.php?doing_wp_cron=1776323337.4865100383758544921875 HTTP/1.1" 200 0 "-" "WordPress/6.9.4; https://999we.pk"
185.244.36.210 - - [16/Apr/2026:07:13:01 +0000] "POST /wp-cron.php?doing_wp_cron=1776323581.5202779769897460937500 HTTP/1.1" 200 0 "-" "WordPress/6.9.4; https://999we.pk"
3.112.57.105 - - [16/Apr/2026:07:16:41 +0000] "GET /wp-login.php HTTP/1.1" 200 2096 "-" "Mozilla/5.0"
185.244.36.210 - - [16/Apr/2026:07:16:42 +0000] "POST /wp-cron.php?doing_wp_cron=1776323802.3785820007324218750000 HTTP/1.1" 200 0 "-" "WordPress/6.9.4; https://999we.pk"
3.112.57.105 - - [16/Apr/2026:07:16:41 +0000] "GET /?author=1 HTTP/1.1" 301 0 "-" "Mozilla/5.0"
3.112.57.105 - - [16/Apr/2026:07:16:42 +0000] "GET /?rest_route=/wp/v2/users HTTP/1.1" 200 313 "-" "Mozilla/5.0"
100.42.176.42 - - [16/Apr/2026:07:24:23 +0000] "GET /wp-login.php HTTP/2" 200 1862 "-" "Mozilla/5.0 (compatible; MSIE 9.0; Windows NT 6.2; Win64; x64; Trident/7.0)"
100.42.176.42 - - [16/Apr/2026:07:24:23 +0000] "POST /wp-login.php HTTP/2" 200 1993 "https://999we.pk.millwin.org/wp-login.php" "Mozilla/5.0 (compatible; MSIE 9.0; Windows NT 6.2; Win64; x64; Trident/7.0)"
185.244.36.210 - - [16/Apr/2026:07:41:45 +0000] "POST /wp-cron.php?doing_wp_cron=1776325305.6935288906097412109375 HTTP/1.1" 200 0 "-" "WordPress/6.9.4; https://999we.pk"
82.165.88.216 - - [16/Apr/2026:07:47:12 +0000] "GET /wp-login.php HTTP/2" 200 1862 "-" "Mozilla/5.0 (Macintosh; Intel Mac OS X 10_10_5) AppleWebKit/603.3.8 (KHTML, like Gecko) Version/10.1.2 Safari/603.3.8"
82.165.88.216 - - [16/Apr/2026:07:47:12 +0000] "POST /wp-login.php HTTP/2" 200 1992 "https://999we.pk.millwin.org/wp-login.php" "Mozilla/5.0 (Macintosh; Intel Mac OS X 10_10_5) AppleWebKit/603.3.8 (KHTML, like Gecko) Version/10.1.2 Safari/603.3.8"
185.244.36.210 - - [16/Apr/2026:07:59:23 +0000] "POST /wp-cron.php?doing_wp_cron=1776326363.5879960060119628906250 HTTP/1.1" 200 0 "-" "WordPress/6.9.4; https://999we.pk"
