74.220.219.97 - - [16/Apr/2026:09:45:52 +0000] "GET /wp-login.php HTTP/2" 200 1862 "-" "Mozilla/5.0 (Windows NT 6.3; WOW64; Trident/7.0; Touch; LCJB; rv:11.0) like Gecko"
177.103.66.108 - - [16/Apr/2026:08:28:30 +0000] "GET /wp-login.php HTTP/2" 200 1862 "-" "Mozilla/4.0 (compatible; MSIE 7.0; Windows NT 6.3; WOW64; Trident/7.0; .NET4.0C; .NET4.0E; .NET CLR 2.0.50727; .NET CLR 3.0.30729; .NET CLR 3.5.30729; Tablet PC 2.0)"
177.103.66.108 - - [16/Apr/2026:08:28:31 +0000] "POST /wp-login.php HTTP/2" 200 1992 "https://999we.pk/wp-login.php" "Mozilla/4.0 (compatible; MSIE 7.0; Windows NT 6.3; WOW64; Trident/7.0; .NET4.0C; .NET4.0E; .NET CLR 2.0.50727; .NET CLR 3.0.30729; .NET CLR 3.5.30729; Tablet PC 2.0)"
185.244.36.210 - - [16/Apr/2026:09:13:47 +0000] "POST /wp-cron.php?doing_wp_cron=1776330827.7579410076141357421875 HTTP/1.1" 200 0 "-" "WordPress/6.9.4; https://999we.pk"
165.232.124.247 - - [16/Apr/2026:09:15:38 +0000] "GET /wp-login.php HTTP/2" 200 1862 "-" "Mozilla/4.0 (compatible; MSIE 7.0; Windows NT 6.1; WOW64; Trident/7.0; SLCC2; .NET CLR 2.0.50727; .NET CLR 3.5.30729; .NET CLR 3.0.30729; .NET CLR 1.1.4322; .NET4.0C; .NET4.0E)"
165.232.124.247 - - [16/Apr/2026:09:15:42 +0000] "POST /wp-login.php HTTP/2" 200 1992 "https://999we.pk.millwin.org/wp-login.php" "Mozilla/4.0 (compatible; MSIE 7.0; Windows NT 6.1; WOW64; Trident/7.0; SLCC2; .NET CLR 2.0.50727; .NET CLR 3.5.30729; .NET CLR 3.0.30729; .NET CLR 1.1.4322; .NET4.0C; .NET4.0E)"
138.197.106.215 - - [16/Apr/2026:09:31:21 +0000] "GET /wp-login.php HTTP/2" 200 1862 "-" "Mozilla/4.0 (compatible; MSIE 7.0; Windows NT 6.1; Trident/7.0; SLCC2; .NET CLR 2.0.50727; .NET CLR 3.5.30729; .NET CLR 3.0.30729; Media Center PC 6.0; .NET4.0C; .NET4.0E; InfoPath.3)"
138.197.106.215 - - [16/Apr/2026:09:31:21 +0000] "POST /wp-login.php HTTP/2" 200 1992 "https://999we.pk/wp-login.php" "Mozilla/4.0 (compatible; MSIE 7.0; Windows NT 6.1; Trident/7.0; SLCC2; .NET CLR 2.0.50727; .NET CLR 3.5.30729; .NET CLR 3.0.30729; Media Center PC 6.0; .NET4.0C; .NET4.0E; InfoPath.3)"
185.244.36.210 - - [16/Apr/2026:08:28:32 +0000] "POST /wp-cron.php?doing_wp_cron=1776328112.2375819683074951171875 HTTP/1.1" 200 0 "-" "WordPress/6.9.4; https://999we.pk"
69.163.186.214 - - [16/Apr/2026:08:32:16 +0000] "GET /wp-login.php HTTP/2" 200 1862 "-" "Mozilla/5.0 (Windows NT 10.0; Win64; x64) AppleWebKit/537.36 (KHTML, like Gecko) Chrome/67.0.3396.62 Safari/537.36"
185.244.36.210 - - [16/Apr/2026:08:32:20 +0000] "POST /wp-cron.php?doing_wp_cron=1776328340.9719491004943847656250 HTTP/1.1" 200 0 "-" "WordPress/6.9.4; https://999we.pk"
69.163.186.214 - - [16/Apr/2026:08:32:20 +0000] "POST /wp-login.php HTTP/2" 200 1993 "https://999we.pk.millwin.org/wp-login.php" "Mozilla/5.0 (Windows NT 10.0; Win64; x64) AppleWebKit/537.36 (KHTML, like Gecko) Chrome/67.0.3396.62 Safari/537.36"
39.97.110.217 - - [16/Apr/2026:09:12:15 +0000] "GET /wp-login.php HTTP/2" 200 1862 "-" "Mozilla/5.0 (Windows NT 6.1; WOW64; Trident/7.0; ATT-IE11; rv:11.0) like Gecko"
185.244.36.210 - - [16/Apr/2026:09:12:17 +0000] "POST /wp-cron.php?doing_wp_cron=1776330737.0853910446166992187500 HTTP/1.1" 200 0 "-" "WordPress/6.9.4; https://999we.pk"
39.97.110.217 - - [16/Apr/2026:09:12:16 +0000] "POST /wp-login.php HTTP/2" 200 1992 "https://999we.pk/wp-login.php" "Mozilla/5.0 (Windows NT 6.1; WOW64; Trident/7.0; ATT-IE11; rv:11.0) like Gecko"
50.6.7.129 - - [16/Apr/2026:09:13:46 +0000] "GET /wp-login.php HTTP/2" 200 1862 "-" "Mozilla/5.0 (Windows NT 10.0; WOW64; Trident/7.0; AS; rv:11.0) like Gecko"
50.6.7.129 - - [16/Apr/2026:09:13:47 +0000] "POST /wp-login.php HTTP/2" 200 1993 "https://999we.pk.millwin.org/wp-login.php" "Mozilla/5.0 (Windows NT 10.0; WOW64; Trident/7.0; AS; rv:11.0) like Gecko"
185.244.36.210 - - [16/Apr/2026:09:15:43 +0000] "POST /wp-cron.php?doing_wp_cron=1776330943.0977859497070312500000 HTTP/1.1" 200 0 "-" "WordPress/6.9.4; https://999we.pk"
185.244.36.210 - - [16/Apr/2026:09:31:22 +0000] "POST /wp-cron.php?doing_wp_cron=1776331882.1217789649963378906250 HTTP/1.1" 200 0 "-" "WordPress/6.9.4; https://999we.pk"
185.244.36.210 - - [16/Apr/2026:09:46:07 +0000] "POST /wp-cron.php?doing_wp_cron=1776332767.5780599117279052734375 HTTP/1.1" 200 0 "-" "WordPress/6.9.4; https://999we.pk"
74.220.219.97 - - [16/Apr/2026:09:46:06 +0000] "POST /wp-login.php HTTP/2" 200 1992 "https://999we.pk/wp-login.php" "Mozilla/5.0 (Windows NT 6.3; WOW64; Trident/7.0; Touch; LCJB; rv:11.0) like Gecko"
208.109.174.251 - - [16/Apr/2026:09:54:25 +0000] "GET /wp-login.php HTTP/2" 200 1862 "-" "Mozilla/5.0 (Windows NT 6.2; Win64; x64) AppleWebKit/537.36 (KHTML, like Gecko) Chrome/67.0.3396.87 Safari/537.36"
208.109.174.251 - - [16/Apr/2026:09:54:28 +0000] "POST /wp-login.php HTTP/2" 200 1993 "https://999we.pk.millwin.org/wp-login.php" "Mozilla/5.0 (Windows NT 6.2; Win64; x64) AppleWebKit/537.36 (KHTML, like Gecko) Chrome/67.0.3396.87 Safari/537.36"
185.244.36.210 - - [16/Apr/2026:09:54:28 +0000] "POST /wp-cron.php?doing_wp_cron=1776333268.9155271053314208984375 HTTP/1.1" 200 0 "-" "WordPress/6.9.4; https://999we.pk"
185.244.36.210 - - [16/Apr/2026:10:08:24 +0000] "POST /wp-cron.php?doing_wp_cron=1776334104.5936589241027832031250 HTTP/1.1" 200 0 "-" "WordPress/6.9.4; https://999we.pk"
3.112.57.105 - - [16/Apr/2026:10:11:53 +0000] "POST /wp-login.php HTTP/1.1" 200 6166 "-" "Mozilla/5.0"
100.26.246.145 - - [16/Apr/2026:10:14:22 +0000] "GET /wp-login.php HTTP/2" 200 1862 "-" "Mozilla/5.0 (Windows NT 6.3; Win64; x64) AppleWebKit/537.36 (KHTML, like Gecko) Chrome/65.0.3325.181 Safari/537.36"
185.244.36.210 - - [16/Apr/2026:10:14:25 +0000] "POST /wp-cron.php?doing_wp_cron=1776334465.6451909542083740234375 HTTP/1.1" 200 0 "-" "WordPress/6.9.4; https://999we.pk"
100.26.246.145 - - [16/Apr/2026:10:14:25 +0000] "POST /wp-login.php HTTP/2" 200 1993 "https://999we.pk.millwin.org/wp-login.php" "Mozilla/5.0 (Windows NT 6.3; Win64; x64) AppleWebKit/537.36 (KHTML, like Gecko) Chrome/65.0.3325.181 Safari/537.36"
185.244.36.210 - - [16/Apr/2026:10:21:15 +0000] "POST /wp-cron.php?doing_wp_cron=1776334875.0373520851135253906250 HTTP/1.1" 200 0 "-" "WordPress/6.9.4; https://999we.pk"
185.244.36.210 - - [16/Apr/2026:10:23:03 +0000] "POST /wp-cron.php?doing_wp_cron=1776334982.9809710979461669921875 HTTP/1.1" 200 0 "-" "WordPress/6.9.4; https://999we.pk"
3.112.57.105 - - [16/Apr/2026:10:26:46 +0000] "POST /wp-login.php HTTP/1.1" 200 6166 "-" "Mozilla/5.0"
185.244.36.210 - - [16/Apr/2026:10:05:04 +0000] "POST /wp-cron.php?doing_wp_cron=1776333904.2436950206756591796875 HTTP/1.1" 200 0 "-" "WordPress/6.9.4; https://999we.pk"
3.112.57.105 - - [16/Apr/2026:10:05:03 +0000] "POST /wp-login.php HTTP/1.1" 200 6166 "-" "Mozilla/5.0"
3.112.57.105 - - [16/Apr/2026:10:08:24 +0000] "POST /wp-login.php HTTP/1.1" 200 6166 "-" "Mozilla/5.0"
185.244.36.210 - - [16/Apr/2026:10:11:54 +0000] "POST /wp-cron.php?doing_wp_cron=1776334314.1502070426940917968750 HTTP/1.1" 200 0 "-" "WordPress/6.9.4; https://999we.pk"
69.163.186.214 - - [16/Apr/2026:10:12:44 +0000] "GET /wp-login.php HTTP/2" 200 1862 "-" "Mozilla/4.0 (compatible; MSIE 7.0; Windows NT 6.2; Trident/7.0; .NET4.0C; .NET4.0E; .NET CLR 2.0.50727; .NET CLR 3.0.30729; .NET CLR 3.5.30729; SLCC2; Media Center PC 6.0; Tablet PC 2.0; EIE10;ENUSWOL)"
185.244.36.210 - - [16/Apr/2026:10:12:48 +0000] "POST /wp-cron.php?doing_wp_cron=1776334368.4447031021118164062500 HTTP/1.1" 200 0 "-" "WordPress/6.9.4; https://999we.pk"
69.163.186.214 - - [16/Apr/2026:10:12:47 +0000] "POST /wp-login.php HTTP/2" 200 1992 "https://999we.pk/wp-login.php" "Mozilla/4.0 (compatible; MSIE 7.0; Windows NT 6.2; Trident/7.0; .NET4.0C; .NET4.0E; .NET CLR 2.0.50727; .NET CLR 3.0.30729; .NET CLR 3.5.30729; SLCC2; Media Center PC 6.0; Tablet PC 2.0; EIE10;ENUSWOL)"
185.244.36.210 - - [16/Apr/2026:10:15:38 +0000] "POST /wp-cron.php?doing_wp_cron=1776334538.0051109790802001953125 HTTP/1.1" 200 0 "-" "WordPress/6.9.4; https://999we.pk"
3.112.57.105 - - [16/Apr/2026:10:15:37 +0000] "POST /wp-login.php HTTP/1.1" 200 6166 "-" "Mozilla/5.0"
185.244.36.210 - - [16/Apr/2026:10:19:21 +0000] "POST /wp-cron.php?doing_wp_cron=1776334761.3229498863220214843750 HTTP/1.1" 200 0 "-" "WordPress/6.9.4; https://999we.pk"
3.112.57.105 - - [16/Apr/2026:10:19:20 +0000] "POST /wp-login.php HTTP/1.1" 200 6166 "-" "Mozilla/5.0"
104.244.79.40 - - [16/Apr/2026:10:21:10 +0000] "GET /wp-login.php HTTP/2" 200 1862 "-" "Mozilla/4.0 (compatible; MSIE 7.0; Windows NT 10.0; WOW64; Trident/7.0; .NET4.0C; .NET4.0E; .NET CLR 2.0.50727; .NET CLR 3.0.30729; .NET CLR 3.5.30729; Tablet PC 2.0)"
104.244.79.40 - - [16/Apr/2026:10:21:14 +0000] "POST /wp-login.php HTTP/2" 200 1993 "https://999we.pk.millwin.org/wp-login.php" "Mozilla/4.0 (compatible; MSIE 7.0; Windows NT 10.0; WOW64; Trident/7.0; .NET4.0C; .NET4.0E; .NET CLR 2.0.50727; .NET CLR 3.0.30729; .NET CLR 3.5.30729; Tablet PC 2.0)"
3.112.57.105 - - [16/Apr/2026:10:23:02 +0000] "POST /wp-login.php HTTP/1.1" 200 6166 "-" "Mozilla/5.0"
185.244.36.210 - - [16/Apr/2026:10:26:47 +0000] "POST /wp-cron.php?doing_wp_cron=1776335207.3613219261169433593750 HTTP/1.1" 200 0 "-" "WordPress/6.9.4; https://999we.pk"
3.112.57.105 - - [16/Apr/2026:10:30:41 +0000] "POST /wp-login.php HTTP/1.1" 200 6166 "-" "Mozilla/5.0"
3.112.57.105 - - [16/Apr/2026:10:35:02 +0000] "POST /wp-login.php HTTP/1.1" 200 6166 "-" "Mozilla/5.0"
3.112.57.105 - - [16/Apr/2026:10:39:24 +0000] "POST /wp-login.php HTTP/1.1" 200 6166 "-" "Mozilla/5.0"
138.197.106.215 - - [16/Apr/2026:10:43:17 +0000] "GET /wp-login.php HTTP/2" 200 1862 "-" "Mozilla/5.0 (Macintosh; Intel Mac OS X 10_13_5) AppleWebKit/537.36 (KHTML, like Gecko) Chrome/66.0.3359.181 Safari/537.36"
185.244.36.210 - - [16/Apr/2026:10:43:18 +0000] "POST /wp-cron.php?doing_wp_cron=1776336198.7968668937683105468750 HTTP/1.1" 200 0 "-" "WordPress/6.9.4; https://999we.pk"
138.197.106.215 - - [16/Apr/2026:10:43:17 +0000] "POST /wp-login.php HTTP/2" 200 1992 "https://999we.pk/wp-login.php" "Mozilla/5.0 (Macintosh; Intel Mac OS X 10_13_5) AppleWebKit/537.36 (KHTML, like Gecko) Chrome/66.0.3359.181 Safari/537.36"
3.112.57.105 - - [16/Apr/2026:10:43:45 +0000] "POST /wp-login.php HTTP/1.1" 200 6166 "-" "Mozilla/5.0"
185.244.36.210 - - [16/Apr/2026:10:48:06 +0000] "POST /wp-cron.php?doing_wp_cron=1776336486.7731781005859375000000 HTTP/1.1" 200 0 "-" "WordPress/6.9.4; https://999we.pk"
50.6.138.91 - - [16/Apr/2026:10:54:21 +0000] "GET /wp-login.php HTTP/2" 200 1862 "-" "Mozilla/5.0 (Windows NT 6.3; WOW64; Trident/7.0; Touch; MAARJS; rv:11.0) like Gecko"
185.244.36.210 - - [16/Apr/2026:10:54:25 +0000] "POST /wp-cron.php?doing_wp_cron=1776336865.0465650558471679687500 HTTP/1.1" 200 0 "-" "WordPress/6.9.4; https://999we.pk"
50.6.138.91 - - [16/Apr/2026:10:54:24 +0000] "POST /wp-login.php HTTP/2" 200 1993 "https://999we.pk.millwin.org/wp-login.php" "Mozilla/5.0 (Windows NT 6.3; WOW64; Trident/7.0; Touch; MAARJS; rv:11.0) like Gecko"
185.244.36.210 - - [16/Apr/2026:10:56:48 +0000] "POST /wp-cron.php?doing_wp_cron=1776337008.5433030128479003906250 HTTP/1.1" 200 0 "-" "WordPress/6.9.4; https://999we.pk"
3.112.57.105 - - [16/Apr/2026:10:56:47 +0000] "POST /wp-login.php HTTP/1.1" 200 6166 "-" "Mozilla/5.0"
3.112.57.105 - - [16/Apr/2026:11:05:37 +0000] "POST /wp-login.php HTTP/1.1" 200 6166 "-" "Mozilla/5.0"
3.112.57.105 - - [16/Apr/2026:11:14:09 +0000] "POST /wp-login.php HTTP/1.1" 200 6166 "-" "Mozilla/5.0"
185.244.36.210 - - [16/Apr/2026:11:18:32 +0000] "POST /wp-cron.php?doing_wp_cron=1776338312.5944330692291259765625 HTTP/1.1" 200 0 "-" "WordPress/6.9.4; https://999we.pk"
3.112.57.105 - - [16/Apr/2026:11:18:31 +0000] "POST /wp-login.php HTTP/1.1" 200 6166 "-" "Mozilla/5.0"
185.244.36.210 - - [16/Apr/2026:10:30:42 +0000] "POST /wp-cron.php?doing_wp_cron=1776335442.2273349761962890625000 HTTP/1.1" 200 0 "-" "WordPress/6.9.4; https://999we.pk"
185.244.36.210 - - [16/Apr/2026:10:35:03 +0000] "POST /wp-cron.php?doing_wp_cron=1776335703.4252579212188720703125 HTTP/1.1" 200 0 "-" "WordPress/6.9.4; https://999we.pk"
185.244.36.210 - - [16/Apr/2026:10:39:25 +0000] "POST /wp-cron.php?doing_wp_cron=1776335964.9962010383605957031250 HTTP/1.1" 200 0 "-" "WordPress/6.9.4; https://999we.pk"
108.167.161.22 - - [16/Apr/2026:10:47:29 +0000] "GET /wp-login.php HTTP/2" 200 1862 "-" "Mozilla/5.0 (Windows NT 6.1; WOW64; Trident/7.0; BOIE9;ENUS; rv:11.0) like Gecko"
185.244.36.210 - - [16/Apr/2026:10:47:30 +0000] "POST /wp-cron.php?doing_wp_cron=1776336450.1072740554809570312500 HTTP/1.1" 200 0 "-" "WordPress/6.9.4; https://999we.pk"
108.167.161.22 - - [16/Apr/2026:10:47:29 +0000] "POST /wp-login.php HTTP/2" 200 1993 "https://999we.pk.millwin.org/wp-login.php" "Mozilla/5.0 (Windows NT 6.1; WOW64; Trident/7.0; BOIE9;ENUS; rv:11.0) like Gecko"
3.112.57.105 - - [16/Apr/2026:10:48:06 +0000] "POST /wp-login.php HTTP/1.1" 200 6166 "-" "Mozilla/5.0"
185.244.36.210 - - [16/Apr/2026:10:52:24 +0000] "POST /wp-cron.php?doing_wp_cron=1776336744.7949531078338623046875 HTTP/1.1" 200 0 "-" "WordPress/6.9.4; https://999we.pk"
3.112.57.105 - - [16/Apr/2026:10:52:23 +0000] "POST /wp-login.php HTTP/1.1" 200 6166 "-" "Mozilla/5.0"
81.254.172.70 - - [16/Apr/2026:10:59:16 +0000] "GET /wp-login.php HTTP/2" 200 1862 "-" "Mozilla/5.0 (Windows NT 10.0; WOW64; Trident/7.0; yie10; rv:11.0) like Gecko"
185.244.36.210 - - [16/Apr/2026:10:59:22 +0000] "POST /wp-cron.php?doing_wp_cron=1776337162.8293759822845458984375 HTTP/1.1" 200 0 "-" "WordPress/6.9.4; https://999we.pk"
81.254.172.70 - - [16/Apr/2026:10:59:22 +0000] "POST /wp-login.php HTTP/2" 200 1992 "https://999we.pk/wp-login.php" "Mozilla/5.0 (Windows NT 10.0; WOW64; Trident/7.0; yie10; rv:11.0) like Gecko"
185.244.36.210 - - [16/Apr/2026:11:01:14 +0000] "POST /wp-cron.php?doing_wp_cron=1776337274.0046129226684570312500 HTTP/1.1" 200 0 "-" "WordPress/6.9.4; https://999we.pk"
3.112.57.105 - - [16/Apr/2026:11:01:13 +0000] "POST /wp-login.php HTTP/1.1" 200 6166 "-" "Mozilla/5.0"
185.244.36.210 - - [16/Apr/2026:11:05:38 +0000] "POST /wp-cron.php?doing_wp_cron=1776337538.1326949596405029296875 HTTP/1.1" 200 0 "-" "WordPress/6.9.4; https://999we.pk"
185.244.36.210 - - [16/Apr/2026:11:09:54 +0000] "POST /wp-cron.php?doing_wp_cron=1776337794.5036549568176269531250 HTTP/1.1" 200 0 "-" "WordPress/6.9.4; https://999we.pk"
3.112.57.105 - - [16/Apr/2026:11:09:53 +0000] "POST /wp-login.php HTTP/1.1" 200 6166 "-" "Mozilla/5.0"
185.244.36.210 - - [16/Apr/2026:11:14:09 +0000] "POST /wp-cron.php?doing_wp_cron=1776338049.8282670974731445312500 HTTP/1.1" 200 0 "-" "WordPress/6.9.4; https://999we.pk"
185.244.36.210 - - [16/Apr/2026:11:27:13 +0000] "POST /wp-cron.php?doing_wp_cron=1776338833.7343270778656005859375 HTTP/1.1" 200 0 "-" "WordPress/6.9.4; https://999we.pk"
3.112.57.105 - - [16/Apr/2026:11:27:12 +0000] "POST /wp-login.php HTTP/1.1" 200 6166 "-" "Mozilla/5.0"
3.112.57.105 - - [16/Apr/2026:11:31:37 +0000] "POST /wp-login.php HTTP/1.1" 200 6166 "-" "Mozilla/5.0"
185.244.36.210 - - [16/Apr/2026:11:40:23 +0000] "POST /wp-cron.php?doing_wp_cron=1776339623.3993530273437500000000 HTTP/1.1" 200 0 "-" "WordPress/6.9.4; https://999we.pk"
3.112.57.105 - - [16/Apr/2026:11:40:22 +0000] "POST /wp-login.php HTTP/1.1" 200 6166 "-" "Mozilla/5.0"
103.253.178.3 - - [16/Apr/2026:11:43:57 +0000] "GET /wp-login.php HTTP/2" 200 1862 "-" "Mozilla/5.0 (Windows NT 6.1; WOW64; Trident/7.0; UHG_Win7_Build 11-15-2010; rv:11.0) like Gecko"
103.253.178.3 - - [16/Apr/2026:11:43:58 +0000] "POST /wp-login.php HTTP/2" 200 1993 "https://999we.pk.millwin.org/wp-login.php" "Mozilla/5.0 (Windows NT 6.1; WOW64; Trident/7.0; UHG_Win7_Build 11-15-2010; rv:11.0) like Gecko"
195.66.214.37 - - [16/Apr/2026:11:46:10 +0000] "GET /wp-login.php HTTP/2" 200 1862 "-" "Mozilla/5.0 (Macintosh; Intel Mac OS X 10_13_2) AppleWebKit/537.36 (KHTML, like Gecko) Chrome/66.0.3359.139 Safari/537.36"
195.66.214.37 - - [16/Apr/2026:11:46:10 +0000] "POST /wp-login.php HTTP/2" 200 1992 "https://999we.pk.millwin.org/wp-login.php" "Mozilla/5.0 (Macintosh; Intel Mac OS X 10_13_2) AppleWebKit/537.36 (KHTML, like Gecko) Chrome/66.0.3359.139 Safari/537.36"
157.245.7.7 - - [16/Apr/2026:11:46:51 +0000] "GET /wp-login.php HTTP/2" 200 1862 "-" "Mozilla/5.0 (Windows NT 10.0; Win64; x64) AppleWebKit/537.36 (KHTML, like Gecko) Chrome/63.0.3239.132 Safari/537.36 OPR/50.0.2762.67"
157.245.7.7 - - [16/Apr/2026:11:46:52 +0000] "POST /wp-login.php HTTP/2" 200 1992 "https://999we.pk/wp-login.php" "Mozilla/5.0 (Windows NT 10.0; Win64; x64) AppleWebKit/537.36 (KHTML, like Gecko) Chrome/63.0.3239.132 Safari/537.36 OPR/50.0.2762.67"
45.159.228.113 - - [16/Apr/2026:11:48:21 +0000] "GET /wp-login.php HTTP/2" 200 1862 "-" "Mozilla/5.0 (Windows NT 6.3) AppleWebKit/537.36 (KHTML, like Gecko) Chrome/66.0.3359.139 Safari/537.36"
185.244.36.210 - - [16/Apr/2026:11:48:22 +0000] "POST /wp-cron.php?doing_wp_cron=1776340102.3908970355987548828125 HTTP/1.1" 200 0 "-" "WordPress/6.9.4; https://999we.pk"
45.159.228.113 - - [16/Apr/2026:11:48:21 +0000] "POST /wp-login.php HTTP/2" 200 1992 "https://999we.pk/wp-login.php" "Mozilla/5.0 (Windows NT 6.3) AppleWebKit/537.36 (KHTML, like Gecko) Chrome/66.0.3359.139 Safari/537.36"
185.244.36.210 - - [16/Apr/2026:11:49:12 +0000] "POST /wp-cron.php?doing_wp_cron=1776340152.7344141006469726562500 HTTP/1.1" 200 0 "-" "WordPress/6.9.4; https://999we.pk"
3.112.57.105 - - [16/Apr/2026:11:49:12 +0000] "POST /wp-login.php HTTP/1.1" 200 6166 "-" "Mozilla/5.0"
3.112.57.105 - - [16/Apr/2026:11:53:35 +0000] "POST /wp-login.php HTTP/1.1" 200 6166 "-" "Mozilla/5.0"
185.244.36.210 - - [16/Apr/2026:11:55:07 +0000] "POST /wp-cron.php?doing_wp_cron=1776340507.1253519058227539062500 HTTP/1.1" 200 0 "-" "WordPress/6.9.4; https://999we.pk"
154.26.139.33 - - [16/Apr/2026:11:56:56 +0000] "GET /wp-login.php HTTP/2" 200 1862 "-" "Mozilla/4.0 (compatible; MSIE 7.0; Windows NT 6.1; WOW64; Trident/7.0; SLCC2; .NET CLR 2.0.50727; .NET CLR 3.5.30729; .NET CLR 3.0.30729; Media Center PC 6.0; .NET4.0C; .NET4.0E; GWX:RESERVED)"
154.26.139.33 - - [16/Apr/2026:11:56:57 +0000] "POST /wp-login.php HTTP/2" 200 1993 "https://999we.pk.millwin.org/wp-login.php" "Mozilla/4.0 (compatible; MSIE 7.0; Windows NT 6.1; WOW64; Trident/7.0; SLCC2; .NET CLR 2.0.50727; .NET CLR 3.5.30729; .NET CLR 3.0.30729; Media Center PC 6.0; .NET4.0C; .NET4.0E; GWX:RESERVED)"
147.139.162.22 - - [16/Apr/2026:11:58:36 +0000] "GET /wp-login.php HTTP/2" 200 1862 "-" "Mozilla/5.0 (Windows NT 10.0) AppleWebKit/537.36 (KHTML, like Gecko) Chrome/67.0.3396.87 Safari/537.36"
185.244.36.210 - - [16/Apr/2026:11:22:55 +0000] "POST /wp-cron.php?doing_wp_cron=1776338575.9209039211273193359375 HTTP/1.1" 200 0 "-" "WordPress/6.9.4; https://999we.pk"
3.112.57.105 - - [16/Apr/2026:11:22:55 +0000] "POST /wp-login.php HTTP/1.1" 200 6166 "-" "Mozilla/5.0"
185.244.36.210 - - [16/Apr/2026:11:31:38 +0000] "POST /wp-cron.php?doing_wp_cron=1776339098.5424311161041259765625 HTTP/1.1" 200 0 "-" "WordPress/6.9.4; https://999we.pk"
185.244.36.210 - - [16/Apr/2026:11:36:00 +0000] "POST /wp-cron.php?doing_wp_cron=1776339360.4080100059509277343750 HTTP/1.1" 200 0 "-" "WordPress/6.9.4; https://999we.pk"
3.112.57.105 - - [16/Apr/2026:11:35:59 +0000] "POST /wp-login.php HTTP/1.1" 200 6166 "-" "Mozilla/5.0"
200.52.65.3 - - [16/Apr/2026:11:41:01 +0000] "GET /wp-login.php HTTP/2" 200 1862 "-" "Mozilla/5.0 (Windows NT 10.0; WOW64; Trident/7.0; yie11; rv:11.0) like Gecko"
185.244.36.210 - - [16/Apr/2026:11:43:58 +0000] "POST /wp-cron.php?doing_wp_cron=1776339838.9628639221191406250000 HTTP/1.1" 200 0 "-" "WordPress/6.9.4; https://999we.pk"
185.244.36.210 - - [16/Apr/2026:11:44:46 +0000] "POST /wp-cron.php?doing_wp_cron=1776339886.8757700920104980468750 HTTP/1.1" 200 0 "-" "WordPress/6.9.4; https://999we.pk"
3.112.57.105 - - [16/Apr/2026:11:44:46 +0000] "POST /wp-login.php HTTP/1.1" 200 6166 "-" "Mozilla/5.0"
185.244.36.210 - - [16/Apr/2026:11:46:10 +0000] "POST /wp-cron.php?doing_wp_cron=1776339970.8834509849548339843750 HTTP/1.1" 200 0 "-" "WordPress/6.9.4; https://999we.pk"
185.244.36.210 - - [16/Apr/2026:11:53:35 +0000] "POST /wp-cron.php?doing_wp_cron=1776340415.9589619636535644531250 HTTP/1.1" 200 0 "-" "WordPress/6.9.4; https://999we.pk"
74.220.219.97 - - [16/Apr/2026:11:55:00 +0000] "GET /wp-login.php HTTP/2" 200 1862 "-" "Mozilla/5.0 (Windows NT 6.1; Win64; x64) AppleWebKit/537.36 (KHTML, like Gecko) Chrome/66.0.3359.170 Safari/537.36 OPR/53.0.2907.68"
74.220.219.97 - - [16/Apr/2026:11:55:06 +0000] "POST /wp-login.php HTTP/2" 200 1992 "https://999we.pk/wp-login.php" "Mozilla/5.0 (Windows NT 6.1; Win64; x64) AppleWebKit/537.36 (KHTML, like Gecko) Chrome/66.0.3359.170 Safari/537.36 OPR/53.0.2907.68"
185.244.36.210 - - [16/Apr/2026:11:56:57 +0000] "POST /wp-cron.php?doing_wp_cron=1776340617.7374989986419677734375 HTTP/1.1" 200 0 "-" "WordPress/6.9.4; https://999we.pk"
185.244.36.210 - - [16/Apr/2026:11:57:59 +0000] "POST /wp-cron.php?doing_wp_cron=1776340679.7434129714965820312500 HTTP/1.1" 200 0 "-" "WordPress/6.9.4; https://999we.pk"
3.112.57.105 - - [16/Apr/2026:11:57:58 +0000] "POST /wp-login.php HTTP/1.1" 200 6166 "-" "Mozilla/5.0"
185.244.36.210 - - [16/Apr/2026:11:58:40 +0000] "POST /wp-cron.php?doing_wp_cron=1776340720.0465140342712402343750 HTTP/1.1" 200 0 "-" "WordPress/6.9.4; https://999we.pk"
183.111.183.73 - - [16/Apr/2026:11:59:26 +0000] "GET /wp-login.php HTTP/2" 200 1862 "-" "Mozilla/5.0 (Windows NT 6.1) AppleWebKit/537.36 (KHTML, like Gecko) Chrome/65.0.3325.162 Safari/537.36"
185.244.36.210 - - [16/Apr/2026:11:59:27 +0000] "POST /wp-cron.php?doing_wp_cron=1776340767.3436069488525390625000 HTTP/1.1" 200 0 "-" "WordPress/6.9.4; https://999we.pk"
183.111.183.73 - - [16/Apr/2026:11:59:26 +0000] "POST /wp-login.php HTTP/2" 200 1992 "https://999we.pk/wp-login.php" "Mozilla/5.0 (Windows NT 6.1) AppleWebKit/537.36 (KHTML, like Gecko) Chrome/65.0.3325.162 Safari/537.36"
3.112.57.105 - - [16/Apr/2026:12:02:23 +0000] "POST /wp-login.php HTTP/1.1" 200 6166 "-" "Mozilla/5.0"
62.146.183.198 - - [16/Apr/2026:12:05:36 +0000] "GET /wp-login.php HTTP/2" 200 1862 "-" "Mozilla/5.0 (Windows NT 10.0; Win64; x64) AppleWebKit/537.36 (KHTML, like Gecko) Chrome/66.0.3359.170 Safari/537.36 OPR/53.0.2907.68"
62.146.183.198 - - [16/Apr/2026:12:05:36 +0000] "POST /wp-login.php HTTP/2" 200 1993 "https://999we.pk/wp-login.php" "Mozilla/5.0 (Windows NT 10.0; Win64; x64) AppleWebKit/537.36 (KHTML, like Gecko) Chrome/66.0.3359.170 Safari/537.36 OPR/53.0.2907.68"
3.112.57.105 - - [16/Apr/2026:12:06:47 +0000] "POST /wp-login.php HTTP/1.1" 200 6166 "-" "Mozilla/5.0"
147.139.162.22 - - [16/Apr/2026:11:58:39 +0000] "POST /wp-login.php HTTP/2" 200 1992 "https://999we.pk.millwin.org/wp-login.php" "Mozilla/5.0 (Windows NT 10.0) AppleWebKit/537.36 (KHTML, like Gecko) Chrome/67.0.3396.87 Safari/537.36"
185.244.36.210 - - [16/Apr/2026:12:02:24 +0000] "POST /wp-cron.php?doing_wp_cron=1776340944.0148339271545410156250 HTTP/1.1" 200 0 "-" "WordPress/6.9.4; https://999we.pk"
45.55.138.32 - - [16/Apr/2026:12:04:35 +0000] "GET /wp-login.php HTTP/2" 200 1862 "-" "Mozilla/4.0 (compatible; MSIE 7.0; Windows NT 6.1; Trident/7.0; SLCC2; .NET CLR 2.0.50727; .NET CLR 3.5.30729; .NET CLR 3.0.30729; Media Center PC 6.0; .NET4.0C; .NET4.0E; InfoPath.3; Tablet PC 2.0)"
185.244.36.210 - - [16/Apr/2026:12:04:36 +0000] "POST /wp-cron.php?doing_wp_cron=1776341076.0747010707855224609375 HTTP/1.1" 200 0 "-" "WordPress/6.9.4; https://999we.pk"
45.55.138.32 - - [16/Apr/2026:12:04:35 +0000] "POST /wp-login.php HTTP/2" 200 1993 "https://999we.pk.millwin.org/wp-login.php" "Mozilla/4.0 (compatible; MSIE 7.0; Windows NT 6.1; Trident/7.0; SLCC2; .NET CLR 2.0.50727; .NET CLR 3.5.30729; .NET CLR 3.0.30729; Media Center PC 6.0; .NET4.0C; .NET4.0E; InfoPath.3; Tablet PC 2.0)"
185.244.36.210 - - [16/Apr/2026:12:05:37 +0000] "POST /wp-cron.php?doing_wp_cron=1776341137.2900550365447998046875 HTTP/1.1" 200 0 "-" "WordPress/6.9.4; https://999we.pk"
185.244.36.210 - - [16/Apr/2026:12:06:47 +0000] "POST /wp-cron.php?doing_wp_cron=1776341207.7576889991760253906250 HTTP/1.1" 200 0 "-" "WordPress/6.9.4; https://999we.pk"
57.181.158.239 - - [16/Apr/2026:12:10:51 +0000] "GET /wp-login.php HTTP/2" 200 1862 "-" "Mozilla/5.0 (Windows NT 6.3; Win64; x64) AppleWebKit/537.36 (KHTML, like Gecko) Chrome/65.0.3325.181 Safari/537.36"
185.244.36.210 - - [16/Apr/2026:12:10:56 +0000] "POST /wp-cron.php?doing_wp_cron=1776341456.5784220695495605468750 HTTP/1.1" 200 0 "-" "WordPress/6.9.4; https://999we.pk"
57.181.158.239 - - [16/Apr/2026:12:10:55 +0000] "POST /wp-login.php HTTP/2" 200 1993 "https://999we.pk.millwin.org/wp-login.php" "Mozilla/5.0 (Windows NT 6.3; Win64; x64) AppleWebKit/537.36 (KHTML, like Gecko) Chrome/65.0.3325.181 Safari/537.36"
3.112.57.105 - - [16/Apr/2026:12:11:08 +0000] "POST /wp-login.php HTTP/1.1" 200 6166 "-" "Mozilla/5.0"
185.244.36.210 - - [16/Apr/2026:12:15:28 +0000] "POST /wp-cron.php?doing_wp_cron=1776341728.3265581130981445312500 HTTP/1.1" 200 0 "-" "WordPress/6.9.4; https://999we.pk"
16.112.38.126 - - [16/Apr/2026:12:15:53 +0000] "GET /wp-login.php HTTP/2" 200 1862 "-" "Mozilla/5.0 (Windows NT 10.0; Win64; x64) AppleWebKit/537.36 (KHTML, like Gecko) Chrome/66.0.3359.170 Safari/537.36 OPR/53.0.2907.68"
16.112.38.126 - - [16/Apr/2026:12:15:53 +0000] "POST /wp-login.php HTTP/2" 200 1993 "https://999we.pk.millwin.org/wp-login.php" "Mozilla/5.0 (Windows NT 10.0; Win64; x64) AppleWebKit/537.36 (KHTML, like Gecko) Chrome/66.0.3359.170 Safari/537.36 OPR/53.0.2907.68"
157.119.228.26 - - [16/Apr/2026:12:16:54 +0000] "GET /wp-login.php HTTP/2" 200 1862 "-" "Mozilla/5.0 (Windows NT 10.0; WOW64; Trident/7.0; Touch; TNJB; rv:11.0) like Gecko"
185.244.36.210 - - [16/Apr/2026:12:16:55 +0000] "POST /wp-cron.php?doing_wp_cron=1776341815.0550630092620849609375 HTTP/1.1" 200 0 "-" "WordPress/6.9.4; https://999we.pk"
157.119.228.26 - - [16/Apr/2026:12:16:54 +0000] "POST /wp-login.php HTTP/2" 200 1993 "https://999we.pk.millwin.org/wp-login.php" "Mozilla/5.0 (Windows NT 10.0; WOW64; Trident/7.0; Touch; TNJB; rv:11.0) like Gecko"
3.112.57.105 - - [16/Apr/2026:12:19:46 +0000] "POST /wp-login.php HTTP/1.1" 200 6166 "-" "Mozilla/5.0"
185.244.36.210 - - [16/Apr/2026:12:22:27 +0000] "POST /wp-cron.php?doing_wp_cron=1776342147.0889461040496826171875 HTTP/1.1" 200 0 "-" "WordPress/6.9.4; https://999we.pk"
3.112.57.105 - - [16/Apr/2026:12:24:09 +0000] "POST /wp-login.php HTTP/1.1" 200 6166 "-" "Mozilla/5.0"
218.148.118.134 - - [16/Apr/2026:12:27:34 +0000] "GET /wp-login.php HTTP/2" 200 1862 "-" "Mozilla/5.0 (Windows NT 6.1; WOW64; Trident/7.0; MDDSJS; rv:11.0) like Gecko"
185.244.36.210 - - [16/Apr/2026:12:11:09 +0000] "POST /wp-cron.php?doing_wp_cron=1776341469.2227849960327148437500 HTTP/1.1" 200 0 "-" "WordPress/6.9.4; https://999we.pk"
3.112.57.105 - - [16/Apr/2026:12:15:27 +0000] "POST /wp-login.php HTTP/1.1" 200 6166 "-" "Mozilla/5.0"
185.244.36.210 - - [16/Apr/2026:12:19:47 +0000] "POST /wp-cron.php?doing_wp_cron=1776341987.6173529624938964843750 HTTP/1.1" 200 0 "-" "WordPress/6.9.4; https://999we.pk"
104.131.50.136 - - [16/Apr/2026:12:22:25 +0000] "GET /wp-login.php HTTP/2" 200 1862 "-" "Mozilla/4.0 (compatible; MSIE 7.0; Windows NT 6.1; Win64; x64; Trident/7.0; .NET CLR 2.0.50727; SLCC2; .NET CLR 3.5.30729; .NET CLR 3.0.30729; Media Center PC 6.0; .NET4.0C; .NET4.0E)"
104.131.50.136 - - [16/Apr/2026:12:22:26 +0000] "POST /wp-login.php HTTP/2" 200 1993 "https://999we.pk.millwin.org/wp-login.php" "Mozilla/4.0 (compatible; MSIE 7.0; Windows NT 6.1; Win64; x64; Trident/7.0; .NET CLR 2.0.50727; SLCC2; .NET CLR 3.5.30729; .NET CLR 3.0.30729; Media Center PC 6.0; .NET4.0C; .NET4.0E)"
84.247.20.188 - - [16/Apr/2026:12:23:26 +0000] "GET /wp-login.php HTTP/2" 200 1862 "-" "Mozilla/5.0 (Windows NT 6.1; WOW64; Trident/7.0; ATT-IE11; rv:11.0) like Gecko"
185.244.36.210 - - [16/Apr/2026:12:23:31 +0000] "POST /wp-cron.php?doing_wp_cron=1776342211.7196760177612304687500 HTTP/1.1" 200 0 "-" "WordPress/6.9.4; https://999we.pk"
84.247.20.188 - - [16/Apr/2026:12:23:30 +0000] "POST /wp-login.php HTTP/2" 200 1993 "https://999we.pk.millwin.org/wp-login.php" "Mozilla/5.0 (Windows NT 6.1; WOW64; Trident/7.0; ATT-IE11; rv:11.0) like Gecko"
185.244.36.210 - - [16/Apr/2026:12:24:10 +0000] "POST /wp-cron.php?doing_wp_cron=1776342250.5966730117797851562500 HTTP/1.1" 200 0 "-" "WordPress/6.9.4; https://999we.pk"
185.244.36.210 - - [16/Apr/2026:12:28:31 +0000] "POST /wp-cron.php?doing_wp_cron=1776342511.2373909950256347656250 HTTP/1.1" 200 0 "-" "WordPress/6.9.4; https://999we.pk"
3.112.57.105 - - [16/Apr/2026:12:28:30 +0000] "POST /wp-login.php HTTP/1.1" 200 6166 "-" "Mozilla/5.0"
195.201.0.121 - - [16/Apr/2026:12:31:17 +0000] "GET /wp-login.php HTTP/2" 200 1862 "-" "Mozilla/4.0 (compatible; MSIE 7.0; Windows NT 6.2; WOW64; Trident/7.0; .NET4.0C; .NET4.0E; .NET CLR 2.0.50727; .NET CLR 3.0.30729; .NET CLR 3.5.30729; LCTE)"
185.244.36.210 - - [16/Apr/2026:12:31:20 +0000] "POST /wp-cron.php?doing_wp_cron=1776342680.3358469009399414062500 HTTP/1.1" 200 0 "-" "WordPress/6.9.4; https://999we.pk"
195.201.0.121 - - [16/Apr/2026:12:31:18 +0000] "POST /wp-login.php HTTP/2" 200 1993 "https://999we.pk/wp-login.php" "Mozilla/4.0 (compatible; MSIE 7.0; Windows NT 6.2; WOW64; Trident/7.0; .NET4.0C; .NET4.0E; .NET CLR 2.0.50727; .NET CLR 3.0.30729; .NET CLR 3.5.30729; LCTE)"
185.244.36.210 - - [16/Apr/2026:12:41:15 +0000] "POST /wp-cron.php?doing_wp_cron=1776343275.2654139995574951171875 HTTP/1.1" 200 0 "-" "WordPress/6.9.4; https://999we.pk"
85.215.210.114 - - [16/Apr/2026:12:42:42 +0000] "GET /wp-login.php HTTP/2" 200 1862 "-" "Mozilla/5.0 (Windows NT 6.3; WOW64; Trident/7.0; Touch; MAGWJS; rv:11.0) like Gecko"
185.244.36.210 - - [16/Apr/2026:12:42:43 +0000] "POST /wp-cron.php?doing_wp_cron=1776343363.2822089195251464843750 HTTP/1.1" 200 0 "-" "WordPress/6.9.4; https://999we.pk"
85.215.210.114 - - [16/Apr/2026:12:42:42 +0000] "POST /wp-login.php HTTP/2" 200 1993 "https://999we.pk.millwin.org/wp-login.php" "Mozilla/5.0 (Windows NT 6.3; WOW64; Trident/7.0; Touch; MAGWJS; rv:11.0) like Gecko"
162.241.61.125 - - [16/Apr/2026:12:44:43 +0000] "GET /wp-login.php HTTP/2" 200 1862 "-" "Mozilla/4.0 (compatible; MSIE 7.0; Windows NT 6.1; Trident/7.0; SLCC2; .NET CLR 2.0.50727; .NET CLR 3.5.30729; .NET CLR 3.0.30729; Media Center PC 6.0; .NET4.0C; .NET4.0E; Tablet PC 2.0)"
162.241.61.125 - - [16/Apr/2026:12:44:43 +0000] "POST /wp-login.php HTTP/2" 200 1993 "https://999we.pk/wp-login.php" "Mozilla/4.0 (compatible; MSIE 7.0; Windows NT 6.1; Trident/7.0; SLCC2; .NET CLR 2.0.50727; .NET CLR 3.5.30729; .NET CLR 3.0.30729; Media Center PC 6.0; .NET4.0C; .NET4.0E; Tablet PC 2.0)"
185.244.36.210 - - [16/Apr/2026:12:27:36 +0000] "POST /wp-cron.php?doing_wp_cron=1776342456.8644289970397949218750 HTTP/1.1" 200 0 "-" "WordPress/6.9.4; https://999we.pk"
218.148.118.134 - - [16/Apr/2026:12:27:36 +0000] "POST /wp-login.php HTTP/2" 200 1993 "https://999we.pk/wp-login.php" "Mozilla/5.0 (Windows NT 6.1; WOW64; Trident/7.0; MDDSJS; rv:11.0) like Gecko"
213.160.71.86 - - [16/Apr/2026:12:41:12 +0000] "GET /wp-login.php HTTP/2" 200 1862 "-" "Mozilla/5.0 (compatible; MSIE 9.0; Windows NT 6.2; Win64; x64; Trident/7.0)"
213.160.71.86 - - [16/Apr/2026:12:41:14 +0000] "POST /wp-login.php HTTP/2" 200 1993 "https://999we.pk/wp-login.php" "Mozilla/5.0 (compatible; MSIE 9.0; Windows NT 6.2; Win64; x64; Trident/7.0)"
185.244.36.210 - - [16/Apr/2026:12:44:44 +0000] "POST /wp-cron.php?doing_wp_cron=1776343484.5761899948120117187500 HTTP/1.1" 200 0 "-" "WordPress/6.9.4; https://999we.pk"
49.13.216.194 - - [16/Apr/2026:12:47:40 +0000] "GET /wp-login.php HTTP/2" 200 1862 "-" "Mozilla/4.0 (compatible; MSIE 7.0; Windows NT 6.3; WOW64; Trident/7.0; .NET4.0E; .NET4.0C; .NET CLR 3.5.30729; .NET CLR 2.0.50727; .NET CLR 3.0.30729; InfoPath.3)"
49.13.216.194 - - [16/Apr/2026:12:47:40 +0000] "POST /wp-login.php HTTP/2" 200 1993 "https://999we.pk/wp-login.php" "Mozilla/4.0 (compatible; MSIE 7.0; Windows NT 6.3; WOW64; Trident/7.0; .NET4.0E; .NET4.0C; .NET CLR 3.5.30729; .NET CLR 2.0.50727; .NET CLR 3.0.30729; InfoPath.3)"
64.23.135.163 - - [16/Apr/2026:12:49:26 +0000] "GET /wp-login.php HTTP/2" 200 1862 "-" "Mozilla/4.0 (compatible; MSIE 7.0; Windows NT 6.1; WOW64; Trident/7.0; SLCC2; .NET CLR 2.0.50727; .NET CLR 3.5.30729; .NET CLR 3.0.30729; Media Center PC 6.0; .NET4.0C; .NET4.0E; InfoPath.3; GWX:MANAGED)"
64.23.135.163 - - [16/Apr/2026:12:49:26 +0000] "POST /wp-login.php HTTP/2" 200 1993 "https://999we.pk.millwin.org/wp-login.php" "Mozilla/4.0 (compatible; MSIE 7.0; Windows NT 6.1; WOW64; Trident/7.0; SLCC2; .NET CLR 2.0.50727; .NET CLR 3.5.30729; .NET CLR 3.0.30729; Media Center PC 6.0; .NET4.0C; .NET4.0E; InfoPath.3; GWX:MANAGED)"
185.244.36.210 - - [16/Apr/2026:12:51:32 +0000] "POST /wp-cron.php?doing_wp_cron=1776343892.5007491111755371093750 HTTP/1.1" 200 0 "-" "WordPress/6.9.4; https://999we.pk"
35.194.217.2 - - [16/Apr/2026:13:06:56 +0000] "GET /wp-login.php HTTP/2" 200 1862 "-" "Mozilla/5.0 (Windows NT 6.1; WOW64; Trident/7.0; NP08; rv:11.0) like Gecko"
35.194.217.2 - - [16/Apr/2026:13:06:56 +0000] "POST /wp-login.php HTTP/2" 200 1993 "https://999we.pk/wp-login.php" "Mozilla/5.0 (Windows NT 6.1; WOW64; Trident/7.0; NP08; rv:11.0) like Gecko"
185.244.36.210 - - [16/Apr/2026:13:14:28 +0000] "POST /wp-cron.php?doing_wp_cron=1776345268.8241190910339355468750 HTTP/1.1" 200 0 "-" "WordPress/6.9.4; https://999we.pk"
217.13.104.156 - - [16/Apr/2026:13:19:12 +0000] "GET /wp-login.php HTTP/2" 200 1862 "-" "Mozilla/4.0 (compatible; MSIE 7.0; Windows NT 6.2; WOW64; Trident/7.0; .NET4.0E; .NET4.0C; .NET CLR 3.5.30729; .NET CLR 2.0.50727; .NET CLR 3.0.30729; InfoPath.3; MANMJS)"
217.13.104.156 - - [16/Apr/2026:13:19:12 +0000] "POST /wp-login.php HTTP/2" 200 1993 "https://999we.pk/wp-login.php" "Mozilla/4.0 (compatible; MSIE 7.0; Windows NT 6.2; WOW64; Trident/7.0; .NET4.0E; .NET4.0C; .NET CLR 3.5.30729; .NET CLR 2.0.50727; .NET CLR 3.0.30729; InfoPath.3; MANMJS)"
67.222.38.94 - - [16/Apr/2026:13:20:44 +0000] "GET /wp-login.php HTTP/2" 200 1862 "-" "Mozilla/5.0 (Macintosh; Intel Mac OS X 10_12_6) AppleWebKit/605.1.15 (KHTML, like Gecko) Version/11.1 Safari/605.1.15"
67.222.38.94 - - [16/Apr/2026:13:20:45 +0000] "POST /wp-login.php HTTP/2" 200 1993 "https://999we.pk.millwin.org/wp-login.php" "Mozilla/5.0 (Macintosh; Intel Mac OS X 10_12_6) AppleWebKit/605.1.15 (KHTML, like Gecko) Version/11.1 Safari/605.1.15"
146.59.53.69 - - [16/Apr/2026:13:24:27 +0000] "GET /wp-login.php HTTP/2" 200 1862 "-" "Mozilla/5.0 (Windows NT 10.0; WOW64) AppleWebKit/537.36 (KHTML, like Gecko) Chrome/63.0.3239.132 Safari/537.36 OPR/50.0.2762.67"
185.244.36.210 - - [16/Apr/2026:12:47:41 +0000] "POST /wp-cron.php?doing_wp_cron=1776343661.6369669437408447265625 HTTP/1.1" 200 0 "-" "WordPress/6.9.4; https://999we.pk"
185.244.36.210 - - [16/Apr/2026:12:49:27 +0000] "POST /wp-cron.php?doing_wp_cron=1776343767.3341190814971923828125 HTTP/1.1" 200 0 "-" "WordPress/6.9.4; https://999we.pk"
62.77.224.107 - - [16/Apr/2026:12:51:30 +0000] "GET /wp-login.php HTTP/2" 200 1862 "-" "Mozilla/5.0 (Windows NT 6.3) AppleWebKit/537.36 (KHTML, like Gecko) Chrome/66.0.3359.139 Safari/537.36"
62.77.224.107 - - [16/Apr/2026:12:51:30 +0000] "POST /wp-login.php HTTP/2" 200 1993 "https://999we.pk/wp-login.php" "Mozilla/5.0 (Windows NT 6.3) AppleWebKit/537.36 (KHTML, like Gecko) Chrome/66.0.3359.139 Safari/537.36"
139.84.172.227 - - [16/Apr/2026:12:54:07 +0000] "GET /wp-login.php HTTP/2" 200 1862 "-" "Mozilla/4.0 (compatible; MSIE 7.0; Windows NT 6.1; WOW64; Trident/7.0; SLCC2; .NET CLR 2.0.50727; .NET CLR 3.5.30729; .NET CLR 3.0.30729; Media Center PC 6.0; MASA; .NET4.0C; .NET4.0E; AskTbFWV5/5.15.29.67612)"
185.244.36.210 - - [16/Apr/2026:12:54:08 +0000] "POST /wp-cron.php?doing_wp_cron=1776344048.2113358974456787109375 HTTP/1.1" 200 0 "-" "WordPress/6.9.4; https://999we.pk"
139.84.172.227 - - [16/Apr/2026:12:54:07 +0000] "POST /wp-login.php HTTP/2" 200 1993 "https://999we.pk/wp-login.php" "Mozilla/4.0 (compatible; MSIE 7.0; Windows NT 6.1; WOW64; Trident/7.0; SLCC2; .NET CLR 2.0.50727; .NET CLR 3.5.30729; .NET CLR 3.0.30729; Media Center PC 6.0; MASA; .NET4.0C; .NET4.0E; AskTbFWV5/5.15.29.67612)"
65.21.51.28 - - [16/Apr/2026:12:55:37 +0000] "GET /wp-login.php HTTP/2" 200 1862 "-" "Mozilla/5.0 (Windows NT 6.1; WOW64; Trident/7.0; MATP; rv:11.0) like Gecko"
185.244.36.210 - - [16/Apr/2026:12:55:38 +0000] "POST /wp-cron.php?doing_wp_cron=1776344138.5738079547882080078125 HTTP/1.1" 200 0 "-" "WordPress/6.9.4; https://999we.pk"
65.21.51.28 - - [16/Apr/2026:12:55:37 +0000] "POST /wp-login.php HTTP/2" 200 1993 "https://999we.pk.millwin.org/wp-login.php" "Mozilla/5.0 (Windows NT 6.1; WOW64; Trident/7.0; MATP; rv:11.0) like Gecko"
185.244.36.210 - - [16/Apr/2026:13:06:57 +0000] "POST /wp-cron.php?doing_wp_cron=1776344817.1565740108489990234375 HTTP/1.1" 200 0 "-" "WordPress/6.9.4; https://999we.pk"
45.159.228.113 - - [16/Apr/2026:13:08:17 +0000] "GET /wp-login.php HTTP/2" 200 1862 "-" "Mozilla/5.0 (Macintosh; Intel Mac OS X 10_11_6) AppleWebKit/602.1.50 (KHTML, like Gecko) Version/10.0 Safari/602.1.50"
185.244.36.210 - - [16/Apr/2026:13:08:17 +0000] "POST /wp-cron.php?doing_wp_cron=1776344897.9078359603881835937500 HTTP/1.1" 200 0 "-" "WordPress/6.9.4; https://999we.pk"
45.159.228.113 - - [16/Apr/2026:13:08:17 +0000] "POST /wp-login.php HTTP/2" 200 1993 "https://999we.pk.millwin.org/wp-login.php" "Mozilla/5.0 (Macintosh; Intel Mac OS X 10_11_6) AppleWebKit/602.1.50 (KHTML, like Gecko) Version/10.0 Safari/602.1.50"
195.201.0.121 - - [16/Apr/2026:13:14:28 +0000] "GET /wp-login.php HTTP/2" 200 1862 "-" "Mozilla/5.0 (Macintosh; Intel Mac OS X 10_12_6) AppleWebKit/604.1.38 (KHTML, like Gecko) Version/11.0 Safari/604.1.38"
195.201.0.121 - - [16/Apr/2026:13:14:28 +0000] "POST /wp-login.php HTTP/2" 200 1993 "https://999we.pk.millwin.org/wp-login.php" "Mozilla/5.0 (Macintosh; Intel Mac OS X 10_12_6) AppleWebKit/604.1.38 (KHTML, like Gecko) Version/11.0 Safari/604.1.38"
185.244.36.210 - - [16/Apr/2026:13:19:13 +0000] "POST /wp-cron.php?doing_wp_cron=1776345553.0269649028778076171875 HTTP/1.1" 200 0 "-" "WordPress/6.9.4; https://999we.pk"
185.244.36.210 - - [16/Apr/2026:13:20:46 +0000] "POST /wp-cron.php?doing_wp_cron=1776345646.2104570865631103515625 HTTP/1.1" 200 0 "-" "WordPress/6.9.4; https://999we.pk"
185.244.36.210 - - [16/Apr/2026:13:24:27 +0000] "POST /wp-cron.php?doing_wp_cron=1776345867.8506979942321777343750 HTTP/1.1" 200 0 "-" "WordPress/6.9.4; https://999we.pk"
185.244.36.210 - - [16/Apr/2026:13:26:03 +0000] "POST /wp-cron.php?doing_wp_cron=1776345963.8828670978546142578125 HTTP/1.1" 200 0 "-" "WordPress/6.9.4; https://999we.pk"
146.59.53.69 - - [16/Apr/2026:13:24:27 +0000] "POST /wp-login.php HTTP/2" 200 1993 "https://999we.pk.millwin.org/wp-login.php" "Mozilla/5.0 (Windows NT 10.0; WOW64) AppleWebKit/537.36 (KHTML, like Gecko) Chrome/63.0.3239.132 Safari/537.36 OPR/50.0.2762.67"
195.201.0.121 - - [16/Apr/2026:13:26:02 +0000] "GET /wp-login.php HTTP/2" 200 1862 "-" "Mozilla/5.0 (Windows NT 6.1; WOW64; Trident/7.0; EIE10;ENGBWOL; rv:11.0) like Gecko"
195.201.0.121 - - [16/Apr/2026:13:26:02 +0000] "POST /wp-login.php HTTP/2" 200 1993 "https://999we.pk/wp-login.php" "Mozilla/5.0 (Windows NT 6.1; WOW64; Trident/7.0; EIE10;ENGBWOL; rv:11.0) like Gecko"
66.102.135.126 - - [16/Apr/2026:13:27:09 +0000] "GET /wp-login.php HTTP/2" 200 1862 "-" "Mozilla/5.0 (X11; Linux x86_64) AppleWebKit/537.36 (KHTML, like Gecko) Chrome/67.0.3396.62 Safari/537.36"
66.102.135.126 - - [16/Apr/2026:13:27:09 +0000] "POST /wp-login.php HTTP/2" 200 1993 "https://999we.pk.millwin.org/wp-login.php" "Mozilla/5.0 (X11; Linux x86_64) AppleWebKit/537.36 (KHTML, like Gecko) Chrome/67.0.3396.62 Safari/537.36"
51.178.149.170 - - [16/Apr/2026:13:32:13 +0000] "GET /wp-login.php HTTP/2" 200 1862 "-" "Mozilla/5.0 (Windows NT 6.3; WOW64; Trident/7.0; MANMJS; rv:11.0) like Gecko"
185.244.36.210 - - [16/Apr/2026:13:32:14 +0000] "POST /wp-cron.php?doing_wp_cron=1776346334.2014729976654052734375 HTTP/1.1" 200 0 "-" "WordPress/6.9.4; https://999we.pk"
51.178.149.170 - - [16/Apr/2026:13:32:13 +0000] "POST /wp-login.php HTTP/2" 200 1993 "https://999we.pk/wp-login.php" "Mozilla/5.0 (Windows NT 6.3; WOW64; Trident/7.0; MANMJS; rv:11.0) like Gecko"
185.244.36.210 - - [16/Apr/2026:13:39:32 +0000] "POST /wp-cron.php?doing_wp_cron=1776346772.3526639938354492187500 HTTP/1.1" 200 0 "-" "WordPress/6.9.4; https://999we.pk"
89.46.88.42 - - [16/Apr/2026:13:39:38 +0000] "GET /wp-login.php HTTP/2" 200 1862 "-" "Mozilla/4.0 (compatible; MSIE 7.0; Windows NT 6.2; WOW64; Trident/7.0; .NET4.0C; .NET4.0E; .NET CLR 2.0.50727; .NET CLR 3.0.30729; .NET CLR 3.5.30729)"
89.46.88.42 - - [16/Apr/2026:13:39:40 +0000] "POST /wp-login.php HTTP/2" 200 1993 "https://999we.pk.millwin.org/wp-login.php" "Mozilla/4.0 (compatible; MSIE 7.0; Windows NT 6.2; WOW64; Trident/7.0; .NET4.0C; .NET4.0E; .NET CLR 2.0.50727; .NET CLR 3.0.30729; .NET CLR 3.5.30729)"
159.223.98.4 - - [16/Apr/2026:13:48:59 +0000] "GET / HTTP/1.1" 301 0 "-" "Mozilla/5.0 (X11; Linux x86_64) AppleWebKit/537.36 (KHTML, like Gecko) Chrome/142.0.0.0 Safari/537.36"
159.223.98.4 - - [16/Apr/2026:13:49:02 +0000] "GET /favicon.ico HTTP/1.1" 404 796 "https://mail.999we.pk/" "Mozilla/5.0 (X11; Linux x86_64) AppleWebKit/537.36 (KHTML, like Gecko) Chrome/142.0.0.0 Safari/537.36"
103.143.207.18 - - [16/Apr/2026:13:52:24 +0000] "GET /wp-login.php HTTP/2" 200 1862 "-" "Mozilla/5.0 (Windows NT 6.3; WOW64; Trident/7.0; MAMIJS; rv:11.0) like Gecko"
103.143.207.18 - - [16/Apr/2026:13:52:28 +0000] "POST /wp-login.php HTTP/2" 200 1993 "https://999we.pk.millwin.org/wp-login.php" "Mozilla/5.0 (Windows NT 6.3; WOW64; Trident/7.0; MAMIJS; rv:11.0) like Gecko"
130.12.180.144 - - [16/Apr/2026:13:53:25 +0000] "GET /.git/config HTTP/1.1" 403 787 "-" "Mozilla/5.0 (Windows NT 10.0; Win64; x64) AppleWebKit/537.36"
185.244.36.210 - - [16/Apr/2026:13:54:06 +0000] "POST /wp-cron.php?doing_wp_cron=1776347646.9574201107025146484375 HTTP/1.1" 200 0 "-" "WordPress/6.9.4; https://999we.pk"
165.22.116.110 - - [16/Apr/2026:13:57:49 +0000] "GET /wp-login.php HTTP/2" 200 1862 "-" "Mozilla/4.0 (compatible; MSIE 7.0; Windows NT 6.2; WOW64; Trident/7.0; .NET4.0C; .NET4.0E; .NET CLR 2.0.50727; .NET CLR 3.0.30729; .NET CLR 3.5.30729)"
185.244.36.210 - - [16/Apr/2026:13:57:52 +0000] "POST /wp-cron.php?doing_wp_cron=1776347872.0194380283355712890625 HTTP/1.1" 200 0 "-" "WordPress/6.9.4; https://999we.pk"
165.22.116.110 - - [16/Apr/2026:13:57:51 +0000] "POST /wp-login.php HTTP/2" 200 1993 "https://999we.pk/wp-login.php" "Mozilla/4.0 (compatible; MSIE 7.0; Windows NT 6.2; WOW64; Trident/7.0; .NET4.0C; .NET4.0E; .NET CLR 2.0.50727; .NET CLR 3.0.30729; .NET CLR 3.5.30729)"
82.165.124.144 - - [16/Apr/2026:13:26:22 +0000] "GET /wp-login.php HTTP/2" 200 1862 "-" "Mozilla/5.0 (Windows NT 10.0; WOW64; Trident/7.0; Touch; MAARJS; rv:11.0) like Gecko"
82.165.124.144 - - [16/Apr/2026:13:26:22 +0000] "POST /wp-login.php HTTP/2" 200 1993 "https://999we.pk/wp-login.php" "Mozilla/5.0 (Windows NT 10.0; WOW64; Trident/7.0; Touch; MAARJS; rv:11.0) like Gecko"
185.244.36.210 - - [16/Apr/2026:13:27:11 +0000] "POST /wp-cron.php?doing_wp_cron=1776346031.4960999488830566406250 HTTP/1.1" 200 0 "-" "WordPress/6.9.4; https://999we.pk"
65.2.7.160 - - [16/Apr/2026:13:34:32 +0000] "GET /wp-login.php HTTP/2" 200 1862 "-" "Mozilla/5.0 (Macintosh; Intel Mac OS X 10_13_4) AppleWebKit/537.36 (KHTML, like Gecko) Chrome/66.0.3359.181 Safari/537.36"
185.244.36.210 - - [16/Apr/2026:13:34:35 +0000] "POST /wp-cron.php?doing_wp_cron=1776346475.1272799968719482421875 HTTP/1.1" 200 0 "-" "WordPress/6.9.4; https://999we.pk"
65.2.7.160 - - [16/Apr/2026:13:34:34 +0000] "POST /wp-login.php HTTP/2" 200 1993 "https://999we.pk.millwin.org/wp-login.php" "Mozilla/5.0 (Macintosh; Intel Mac OS X 10_13_4) AppleWebKit/537.36 (KHTML, like Gecko) Chrome/66.0.3359.181 Safari/537.36"
185.66.91.225 - - [16/Apr/2026:13:39:30 +0000] "GET /wp-login.php HTTP/2" 200 1862 "-" "Mozilla/5.0 (Windows NT 6.1; WOW64; Trident/7.0; NISSC; rv:11.0) like Gecko"
185.66.91.225 - - [16/Apr/2026:13:39:31 +0000] "POST /wp-login.php HTTP/2" 200 1993 "https://999we.pk.millwin.org/wp-login.php" "Mozilla/5.0 (Windows NT 6.1; WOW64; Trident/7.0; NISSC; rv:11.0) like Gecko"
66.175.239.195 - - [16/Apr/2026:13:46:03 +0000] "GET /wp-login.php HTTP/2" 200 1862 "-" "Mozilla/5.0 (Windows NT 6.3; WOW64; Trident/7.0; MATMJS; rv:11.0) like Gecko"
185.244.36.210 - - [16/Apr/2026:13:46:04 +0000] "POST /wp-cron.php?doing_wp_cron=1776347164.9531500339508056640625 HTTP/1.1" 200 0 "-" "WordPress/6.9.4; https://999we.pk"
66.175.239.195 - - [16/Apr/2026:13:46:04 +0000] "POST /wp-login.php HTTP/2" 200 1993 "https://999we.pk.millwin.org/wp-login.php" "Mozilla/5.0 (Windows NT 6.3; WOW64; Trident/7.0; MATMJS; rv:11.0) like Gecko"
185.244.36.210 - - [16/Apr/2026:13:52:29 +0000] "POST /wp-cron.php?doing_wp_cron=1776347549.7829539775848388671875 HTTP/1.1" 200 0 "-" "WordPress/6.9.4; https://999we.pk"
130.12.180.144 - - [16/Apr/2026:13:53:25 +0000] "GET /.git/HEAD HTTP/1.1" 403 787 "-" "Mozilla/5.0 (Windows NT 10.0; Win64; x64) AppleWebKit/537.36"
204.168.135.178 - - [16/Apr/2026:13:54:05 +0000] "GET /wp-login.php HTTP/2" 200 1862 "-" "Mozilla/4.0 (compatible; MSIE 7.0; Windows NT 6.1; Trident/7.0; SLCC2; .NET CLR 2.0.50727; .NET CLR 3.5.30729; .NET CLR 3.0.30729; Media Center PC 6.0; Tablet PC 2.0; .NET4.0C; .NET4.0E; EIE10;ENUSWOL)"
204.168.135.178 - - [16/Apr/2026:13:54:06 +0000] "POST /wp-login.php HTTP/2" 200 1993 "https://999we.pk/wp-login.php" "Mozilla/4.0 (compatible; MSIE 7.0; Windows NT 6.1; Trident/7.0; SLCC2; .NET CLR 2.0.50727; .NET CLR 3.5.30729; .NET CLR 3.0.30729; Media Center PC 6.0; Tablet PC 2.0; .NET4.0C; .NET4.0E; EIE10;ENUSWOL)"
141.95.54.206 - - [16/Apr/2026:13:58:58 +0000] "GET /wp-login.php HTTP/2" 200 1862 "-" "Mozilla/5.0 (Macintosh; Intel Mac OS X 10_12_6) AppleWebKit/537.36 (KHTML, like Gecko) Chrome/65.0.3325.181 Safari/537.36"
185.244.36.210 - - [16/Apr/2026:13:58:59 +0000] "POST /wp-cron.php?doing_wp_cron=1776347939.6135931015014648437500 HTTP/1.1" 200 0 "-" "WordPress/6.9.4; https://999we.pk"
141.95.54.206 - - [16/Apr/2026:13:58:58 +0000] "POST /wp-login.php HTTP/2" 200 1993 "https://999we.pk.millwin.org/wp-login.php" "Mozilla/5.0 (Macintosh; Intel Mac OS X 10_12_6) AppleWebKit/537.36 (KHTML, like Gecko) Chrome/65.0.3325.181 Safari/537.36"
66.102.135.126 - - [16/Apr/2026:14:05:13 +0000] "GET /wp-login.php HTTP/2" 200 1862 "-" "Mozilla/5.0 (Windows NT 6.3; Win64; x64) AppleWebKit/537.36 (KHTML, like Gecko) Chrome/67.0.3396.79 Safari/537.36"
185.244.36.210 - - [16/Apr/2026:14:05:14 +0000] "POST /wp-cron.php?doing_wp_cron=1776348314.3569550514221191406250 HTTP/1.1" 200 0 "-" "WordPress/6.9.4; https://999we.pk"
35.194.217.2 - - [16/Apr/2026:13:59:09 +0000] "GET /wp-login.php HTTP/2" 200 1862 "-" "Mozilla/5.0 (Windows NT 6.3; WOW64; Trident/7.0; Touch; rv:11.0) like Gecko"
185.244.36.210 - - [16/Apr/2026:13:59:10 +0000] "POST /wp-cron.php?doing_wp_cron=1776347950.6454019546508789062500 HTTP/1.1" 200 0 "-" "WordPress/6.9.4; https://999we.pk"
35.194.217.2 - - [16/Apr/2026:13:59:10 +0000] "POST /wp-login.php HTTP/2" 200 1993 "https://999we.pk.millwin.org/wp-login.php" "Mozilla/5.0 (Windows NT 6.3; WOW64; Trident/7.0; Touch; rv:11.0) like Gecko"
167.71.226.156 - - [16/Apr/2026:14:04:16 +0000] "GET /wp-login.php HTTP/2" 200 1862 "-" "Mozilla/5.0 (Windows NT 10.0; WOW64) AppleWebKit/537.36 (KHTML, like Gecko) Chrome/66.0.3359.170 Safari/537.36"
185.244.36.210 - - [16/Apr/2026:14:04:17 +0000] "POST /wp-cron.php?doing_wp_cron=1776348257.8431510925292968750000 HTTP/1.1" 200 0 "-" "WordPress/6.9.4; https://999we.pk"
167.71.226.156 - - [16/Apr/2026:14:04:16 +0000] "POST /wp-login.php HTTP/2" 200 1993 "https://999we.pk/wp-login.php" "Mozilla/5.0 (Windows NT 10.0; WOW64) AppleWebKit/537.36 (KHTML, like Gecko) Chrome/66.0.3359.170 Safari/537.36"
66.102.135.126 - - [16/Apr/2026:14:05:13 +0000] "POST /wp-login.php HTTP/2" 200 1993 "https://999we.pk.millwin.org/wp-login.php" "Mozilla/5.0 (Windows NT 6.3; Win64; x64) AppleWebKit/537.36 (KHTML, like Gecko) Chrome/67.0.3396.79 Safari/537.36"
104.210.140.138 - - [16/Apr/2026:14:35:35 +0000] "GET /robots.txt HTTP/2" 200 92 "-" "Mozilla/5.0 (Macintosh; Intel Mac OS X 10_15_7) AppleWebKit/537.36 (KHTML, like Gecko) Chrome/131.0.0.0 Safari/537.36; compatible; OAI-SearchBot/1.0; +https://openai.com/searchbot"
185.244.36.210 - - [16/Apr/2026:14:44:51 +0000] "POST /wp-cron.php?doing_wp_cron=1776350691.4007411003112792968750 HTTP/1.1" 200 0 "-" "WordPress/6.9.4; https://999we.pk"
62.60.131.232 - - [16/Apr/2026:15:56:58 +0000] "GET / HTTP/2" 200 16939 "-" "Mozilla/5.0 (Macintosh; Intel Mac OS X 10.15; rv:109.0) Gecko/20100101 Firefox/119.0"
62.60.131.232 - - [16/Apr/2026:15:56:58 +0000] "GET /wp-json/oembed/1.0/embed?url=https%3A%2F%2F999we.pk.millwin.org&format=json HTTP/2" 404 70 "-" "Mozilla/5.0 (Windows NT 10.0; Win64; x64; rv:109.0) Gecko/20100101 Firefox/119.0"
62.60.131.232 - - [16/Apr/2026:15:56:58 +0000] "GET /comments/feed/ HTTP/2" 200 374 "-" "Mozilla/5.0 (Windows NT 10.0; Win64; x64) AppleWebKit/537.36 (KHTML, like Gecko) Chrome/120.0.0.0 Safari/537.36"
62.60.131.232 - - [16/Apr/2026:15:56:58 +0000] "GET /?author=1 HTTP/2" 200 17473 "-" "Mozilla/5.0 (Macintosh; Intel Mac OS X 10_15_7) AppleWebKit/537.36 (KHTML, like Gecko) Chrome/120.0.0.0 Safari/537.36"
62.60.131.232 - - [16/Apr/2026:15:56:58 +0000] "GET /?rest_route=/wp/v2/users&_fields=slug&per_page=100&page=1 HTTP/2" 200 22 "-" "Mozilla/5.0 (X11; Linux x86_64) AppleWebKit/537.36 (KHTML, like Gecko) Chrome/120.0.0.0 Safari/537.36"
62.60.131.232 - - [16/Apr/2026:15:56:58 +0000] "GET /wp-json/wp/v2/users?per_page=100&%70%65%72%5f%70%61%67%65=100 HTTP/2" 200 301 "-" "Mozilla/5.0 (Macintosh; Intel Mac OS X 10.15; rv:109.0) Gecko/20100101 Firefox/119.0"
62.60.131.232 - - [16/Apr/2026:15:57:03 +0000] "GET /wp-json/oembed/1.0/embed?url=https%3A%2F%2F999we.pk.millwin.org&format=json HTTP/2" 404 70 "-" "Mozilla/5.0 (Macintosh; Intel Mac OS X 10_15_7) AppleWebKit/537.36 (KHTML, like Gecko) Chrome/120.0.0.0 Safari/537.36"
